{"id":8,"date":"2021-11-23T09:11:53","date_gmt":"2021-11-23T08:11:53","guid":{"rendered":"https:\/\/wpd.ugr.es\/~able\/wordpress\/?page_id=8"},"modified":"2025-11-11T07:31:08","modified_gmt":"2025-11-11T06:31:08","slug":"publicaciones","status":"publish","type":"page","link":"https:\/\/wpd.ugr.es\/~able\/wordpress\/publicaciones\/","title":{"rendered":"Publicaciones"},"content":{"rendered":"\t\t<div data-elementor-type=\"wp-page\" data-elementor-id=\"8\" class=\"elementor elementor-8\" data-elementor-settings=\"[]\">\n\t\t\t\t\t\t\t<div class=\"elementor-section-wrap\">\n\t\t\t\t\t\t\t<section class=\"elementor-section elementor-top-section elementor-element elementor-element-4f949e8 elementor-section-full_width elementor-section-stretched elementor-section-height-default elementor-section-height-default qodef-elementor-content-no\" data-id=\"4f949e8\" data-element_type=\"section\" data-settings=\"{&quot;stretch_section&quot;:&quot;section-stretched&quot;,&quot;background_background&quot;:&quot;classic&quot;}\">\n\t\t\t\t\t\t<div class=\"elementor-container elementor-column-gap-default\">\n\t\t\t\t\t<div class=\"elementor-column elementor-col-50 elementor-top-column elementor-element elementor-element-3a21c17\" data-id=\"3a21c17\" data-element_type=\"column\">\n\t\t\t<div class=\"elementor-widget-wrap elementor-element-populated\">\n\t\t\t\t\t\t\t\t<div class=\"elementor-element elementor-element-8fec489 elementor-widget elementor-widget-text-editor\" data-id=\"8fec489\" data-element_type=\"widget\" data-widget_type=\"text-editor.default\">\n\t\t\t\t<div class=\"elementor-widget-container\">\n\t\t\t\t\t\t\t<h2>Publicaciones<\/h2>\t\t\t\t\t\t<\/div>\n\t\t\t\t<\/div>\n\t\t\t\t<div class=\"elementor-element elementor-element-dd3bada elementor-widget elementor-widget-text-editor\" data-id=\"dd3bada\" data-element_type=\"widget\" data-widget_type=\"text-editor.default\">\n\t\t\t\t<div class=\"elementor-widget-container\">\n\t\t\t\t\t\t\t<p>ART\u00cdCULOS DERIVADOS DEL PROYECTO<\/p><p>Christabelle Sethna, Gayle Davis and Agata Ignaciuk, <a href=\"https:\/\/muse.jhu.edu\/pub\/424\/article\/952496\" target=\"_blank\" rel=\"noopener\">\u00abConflict and Compromise: Abortion Law Reform in Britain, Canada, and Spain, 1960s\u20131980s\u00bb<\/a>, <em>Health and History <\/em>26 no. 2 (2024): 30-50<em>. <\/em>Art\u00edculo divulgativo derivado de la publicaci\u00f3n: Sergio Castro Contreras y Agata Ignaciuk \u00abEspa\u00f1a y la descriminalizaci\u00f3n del aborto durante siglo XX.\u00bb <a href=\"https:\/\/uchass.ugr.es\/news\/descriminacion-del-aborto-en-espana-de-los-anos-80\/\" target=\"_blank\" rel=\"noopener\">\ud83e\udc62 Enlace<\/a><\/p><p>Agata Ignaciuk, \u00abReproductive Healthcare in Transition: Women Doctors and Abortion Services in Spain (1980s\u20131990s)\u00bb, <em>Social History of Medicine<\/em> Online First (2025): 1\u201322. <a href=\"https:\/\/academic.oup.com\/shm\/advance-article\/doi\/10.1093\/shm\/hkaf066\/8305307\" target=\"_blank\" rel=\"noopener\">\ud83e\udc62 Enlace<\/a><\/p><p>Mar\u00eda Mundi-L\u00f3pez and Agata Ignaciuk. \u00abDifferent Aspirations: Medicine, Activism and Uterine Vacuum Aspiration Technology in Spain (1960s\u20131980s)\u00bb, <em>Medical History<\/em> Online First (2025): 1\u201321. <a href=\"https:\/\/resolve.cambridge.org\/core\/journals\/medical-history\/article\/different-aspirations-medicine-activism-and-uterine-vacuum-aspiration-technology-in-spain-1960s1980s\/312721091CBD8A66EBDA3D7FD93AC208\" target=\"_blank\" rel=\"noopener\">\ud83e\udc62 Enlace<\/a><\/p>\t\t\t\t\t\t<\/div>\n\t\t\t\t<\/div>\n\t\t\t\t\t<\/div>\n\t\t<\/div>\n\t\t\t\t<div class=\"elementor-column elementor-col-50 elementor-top-column elementor-element elementor-element-fd86c71\" data-id=\"fd86c71\" data-element_type=\"column\">\n\t\t\t<div class=\"elementor-widget-wrap elementor-element-populated\">\n\t\t\t\t\t\t\t\t<div class=\"elementor-element elementor-element-9d0524d elementor-widget elementor-widget-text-editor\" data-id=\"9d0524d\" data-element_type=\"widget\" data-widget_type=\"text-editor.default\">\n\t\t\t\t<div class=\"elementor-widget-container\">\n\t\t\t\t\t\t\t<p>PUBLICACIONES DEL EQUIPO RELACIONADAS CON LA TEM\u00c1TICA DEL PROYECTO<\/p><p>Agata Ignaciuk and Christabelle Sethna, \u201cCharters for choice: Abortion travel, abortion referral networks and Spanish women\u2019s transnational reproductive agency, 1975\u20131985,\u201d\u00a0<em>Gender &amp; History\u00a0<\/em>32 no. 2 (2020): 286-303.\u00a0<a href=\"https:\/\/onlinelibrary.wiley.com\/doi\/full\/10.1111\/1468-0424.12463\" target=\"_blank\" rel=\"noopener\"><span style=\"color: #bb9fb8;\">\ud83e\udc62 Enlace<\/span><\/a><\/p><p>Ram\u00f3n Castej\u00f3n Bolea, \u201cSexualidad y anticoncepci\u00f3n en la periferia espa\u00f1ola durante la transici\u00f3n democr\u00e1tica: Los Centros Asesores de la Mujer y la Familia en la Regi\u00f3n de Murcia (1980-1982),\u201d <em>Dynamis<\/em> 38 no. 2 (2018): 363-387. <a href=\"https:\/\/raco.cat\/index.php\/Dynamis\/article\/view\/342176\/433245\" target=\"_blank\" rel=\"noopener\"><span style=\"color: #bb9fb8;\">\ud83e\udc62 Enlace<\/span><\/a><\/p><p>Ram\u00f3n Castej\u00f3n Bolea, \u201cEl movimiento por la planificaci\u00f3n familiar en Murcia y el acceso de las mujeres a la anticoncepci\u00f3n, 1976-1980),\u201d <em>Revista Murciana de Antropolog\u00eda<\/em> 25 (2018): 115-132: <span style=\"color: #bb9fb8;\">\ud83e\udc62 Enlace<\/span><\/p><p>Agata Ignaciuk, \u201cAbortion travel and the cost of reproductive choice in Spain (1967-1985).\u201d In: Sethna, Christabelle and Davis, Gayle, eds. <em>Abortion across borders: Transnational travel and access to abortion services<\/em> (Baltimore: Johns Hopkins University Press, 2018), pp. 231-251. <a href=\"https:\/\/agataignaciukcom.files.wordpress.com\/2021\/11\/ignaciuk-abortion-travel.pdf\" target=\"_blank\" rel=\"noopener\"><span style=\"color: #bb9fb8;\">\ud83e\udc62 Enlace<\/span><\/a><\/p><p>Teresa Ortiz-G\u00f3mez and Agata Ignaciuk, \u201cThe fight for family planning in Spain during late Francoism and transition to democracy,\u201d\u00a0<em>Journal of Women\u2019s History<\/em>\u00a032 no. 2 (2018): 38-62. <a href=\"https:\/\/muse.jhu.edu\/article\/696793\" target=\"_blank\" rel=\"noopener\"><span style=\"color: #bb9fb8;\">\ud83e\udc62 Enlace<\/span><\/a><\/p>\t\t\t\t\t\t<\/div>\n\t\t\t\t<\/div>\n\t\t\t\t\t<\/div>\n\t\t<\/div>\n\t\t\t\t\t\t\t<\/div>\n\t\t<\/section>\n\t\t\t\t<section class=\"elementor-section elementor-top-section elementor-element elementor-element-3fdce98 elementor-section-boxed elementor-section-height-default elementor-section-height-default qodef-elementor-content-no\" data-id=\"3fdce98\" data-element_type=\"section\">\n\t\t\t\t\t\t<div class=\"elementor-container elementor-column-gap-default\">\n\t\t\t\t\t<div class=\"elementor-column elementor-col-100 elementor-top-column elementor-element elementor-element-c600a40\" data-id=\"c600a40\" data-element_type=\"column\">\n\t\t\t<div class=\"elementor-widget-wrap elementor-element-populated\">\n\t\t\t\t\t\t\t\t<div class=\"elementor-element elementor-element-b3f8fe9 elementor-widget elementor-widget-text-editor\" data-id=\"b3f8fe9\" data-element_type=\"widget\" data-widget_type=\"text-editor.default\">\n\t\t\t\t<div class=\"elementor-widget-container\">\n\t\t\t\t\t\t\t<p>COLABORACIONES CON LA PRENSA<\/p><p style=\"margin-bottom: 6.0pt; line-height: normal;\">Participaci\u00f3n en Bel\u00e9n Remacha, El aborto, asignatura pendiente en las universidades,<em> El Pa\u00eds Podcast<\/em>, 26 nov 2023. <a href=\"https:\/\/elpais.com\/podcasts\/hoy-en-el-pais\/2023-11-26\/podcast-el-aborto-asignatura-pendiente-en-las-universidades.html\" target=\"_blank\" rel=\"noopener\"><span style=\"color: #bb9fb8;\">\ud83e\udc62 Enlace<\/span><\/a><\/p><p>Paulina Ma\u015blona, Hymn wolno\u015bci, <em>Pismo. <\/em><em>Magazyn Opinii<\/em> 38 no. 2 (2021): 77-85. <a href=\"https:\/\/magazynpismo.pl\/rzeczywistosc\/portret\/consuelo-catala-perez-aborcja-hiszpania\/\" target=\"_blank\" rel=\"noopener\"><span style=\"color: #bb9fb8;\">\ud83e\udc62 Enlace<\/span><\/a><\/p><p>Abril Phillips, De ilegales a imprescindibles, el largo viaje de los anticonceptivos, <em>La Vanguardia<\/em>, 18 oct 2020. <a href=\"https:\/\/www.lavanguardia.com\/historiayvida\/historia-contemporanea\/20201018\/33842\/historia-anticonceptivos.html\" target=\"_blank\" rel=\"noopener\"><span style=\"color: #bb9fb8;\">\ud83e\udc62 Enlace<\/span><\/a><\/p><p>La responsabilidad sobre los anticonceptivos recae en las mujeres: Es imprescindible que ellos sean part\u00edcipes. <em>El Diario<\/em>, 9 nov 2019. <a href=\"https:\/\/www.eldiario.es\/sociedad\/anticoncepcion_0_833617604.html\" target=\"_blank\" rel=\"noopener\"><span style=\"color: #bb9fb8;\">\ud83e\udc62 Enlace<\/span><\/a><\/p>\t\t\t\t\t\t<\/div>\n\t\t\t\t<\/div>\n\t\t\t\t\t<\/div>\n\t\t<\/div>\n\t\t\t\t\t\t\t<\/div>\n\t\t<\/section>\n\t\t\t\t\t\t<\/div>\n\t\t\t\t\t<\/div>\n\t\t","protected":false},"excerpt":{"rendered":"<p>Publicaciones ART\u00cdCULOS DERIVADOS DEL PROYECTO Christabelle Sethna, Gayle Davis and Agata Ignaciuk, \u00abConflict and Compromise: Abortion Law Reform in Britain, Canada, and Spain, 1960s\u20131980s\u00bb, Health and History 26 no. 2 (2024): 30-50. Art\u00edculo divulgativo derivado de la publicaci\u00f3n: Sergio Castro Contreras y Agata Ignaciuk \u00abEspa\u00f1a y la descriminalizaci\u00f3n del aborto durante siglo XX.\u00bb \ud83e\udc62 Enlace [&hellip;]<\/p>\n","protected":false},"author":1,"featured_media":0,"parent":0,"menu_order":0,"comment_status":"closed","ping_status":"closed","template":"","meta":{"footnotes":""},"_links":{"self":[{"href":"https:\/\/wpd.ugr.es\/~able\/wordpress\/wp-json\/wp\/v2\/pages\/8"}],"collection":[{"href":"https:\/\/wpd.ugr.es\/~able\/wordpress\/wp-json\/wp\/v2\/pages"}],"about":[{"href":"https:\/\/wpd.ugr.es\/~able\/wordpress\/wp-json\/wp\/v2\/types\/page"}],"author":[{"embeddable":true,"href":"https:\/\/wpd.ugr.es\/~able\/wordpress\/wp-json\/wp\/v2\/users\/1"}],"replies":[{"embeddable":true,"href":"https:\/\/wpd.ugr.es\/~able\/wordpress\/wp-json\/wp\/v2\/comments?post=8"}],"version-history":[{"count":57,"href":"https:\/\/wpd.ugr.es\/~able\/wordpress\/wp-json\/wp\/v2\/pages\/8\/revisions"}],"predecessor-version":[{"id":498,"href":"https:\/\/wpd.ugr.es\/~able\/wordpress\/wp-json\/wp\/v2\/pages\/8\/revisions\/498"}],"wp:attachment":[{"href":"https:\/\/wpd.ugr.es\/~able\/wordpress\/wp-json\/wp\/v2\/media?parent=8"}],"curies":[{"name":"wp","href":"https:\/\/api.w.org\/{rel}","templated":true}]}}