{"id":91,"date":"2025-07-15T09:15:54","date_gmt":"2025-07-15T07:15:54","guid":{"rendered":"https:\/\/wpd.ugr.es\/~aesla26\/?page_id=91"},"modified":"2026-02-25T10:17:01","modified_gmt":"2026-02-25T09:17:01","slug":"ponentes-plenarios","status":"publish","type":"page","link":"https:\/\/wpd.ugr.es\/~aesla26\/ponentes-plenarios\/","title":{"rendered":"Ponentes plenarios"},"content":{"rendered":"\t\t<div data-elementor-type=\"wp-page\" data-elementor-id=\"91\" class=\"elementor elementor-91\">\n\t\t\t\t<div class=\"elementor-element elementor-element-c223735 e-flex e-con-boxed e-con e-parent\" data-id=\"c223735\" data-element_type=\"container\">\n\t\t\t\t\t<div class=\"e-con-inner\">\n\t\t<div class=\"elementor-element elementor-element-06bc3ed e-con-full e-flex e-con e-child\" data-id=\"06bc3ed\" data-element_type=\"container\">\n\t\t\t\t<div class=\"elementor-element elementor-element-ce10547 elementor-widget elementor-widget-image\" data-id=\"ce10547\" data-element_type=\"widget\" data-widget_type=\"image.default\">\n\t\t\t\t\t\t\t\t\t\t\t\t\t\t\t\t<a href=\"https:\/\/wpd.ugr.es\/~aesla26\/iraide-ibarretxe-antunano\/\">\n\t\t\t\t\t\t\t<img fetchpriority=\"high\" decoding=\"async\" width=\"284\" height=\"300\" src=\"https:\/\/wpd.ugr.es\/~aesla26\/wp-content\/uploads\/2026\/02\/Iraide-284x300.png\" class=\"attachment-medium size-medium wp-image-4693\" alt=\"\" srcset=\"https:\/\/wpd.ugr.es\/~aesla26\/wp-content\/uploads\/2026\/02\/Iraide-284x300.png 284w, https:\/\/wpd.ugr.es\/~aesla26\/wp-content\/uploads\/2026\/02\/Iraide.png 481w\" sizes=\"(max-width: 284px) 100vw, 284px\" \/>\t\t\t\t\t\t\t\t<\/a>\n\t\t\t\t\t\t\t\t\t\t\t\t\t\t\t<\/div>\n\t\t\t\t<\/div>\n\t\t<div class=\"elementor-element elementor-element-bd7edef e-con-full e-flex e-con e-child\" data-id=\"bd7edef\" data-element_type=\"container\">\n\t\t\t\t<div class=\"elementor-element elementor-element-1cb471b elementor-widget elementor-widget-text-editor\" data-id=\"1cb471b\" data-element_type=\"widget\" data-widget_type=\"text-editor.default\">\n\t\t\t\t\t\t\t\t\t<h4>Iraide Ibarretxe Antu\u00f1ano (Universidad de Zaragoza)<\/h4>\n<p><\/p>\t\t\t\t\t\t\t\t<\/div>\n\t\t<div class=\"elementor-element elementor-element-fc96d08 e-flex e-con-boxed e-con e-child\" data-id=\"fc96d08\" data-element_type=\"container\">\n\t\t\t\t\t<div class=\"e-con-inner\">\n\t\t\t\t<div class=\"elementor-element elementor-element-415798f elementor-widget elementor-widget-text-editor\" data-id=\"415798f\" data-element_type=\"widget\" data-widget_type=\"text-editor.default\">\n\t\t\t\t\t\t\t\t\t<p>15 de abril de 2026<br \/><em><b> \u00abSin variedad no hay ling\u00fc\u00edstica: lenguas, cognici\u00f3n y sociedad\u00bb<\/b> <\/em>.<\/p>\t\t\t\t\t\t\t\t<\/div>\n\t\t\t\t\t<\/div>\n\t\t\t\t<\/div>\n\t\t\t\t<\/div>\n\t\t\t\t\t<\/div>\n\t\t\t\t<\/div>\n\t\t<div class=\"elementor-element elementor-element-d8cc6a5 e-flex e-con-boxed e-con e-parent\" data-id=\"d8cc6a5\" data-element_type=\"container\">\n\t\t\t\t\t<div class=\"e-con-inner\">\n\t\t<div class=\"elementor-element elementor-element-c7a74e4 e-con-full e-flex e-con e-child\" data-id=\"c7a74e4\" data-element_type=\"container\">\n\t\t\t\t<div class=\"elementor-element elementor-element-8cb4e60 elementor-widget elementor-widget-image\" data-id=\"8cb4e60\" data-element_type=\"widget\" data-widget_type=\"image.default\">\n\t\t\t\t\t\t\t\t\t\t\t\t\t\t\t\t<a href=\"https:\/\/wpd.ugr.es\/~aesla26\/juan-manuel-hernandez-campoy\/\">\n\t\t\t\t\t\t\t<img decoding=\"async\" width=\"295\" height=\"300\" src=\"https:\/\/wpd.ugr.es\/~aesla26\/wp-content\/uploads\/2026\/02\/Juanma-295x300.png\" class=\"attachment-medium size-medium wp-image-4690\" alt=\"\" srcset=\"https:\/\/wpd.ugr.es\/~aesla26\/wp-content\/uploads\/2026\/02\/Juanma-295x300.png 295w, https:\/\/wpd.ugr.es\/~aesla26\/wp-content\/uploads\/2026\/02\/Juanma.png 499w\" sizes=\"(max-width: 295px) 100vw, 295px\" \/>\t\t\t\t\t\t\t\t<\/a>\n\t\t\t\t\t\t\t\t\t\t\t\t\t\t\t<\/div>\n\t\t\t\t<\/div>\n\t\t<div class=\"elementor-element elementor-element-dc7c082 e-con-full e-flex e-con e-child\" data-id=\"dc7c082\" data-element_type=\"container\">\n\t\t\t\t<div class=\"elementor-element elementor-element-a22d37a elementor-widget elementor-widget-text-editor\" data-id=\"a22d37a\" data-element_type=\"widget\" data-widget_type=\"text-editor.default\">\n\t\t\t\t\t\t\t\t\t<h4>Juan Manuel Hern\u00e1ndez-Campoy (Universidad de Murcia)<\/h4>\t\t\t\t\t\t\t\t<\/div>\n\t\t\t\t<div class=\"elementor-element elementor-element-7d2754c elementor-widget elementor-widget-text-editor\" data-id=\"7d2754c\" data-element_type=\"widget\" data-widget_type=\"text-editor.default\">\n\t\t\t\t\t\t\t\t\t<p>16 de abril de 2026<\/p>\n<p><em><strong>\u00abSocioling\u00fc\u00edstica Aplicada: Actitudes, Derechos Ling\u00fc\u00edsticos y Tolerancia\u00bb<\/strong><\/em><\/p>\t\t\t\t\t\t\t\t<\/div>\n\t\t\t\t<\/div>\n\t\t\t\t\t<\/div>\n\t\t\t\t<\/div>\n\t\t<div class=\"elementor-element elementor-element-1f3a71f e-flex e-con-boxed e-con e-parent\" data-id=\"1f3a71f\" data-element_type=\"container\">\n\t\t\t\t\t<div class=\"e-con-inner\">\n\t\t<div class=\"elementor-element elementor-element-b52e3b3 e-con-full e-flex e-con e-child\" data-id=\"b52e3b3\" data-element_type=\"container\">\n\t\t\t\t<div class=\"elementor-element elementor-element-93ecad4 elementor-widget elementor-widget-image\" data-id=\"93ecad4\" data-element_type=\"widget\" data-widget_type=\"image.default\">\n\t\t\t\t\t\t\t\t\t\t\t\t\t\t\t\t<a href=\"https:\/\/wpd.ugr.es\/~aesla26\/david-britain\/\">\n\t\t\t\t\t\t\t<img decoding=\"async\" width=\"481\" height=\"508\" src=\"https:\/\/wpd.ugr.es\/~aesla26\/wp-content\/uploads\/2026\/02\/David.png\" class=\"attachment-medium_large size-medium_large wp-image-4691\" alt=\"\" srcset=\"https:\/\/wpd.ugr.es\/~aesla26\/wp-content\/uploads\/2026\/02\/David.png 481w, https:\/\/wpd.ugr.es\/~aesla26\/wp-content\/uploads\/2026\/02\/David-284x300.png 284w\" sizes=\"(max-width: 481px) 100vw, 481px\" \/>\t\t\t\t\t\t\t\t<\/a>\n\t\t\t\t\t\t\t\t\t\t\t\t\t\t\t<\/div>\n\t\t\t\t<\/div>\n\t\t<div class=\"elementor-element elementor-element-af8da5b e-con-full e-flex e-con e-child\" data-id=\"af8da5b\" data-element_type=\"container\">\n\t\t\t\t<div class=\"elementor-element elementor-element-0e531ec elementor-widget elementor-widget-text-editor\" data-id=\"0e531ec\" data-element_type=\"widget\" data-widget_type=\"text-editor.default\">\n\t\t\t\t\t\t\t\t\t<h4>David Britain (University of Bern)<\/h4>\t\t\t\t\t\t\t\t<\/div>\n\t\t<div class=\"elementor-element elementor-element-1345e14 e-flex e-con-boxed e-con e-child\" data-id=\"1345e14\" data-element_type=\"container\">\n\t\t\t\t\t<div class=\"e-con-inner\">\n\t\t\t\t<div class=\"elementor-element elementor-element-22019f2 elementor-widget elementor-widget-text-editor\" data-id=\"22019f2\" data-element_type=\"widget\" data-widget_type=\"text-editor.default\">\n\t\t\t\t\t\t\t\t\t<p>16 de abril de 2026<\/p>\n<p><em><strong>\u00abBeyond the isogloss: combining new technologies and sociolinguistic sensitivities in regional dialectology\u00bb<\/strong><\/em><\/p>\t\t\t\t\t\t\t\t<\/div>\n\t\t\t\t\t<\/div>\n\t\t\t\t<\/div>\n\t\t\t\t<\/div>\n\t\t\t\t\t<\/div>\n\t\t\t\t<\/div>\n\t\t<div class=\"elementor-element elementor-element-1460f8a e-flex e-con-boxed e-con e-parent\" data-id=\"1460f8a\" data-element_type=\"container\">\n\t\t\t\t\t<div class=\"e-con-inner\">\n\t\t<div class=\"elementor-element elementor-element-15c787f e-con-full e-flex e-con e-child\" data-id=\"15c787f\" data-element_type=\"container\">\n\t\t\t\t<div class=\"elementor-element elementor-element-a1d1486 elementor-widget elementor-widget-image\" data-id=\"a1d1486\" data-element_type=\"widget\" data-widget_type=\"image.default\">\n\t\t\t\t\t\t\t\t\t\t\t\t\t\t\t\t<a href=\"https:\/\/wpd.ugr.es\/~aesla26\/juana-santana-marrero\/\">\n\t\t\t\t\t\t\t<img loading=\"lazy\" decoding=\"async\" width=\"499\" height=\"508\" src=\"https:\/\/wpd.ugr.es\/~aesla26\/wp-content\/uploads\/2026\/02\/Juana.png\" class=\"attachment-medium_large size-medium_large wp-image-4694\" alt=\"\" srcset=\"https:\/\/wpd.ugr.es\/~aesla26\/wp-content\/uploads\/2026\/02\/Juana.png 499w, https:\/\/wpd.ugr.es\/~aesla26\/wp-content\/uploads\/2026\/02\/Juana-295x300.png 295w\" sizes=\"(max-width: 499px) 100vw, 499px\" \/>\t\t\t\t\t\t\t\t<\/a>\n\t\t\t\t\t\t\t\t\t\t\t\t\t\t\t<\/div>\n\t\t\t\t<\/div>\n\t\t<div class=\"elementor-element elementor-element-29b2db7 e-con-full e-flex e-con e-child\" data-id=\"29b2db7\" data-element_type=\"container\">\n\t\t\t\t<div class=\"elementor-element elementor-element-b7e0c84 elementor-widget elementor-widget-text-editor\" data-id=\"b7e0c84\" data-element_type=\"widget\" data-widget_type=\"text-editor.default\">\n\t\t\t\t\t\t\t\t\t<h4><strong>Juana Santana Marrero (Universidad de Sevilla)<\/strong><\/h4>\t\t\t\t\t\t\t\t<\/div>\n\t\t\t\t<div class=\"elementor-element elementor-element-053e5a0 elementor-widget elementor-widget-text-editor\" data-id=\"053e5a0\" data-element_type=\"widget\" data-widget_type=\"text-editor.default\">\n\t\t\t\t\t\t\t\t\t<p>17 de abril<\/p>\n<p><em><strong>\u00abNuevas formas de estudiar el habla de Sevilla: los influencers\u00bb<\/strong><\/em><span style=\"font-family: Calibri, sans-serif;\"><o:p><\/o:p><\/span><\/p>\t\t\t\t\t\t\t\t<\/div>\n\t\t\t\t<\/div>\n\t\t\t\t\t<\/div>\n\t\t\t\t<\/div>\n\t\t\t\t<\/div>\n\t\t","protected":false},"excerpt":{"rendered":"<p>Iraide Ibarretxe Antu\u00f1ano (Universidad de Zaragoza) 15 de abril de 2026 \u00abSin variedad no hay ling\u00fc\u00edstica: lenguas, cognici\u00f3n y sociedad\u00bb . Juan Manuel Hern\u00e1ndez-Campoy (Universidad de Murcia) 16 de abril de 2026 \u00abSocioling\u00fc\u00edstica Aplicada: Actitudes, Derechos Ling\u00fc\u00edsticos y Tolerancia\u00bb David Britain (University of Bern) 16 de abril de 2026 \u00abBeyond [&hellip;]<\/p>\n","protected":false},"author":1,"featured_media":4412,"parent":0,"menu_order":0,"comment_status":"closed","ping_status":"closed","template":"","meta":{"_themeisle_gutenberg_block_has_review":false,"footnotes":""},"class_list":["post-91","page","type-page","status-publish","has-post-thumbnail","hentry"],"jetpack_sharing_enabled":true,"_links":{"self":[{"href":"https:\/\/wpd.ugr.es\/~aesla26\/wp-json\/wp\/v2\/pages\/91","targetHints":{"allow":["GET"]}}],"collection":[{"href":"https:\/\/wpd.ugr.es\/~aesla26\/wp-json\/wp\/v2\/pages"}],"about":[{"href":"https:\/\/wpd.ugr.es\/~aesla26\/wp-json\/wp\/v2\/types\/page"}],"author":[{"embeddable":true,"href":"https:\/\/wpd.ugr.es\/~aesla26\/wp-json\/wp\/v2\/users\/1"}],"replies":[{"embeddable":true,"href":"https:\/\/wpd.ugr.es\/~aesla26\/wp-json\/wp\/v2\/comments?post=91"}],"version-history":[{"count":16,"href":"https:\/\/wpd.ugr.es\/~aesla26\/wp-json\/wp\/v2\/pages\/91\/revisions"}],"predecessor-version":[{"id":4719,"href":"https:\/\/wpd.ugr.es\/~aesla26\/wp-json\/wp\/v2\/pages\/91\/revisions\/4719"}],"wp:featuredmedia":[{"embeddable":true,"href":"https:\/\/wpd.ugr.es\/~aesla26\/wp-json\/wp\/v2\/media\/4412"}],"wp:attachment":[{"href":"https:\/\/wpd.ugr.es\/~aesla26\/wp-json\/wp\/v2\/media?parent=91"}],"curies":[{"name":"wp","href":"https:\/\/api.w.org\/{rel}","templated":true}]}}