{"id":190,"date":"2024-09-06T12:37:24","date_gmt":"2024-09-06T10:37:24","guid":{"rendered":"https:\/\/wpd.ugr.es\/~auot_granada\/?page_id=190"},"modified":"2025-01-27T23:52:18","modified_gmt":"2025-01-27T22:52:18","slug":"mesas-tematicas","status":"publish","type":"page","link":"https:\/\/wpd.ugr.es\/~auot_granada\/mesas-tematicas\/","title":{"rendered":"MESAS TEM\u00c1TICAS"},"content":{"rendered":"\n<figure class=\"wp-block-pullquote alignfull has-contrast-2-color has-text-color has-link-color has-body-font-family wp-elements-604327b4557adb09f351ce782684d6b4\" style=\"margin-top:0;margin-right:var(--wp--preset--spacing--50);margin-bottom:0;margin-left:var(--wp--preset--spacing--50);padding-top:0;padding-bottom:0;font-size:1.5rem\"><blockquote><p><em>La ecolog\u00eda del paisaje sugiere una agenda urbana ampliada, que va m\u00e1s all\u00e1 de la planificaci\u00f3n general para tener en cuenta la vida futura de la ciudad. M\u00e1s all\u00e1 de la forma, una ecolog\u00eda artificial de la ciudad abarcar\u00eda necesariamente la estructura (organizaci\u00f3n espacial y territorial), el funcionamiento (los acontecimientos y actividades cotidianos que tienen lugar en un lugar) y el cambio (la evoluci\u00f3n del lugar a lo largo del tiempo).<\/em> <\/p><cite><sub>Stan Allen, 2008<\/sub><\/cite><\/blockquote><\/figure>\n\n\n\n<div style=\"margin-top:var(--wp--preset--spacing--10);margin-bottom:var(--wp--preset--spacing--10);height:16px\" aria-hidden=\"true\" class=\"wp-block-spacer\"><\/div>\n\n\n\n<p class=\"has-text-align-center has-body-font-family\" style=\"margin-top:var(--wp--preset--spacing--10);margin-bottom:var(--wp--preset--spacing--10);padding-top:0;padding-bottom:0;font-size:1rem\"><strong>BLOQUE I<\/strong> Martes 28\/01 de 11.30 a 12.45 \/\/ <strong>BLOQUE II<\/strong> Martes 28\/01 de 13.00 a 14.15<\/p>\n\n\n\n<p class=\"has-text-align-center has-body-font-family\" style=\"margin-top:var(--wp--preset--spacing--10);margin-bottom:var(--wp--preset--spacing--10);padding-top:0;padding-bottom:0;font-size:1rem\"><strong>BLOQUE II<\/strong> Mi\u00e9rcoles 29\/01 de 9.45 a 11.00<\/p>\n\n\n\n<p class=\"has-text-align-center has-body-font-family\" style=\"margin-top:var(--wp--preset--spacing--10);margin-bottom:var(--wp--preset--spacing--10);padding-top:0;padding-bottom:0;font-size:0.9rem\"><strong>BLOQUE IV<\/strong> Jueves 30\/01 de 9.00 a 10.15 \/\/ <strong>BLOQUE V<\/strong> Jueves 30\/01 de 10.30 a 11.45<\/p>\n\n\n\n<div class=\"wp-block-group is-layout-constrained wp-block-group-is-layout-constrained\" style=\"margin-top:var(--wp--preset--spacing--10);margin-bottom:var(--wp--preset--spacing--10)\">\n<div class=\"wp-block-file aligncenter has-link-color wp-elements-5d304da6d9c9fcd8c22cacab5c718c71\" style=\"margin-top:var(--wp--preset--spacing--30);margin-right:0;margin-bottom:var(--wp--preset--spacing--30);margin-left:0;padding-top:0;padding-right:var(--wp--preset--spacing--40);padding-bottom:0;padding-left:var(--wp--preset--spacing--40)\"><a href=\"https:\/\/wpd.ugr.es\/~auot_granada\/wp-content\/uploads\/2025\/01\/Mesas-Tematicas-6AUOT-Granada-2025.pdf\" class=\"wp-block-file__button wp-element-button\" download>distribuci\u00f3n MESAS TEM\u00c1TICAS<\/a><\/div>\n<\/div>\n\n\n\n<div class=\"wp-block-group alignfull is-layout-flow wp-block-group-is-layout-flow\">\n<div class=\"wp-block-group alignfull is-layout-flow wp-block-group-is-layout-flow\">\n<div style=\"margin-top:var(--wp--preset--spacing--10);margin-bottom:var(--wp--preset--spacing--10);height:13px\" aria-hidden=\"true\" class=\"wp-block-spacer\"><\/div>\n\n\n\n<div class=\"wp-block-columns is-layout-flex wp-container-core-columns-is-layout-1 wp-block-columns-is-layout-flex\" style=\"padding-right:var(--wp--preset--spacing--50);padding-left:var(--wp--preset--spacing--50)\">\n<div class=\"wp-block-column is-layout-flow wp-block-column-is-layout-flow\">\n<p class=\"has-text-align-left has-body-font-family has-medium-font-size\"><strong><mark style=\"background-color:rgba(0, 0, 0, 0)\" class=\"has-inline-color has-contrast-2-color\">BI_1<\/mark><\/strong><\/p>\n\n\n\n<p class=\"has-text-align-left has-body-font-family has-medium-font-size\" style=\"margin-top:var(--wp--preset--spacing--10);margin-bottom:var(--wp--preset--spacing--10);font-style:normal;font-weight:600;text-transform:none\">Aprendizaje-Servicio en la ense\u00f1anza del urbanismo: innovaci\u00f3n pedag\u00f3gica y compromiso social<\/p>\n\n\n\n<p class=\"has-text-align-left has-body-font-family\" style=\"margin-top:var(--wp--preset--spacing--10);margin-bottom:var(--wp--preset--spacing--10)\"><em>Coord. Rafael C\u00f3rdoba Hern\u00e1ndez UPM &amp; Emilia Rom\u00e1n L\u00f3pez UPM | <\/em><\/p>\n\n\n\n<p class=\"has-text-align-left has-body-font-family\" style=\"margin-top:var(--wp--preset--spacing--10);margin-bottom:var(--wp--preset--spacing--10)\"><em>Resto de ponentes: Jorge Rodr\u00edguez \u00c1lvarez UdC, Sixto Mar\u00edn Gav\u00edn UZ, Ana Sanz Fern\u00e1ndez URJC y Mirela Fiori UOC<\/em><\/p>\n<\/div>\n\n\n\n<div class=\"wp-block-column is-layout-flow wp-block-column-is-layout-flow\">\n<p class=\"has-text-align-left has-body-font-family has-medium-font-size\"><strong><mark style=\"background-color:rgba(0, 0, 0, 0)\" class=\"has-inline-color has-contrast-2-color\">BI_2<\/mark><\/strong><\/p>\n\n\n\n<p class=\"has-text-align-left has-body-font-family has-medium-font-size\" style=\"margin-top:var(--wp--preset--spacing--10);margin-bottom:var(--wp--preset--spacing--10);font-style:normal;font-weight:600;text-transform:none\">El acceso y desempe\u00f1o de la carrera docente e investigadora en Urban\u00edstica y Ordenaci\u00f3n del Territorio<\/p>\n\n\n\n<p class=\"has-text-align-left has-body-font-family has-small-font-size\" style=\"margin-top:var(--wp--preset--spacing--10);margin-bottom:var(--wp--preset--spacing--10)\"><em>\u00a0Coord. Blanca del Espino Hidalgo US | <\/em><\/p>\n\n\n\n<p class=\"has-text-align-left has-body-font-family has-small-font-size\" style=\"margin-top:var(--wp--preset--spacing--10);margin-bottom:var(--wp--preset--spacing--10)\"><em>Resto de ponentes: Francisco Javier Navarro de Pablos URJC, Daniel Navas Carrillo UMA, Juan Andr\u00e9s Rodr\u00edguez Lora US y Esther Ferrer Rom\u00e1n USJ<\/em><\/p>\n<\/div>\n\n\n\n<div class=\"wp-block-column is-layout-flow wp-block-column-is-layout-flow\">\n<p class=\"has-text-align-left has-body-font-family has-medium-font-size\"><mark style=\"background-color: rgba(0, 0, 0, 0);\" class=\"has-inline-color has-contrast-2-color\"><b>BI_3<\/b><\/mark><\/p>\n\n\n\n<p class=\"has-text-align-left has-body-font-family has-medium-font-size\" style=\"margin-top:var(--wp--preset--spacing--10);margin-bottom:var(--wp--preset--spacing--10);font-style:normal;font-weight:600;text-transform:none\">Mujeres, nuevas generaciones y la ense\u00f1anza del proyecto en urbanismo <\/p>\n\n\n\n<p class=\"has-text-align-left has-body-font-family has-small-font-size\" style=\"margin-top:var(--wp--preset--spacing--10);margin-bottom:var(--wp--preset--spacing--10)\"><em>Coord. In\u00e9s Aquilu\u00e9 Junyent | <\/em><\/p>\n\n\n\n<p class=\"has-text-align-left has-body-font-family has-small-font-size\" style=\"margin-top:var(--wp--preset--spacing--10);margin-bottom:var(--wp--preset--spacing--10)\"><em>Resto de ponentes: Bel\u00e9n Bravo Rodr\u00edguez UGR, Ainhoa Maruri Arana US, Javier Ruiz S\u00e1nchez UPM y Ana Portal\u00e9s Ma\u00f1an\u00f3s UPV<\/em><\/p>\n<\/div>\n\n\n\n<div class=\"wp-block-column is-layout-flow wp-block-column-is-layout-flow\">\n<p class=\"has-text-align-left has-body-font-family has-medium-font-size\"><strong><mark style=\"background-color:rgba(0, 0, 0, 0)\" class=\"has-inline-color has-contrast-2-color\">BII_1<\/mark><\/strong><\/p>\n\n\n\n<p class=\"has-text-align-left has-body-font-family has-medium-font-size\" style=\"margin-top:var(--wp--preset--spacing--10);margin-bottom:var(--wp--preset--spacing--10);font-style:normal;font-weight:600;text-transform:none\">[Nuevos campos en la planificaci\u00f3n urbana] Ciudades Activas y Saludables. La planificaci\u00f3n de la actividad f\u00edsica y la alimentaci\u00f3n en la ciudad<\/p>\n\n\n\n<p class=\"has-text-align-left has-body-font-family has-small-font-size\" style=\"margin-top:var(--wp--preset--spacing--10);margin-bottom:var(--wp--preset--spacing--10)\"><em>Coord. Ana Zazo Moratalla | <\/em><\/p>\n\n\n\n<p class=\"has-text-align-left has-body-font-family has-small-font-size\" style=\"margin-top:var(--wp--preset--spacing--10);margin-bottom:var(--wp--preset--spacing--10)\"><em>Resto de ponentes: Marian Sim\u00f3n Rojo UPM, Carlos F. Lahoz Palacio URJC, Alfonso Jim\u00e9nez Guti\u00e9rrez URJC, Alberto Matar\u00e1n Ruiz UGR y Biel Horrach Estarellas UIB<\/em><\/p>\n<\/div>\n<\/div>\n\n\n\n<div class=\"wp-block-columns is-layout-flex wp-container-core-columns-is-layout-2 wp-block-columns-is-layout-flex\" style=\"padding-right:var(--wp--preset--spacing--50);padding-left:var(--wp--preset--spacing--50)\">\n<div class=\"wp-block-column is-layout-flow wp-block-column-is-layout-flow\">\n<p class=\"has-body-font-family has-medium-font-size\"><strong><mark style=\"background-color:rgba(0, 0, 0, 0)\" class=\"has-inline-color has-contrast-2-color\">BII_2<\/mark><\/strong><\/p>\n\n\n\n<p class=\"has-text-align-left has-body-font-family has-medium-font-size\" style=\"margin-top:var(--wp--preset--spacing--10);margin-bottom:var(--wp--preset--spacing--10);font-style:normal;font-weight:600;text-transform:none\">Urbanismo con las manos: Roles y repercusiones de las maquetas en las asignaturas y talleres de urbanismo<\/p>\n\n\n\n<p class=\"has-body-font-family\" style=\"margin-top:var(--wp--preset--spacing--10);margin-bottom:var(--wp--preset--spacing--10)\"><em>Coord. Emilio Ontiveros de<br>la Fuente &amp; Javier Navarro de Pablos | <\/em><\/p>\n\n\n\n<p class=\"has-body-font-family\" style=\"margin-top:var(--wp--preset--spacing--10);margin-bottom:var(--wp--preset--spacing--10)\"><em>Resto de ponentes: Lucila Urda Pe\u00f1a URJC, Javier Malo de Molina URJC, Celia L\u00f3pez Bravo UMA, Pablo de la Cal Nicol\u00e1s UZ y David Cabrera Manzano UGR<\/em><\/p>\n<\/div>\n\n\n\n<div class=\"wp-block-column is-layout-flow wp-block-column-is-layout-flow\">\n<p class=\"has-body-font-family has-medium-font-size\"><strong><mark style=\"background-color:rgba(0, 0, 0, 0)\" class=\"has-inline-color has-contrast-2-color\">BII_3<\/mark><\/strong><\/p>\n\n\n\n<p class=\"has-text-align-left has-body-font-family has-medium-font-size\" style=\"margin-top:var(--wp--preset--spacing--10);margin-bottom:var(--wp--preset--spacing--10);font-style:normal;font-weight:600;text-transform:none\">Acercando el planeamiento a las aulas. Algunos apuntes para afrontar los desaf\u00edos urbanos y territoriales<\/p>\n\n\n\n<p class=\"has-text-align-left has-body-font-family has-small-font-size\" style=\"margin-top:var(--wp--preset--spacing--10);margin-bottom:var(--wp--preset--spacing--10)\"><em>Coord. Raquel Rodr\u00edguez Alonso UPM, Cristina Fern\u00e1ndez Ram\u00edrez UPM &amp; Isabel Gonz\u00e1lez<br>Garc\u00eda UPM | <\/em><\/p>\n\n\n\n<p class=\"has-text-align-left has-body-font-family has-small-font-size\" style=\"margin-top:var(--wp--preset--spacing--10);margin-bottom:var(--wp--preset--spacing--10)\"><em>Resto de ponentes: Pedro G\u00f3rgolas Mart\u00edn US, Jos\u00e9 Manuel G\u00f3mez Gim\u00e9nez UPM y Jos\u00e9 Luis Miralles Garc\u00eda UPV<\/em><\/p>\n<\/div>\n\n\n\n<div class=\"wp-block-column is-layout-flow wp-block-column-is-layout-flow\">\n<p class=\"has-body-font-family has-medium-font-size\"><strong><mark style=\"background-color:rgba(0, 0, 0, 0)\" class=\"has-inline-color has-contrast-2-color\">BIII_1<\/mark><\/strong><\/p>\n\n\n\n<p class=\"has-text-align-left has-body-font-family has-medium-font-size\" style=\"margin-top:var(--wp--preset--spacing--10);margin-bottom:var(--wp--preset--spacing--10);font-style:normal;font-weight:600;text-transform:none\">Inclusi\u00f3n, diversidad, armon\u00eda. La Nueva Bauhaus europea en las escuelas<\/p>\n\n\n\n<p class=\"has-text-align-left has-body-font-family has-small-font-size\" style=\"margin-top:var(--wp--preset--spacing--10);margin-bottom:var(--wp--preset--spacing--10)\"><em>Coord. Josenia Herv\u00e1s y Heras UAH | <\/em><\/p>\n\n\n\n<p class=\"has-text-align-left has-body-font-family has-small-font-size\" style=\"margin-top:var(--wp--preset--spacing--10);margin-bottom:var(--wp--preset--spacing--10)\"><em>Resto de ponentes: Silvia Blanco Ag\u00fceira CESUGA (A Coru\u00f1a), Silvia Herrero Alonso UE (Madrid), Sonia Puente Landazuri, Exdirectora Gral de Ord. del Territorio y Urbanismo (Asturias), Marina Jim\u00e9nez Jim\u00e9nez UVa, Susana Garc\u00eda Bujalance UMA<\/em><\/p>\n<\/div>\n\n\n\n<div class=\"wp-block-column is-layout-flow wp-block-column-is-layout-flow\">\n<p class=\"has-body-font-family has-medium-font-size\"><strong><mark style=\"background-color:rgba(0, 0, 0, 0)\" class=\"has-inline-color has-contrast-2-color\">BIII_2<\/mark><\/strong><\/p>\n\n\n\n<p class=\"has-text-align-left has-body-font-family has-medium-font-size\" style=\"margin-top:var(--wp--preset--spacing--10);margin-bottom:var(--wp--preset--spacing--10);font-style:normal;font-weight:600\">Revistas cient\u00edficas espa\u00f1olas y urbanismo. Una aproximaci\u00f3n a los retos actuales desde una perspectiva multidisciplinar y transversal<\/p>\n\n\n\n<p class=\"has-text-align-left has-body-font-family has-small-font-size\" style=\"margin-top:var(--wp--preset--spacing--10);margin-bottom:var(--wp--preset--spacing--10)\"><em>Coord. Federico Camerin UVa | <\/em><\/p>\n\n\n\n<p class=\"has-text-align-left has-body-font-family has-small-font-size\" style=\"margin-top:var(--wp--preset--spacing--10);margin-bottom:var(--wp--preset--spacing--10)\"><em>Resto de ponentes: Rolando Mauricio Biere Arenas UPC, Eduardo De Santiago Rodr\u00edguez Ministerio de Vivienda y Agenda Urbana, Luis Santos y Ganes UVa, Julia Deltoro Soto UPV y Francisco Javier Moncl\u00fas Fraga UNIZAR <\/em><\/p>\n<\/div>\n<\/div>\n\n\n\n<div class=\"wp-block-group alignwide is-layout-flow wp-block-group-is-layout-flow\">\n<div class=\"wp-block-columns is-layout-flex wp-container-core-columns-is-layout-4 wp-block-columns-is-layout-flex\">\n<div class=\"wp-block-column is-layout-flow wp-block-column-is-layout-flow\" style=\"flex-basis:100%\">\n<div class=\"wp-block-columns is-layout-flex wp-container-core-columns-is-layout-3 wp-block-columns-is-layout-flex\" style=\"padding-right:var(--wp--preset--spacing--50);padding-left:var(--wp--preset--spacing--50)\">\n<div class=\"wp-block-column is-layout-flow wp-block-column-is-layout-flow\">\n<p class=\"has-body-font-family has-medium-font-size\"><strong><mark style=\"background-color:rgba(0, 0, 0, 0)\" class=\"has-inline-color has-contrast-2-color\">BIII_3<\/mark><\/strong><\/p>\n\n\n\n<p class=\"has-body-font-family has-medium-font-size\" style=\"margin-top:var(--wp--preset--spacing--10);margin-bottom:var(--wp--preset--spacing--10);font-style:normal;font-weight:600;text-transform:none\">Retos en planificaci\u00f3n: Estrategias y proyectos urbanos para la transici\u00f3n ecol\u00f3gica. La respuesta desde la docencia del urbanismo<\/p>\n\n\n\n<p class=\"has-body-font-family\" style=\"margin-top:var(--wp--preset--spacing--10);margin-bottom:var(--wp--preset--spacing--10)\"><em>Coord. Mar\u00eda Jos\u00e9 M\u00e1rquez Ballesteros UMA &amp; Mateus Porto Schettino UE (Madrid)|<\/em><\/p>\n\n\n\n<p class=\"has-body-font-family\" style=\"margin-top:var(--wp--preset--spacing--10);margin-bottom:var(--wp--preset--spacing--10)\"><em>Resto de ponentes: Mar\u00eda Isabel Rodr\u00edguez Rojas UGR, Emilia Rom\u00e1n L\u00f3pez UPM, Xavier Matilla Ayala UPC, Francisco Javier Gonz\u00e1lez Gonz\u00e1lez UE (Madrid) y Daniel Navas Carrillo UMA<\/em><\/p>\n<\/div>\n\n\n\n<div class=\"wp-block-column is-layout-flow wp-block-column-is-layout-flow\">\n<p class=\"has-body-font-family has-medium-font-size\"><strong><mark style=\"background-color:rgba(0, 0, 0, 0)\" class=\"has-inline-color has-contrast-2-color\">BIII_4<\/mark><\/strong><\/p>\n\n\n\n<p class=\"has-body-font-family has-medium-font-size\" style=\"margin-top:var(--wp--preset--spacing--10);margin-bottom:var(--wp--preset--spacing--10);font-style:normal;font-weight:600;text-transform:none\">La inundabilidad en \u00e1reas urbanas en el contexto actual. El papel de la gesti\u00f3n del riesgo en la ense\u00f1anza del urbanismo y la ordenaci\u00f3n del territorio<\/p>\n\n\n\n<p class=\"has-body-font-family has-small-font-size\" style=\"margin-top:var(--wp--preset--spacing--10);margin-bottom:var(--wp--preset--spacing--10)\"><em>Coord. Jos\u00e9 Sergio Palencia Jim\u00e9nez UPV &amp; Javier Ruiz S\u00e1nchez UPM | <\/em><\/p>\n\n\n\n<p class=\"has-body-font-family has-small-font-size\" style=\"margin-top:var(--wp--preset--spacing--10);margin-bottom:var(--wp--preset--spacing--10)\"><em>Resto de ponentes: Salvador Garc\u00eda-Ayll\u00f3n Veintimilla UPCT y In\u00e9s Aquilu\u00e9 Junyent UPC<\/em><\/p>\n<\/div>\n\n\n\n<div class=\"wp-block-column is-layout-flow wp-block-column-is-layout-flow\">\n<p class=\"has-body-font-family has-medium-font-size\"><strong><mark style=\"background-color:rgba(0, 0, 0, 0)\" class=\"has-inline-color has-contrast-2-color\">BIV_1<\/mark><\/strong><\/p>\n\n\n\n<p class=\"has-body-font-family has-medium-font-size\" style=\"margin-top:var(--wp--preset--spacing--10);margin-bottom:var(--wp--preset--spacing--10);font-style:normal;font-weight:600;text-transform:none\">Paisajes energ\u00e9ticos a debate \u00bfQu\u00e9 puede aportar el urbanismo y la ordenaci\u00f3n del territorio para una transici\u00f3n energ\u00e9tica justa y equilibrada?<\/p>\n\n\n\n<p class=\"has-body-font-family has-small-font-size\" style=\"margin-top:var(--wp--preset--spacing--10);margin-bottom:var(--wp--preset--spacing--10)\"><em>Coord. \u00c1ngel Luis Gonz\u00e1lez Morales US &amp; Ana Coronado S\u00e1nchez US | <\/em><\/p>\n\n\n\n<p class=\"has-body-font-family has-small-font-size\" style=\"margin-top:var(--wp--preset--spacing--10);margin-bottom:var(--wp--preset--spacing--10)\"><em>Resto de ponentes: Alberto Matar\u00e1n Ruiz UGR, Daniel G\u00f3mez Zamora UPC y Michela<br>Ghislanzoni Investigadora independiente.<\/em><\/p>\n<\/div>\n\n\n\n<div class=\"wp-block-column is-layout-flow wp-block-column-is-layout-flow\">\n<p class=\"has-body-font-family has-medium-font-size\"><strong><mark style=\"background-color:rgba(0, 0, 0, 0)\" class=\"has-inline-color has-contrast-2-color\">BIV_2<\/mark><\/strong><\/p>\n\n\n\n<p class=\"has-body-font-family has-medium-font-size\" style=\"margin-top:var(--wp--preset--spacing--10);margin-bottom:var(--wp--preset--spacing--10);font-style:normal;font-weight:600\">Espacios compartidos de docencia. Metodolog\u00edas docentes basadas en la confluencia de distintas disciplinas en torno al urbanismo<\/p>\n\n\n\n<p class=\"has-body-font-family has-small-font-size\" style=\"margin-top:var(--wp--preset--spacing--10);margin-bottom:var(--wp--preset--spacing--10)\"><em>Coord. Noel Manzano G\u00f3mez URJC &amp; \u00c1ngela Matesanz Parellada UPM | <\/em><\/p>\n\n\n\n<p class=\"has-body-font-family has-small-font-size\" style=\"margin-top:var(--wp--preset--spacing--10);margin-bottom:var(--wp--preset--spacing--10)\"><em>Resto de ponentes: Mar\u00eda Castrillo Rom\u00f3n UVa, Mirela Fiori, UOC y Alejandro Tamayo Palacios UPM<\/em><\/p>\n<\/div>\n<\/div>\n<\/div>\n<\/div>\n<\/div>\n\n\n\n<div class=\"wp-block-columns is-layout-flex wp-container-core-columns-is-layout-7 wp-block-columns-is-layout-flex\">\n<div class=\"wp-block-column is-layout-flow wp-block-column-is-layout-flow\" style=\"flex-basis:100%\">\n<div class=\"wp-block-columns is-layout-flex wp-container-core-columns-is-layout-6 wp-block-columns-is-layout-flex\">\n<div class=\"wp-block-column is-layout-flow wp-block-column-is-layout-flow\" style=\"flex-basis:100%\">\n<div class=\"wp-block-columns is-layout-flex wp-container-core-columns-is-layout-5 wp-block-columns-is-layout-flex\" style=\"padding-right:var(--wp--preset--spacing--50);padding-left:var(--wp--preset--spacing--50)\">\n<div class=\"wp-block-column is-layout-flow wp-block-column-is-layout-flow\">\n<p class=\"has-body-font-family has-medium-font-size\"><strong><mark style=\"background-color:rgba(0, 0, 0, 0)\" class=\"has-inline-color has-contrast-2-color\">BIV_3<\/mark><\/strong><\/p>\n\n\n\n<p class=\"has-body-font-family has-medium-font-size\" style=\"margin-top:var(--wp--preset--spacing--10);margin-bottom:var(--wp--preset--spacing--10);font-style:normal;font-weight:600;text-transform:none\">El Proyecto Docente en los concursos de acceso plazas AUOT. Experiencias y potencial docente.<\/p>\n\n\n\n<p class=\"has-body-font-family\" style=\"margin-top:var(--wp--preset--spacing--10);margin-bottom:var(--wp--preset--spacing--10)\"><em>Coord. Fernando M. Garc\u00eda Mart\u00edn UPCT | <\/em><\/p>\n\n\n\n<p class=\"has-body-font-family\" style=\"margin-top:var(--wp--preset--spacing--10);margin-bottom:var(--wp--preset--spacing--10)\"><em>Resto de ponentes: Clara Garc\u00eda Mayor UA, Miguel Fern\u00e1ndez Maroto UVa y Isabel Gonz\u00e1lez Garc\u00eda UPM<\/em><\/p>\n<\/div>\n\n\n\n<div class=\"wp-block-column is-layout-flow wp-block-column-is-layout-flow\">\n<h2 class=\"wp-block-heading has-text-align-left has-body-font-family has-medium-font-size\" style=\"margin-top:0;margin-bottom:0\"><strong><mark style=\"background-color:rgba(0, 0, 0, 0)\" class=\"has-inline-color has-contrast-2-color\">BV_1<\/mark><\/strong><\/h2>\n\n\n\n<p class=\"has-body-font-family has-medium-font-size\" style=\"margin-top:var(--wp--preset--spacing--10);margin-bottom:var(--wp--preset--spacing--10);font-style:normal;font-weight:600;text-transform:none\">Planificaci\u00f3n urbana en la ciudad hist\u00f3rica. Los Planes Especiales de Protecci\u00f3n de los Conjuntos Hist\u00f3ricos desde la perspectiva docente e investigadora del AUOT<\/p>\n\n\n\n<p class=\"has-body-font-family has-small-font-size\" style=\"margin-top:var(--wp--preset--spacing--10);margin-bottom:var(--wp--preset--spacing--10)\"><em>\u00a0Coord. Mar\u00eda Isabel Sard\u00f3n de Taboada UAX | <\/em><\/p>\n\n\n\n<p class=\"has-body-font-family has-small-font-size\" style=\"margin-top:var(--wp--preset--spacing--10);margin-bottom:var(--wp--preset--spacing--10)\"><em>Resto de ponentes: Pablo Di\u00e1\u00f1ez Rubio US, Javier Ruiz S\u00e1nchez UPM y Juan Luis Rivas Navarro UGR<\/em><\/p>\n<\/div>\n\n\n\n<div class=\"wp-block-column is-layout-flow wp-block-column-is-layout-flow\">\n<p class=\"has-body-font-family has-medium-font-size\" style=\"margin-top:0;margin-bottom:0;padding-top:0;padding-bottom:0\"><strong><mark style=\"background-color:rgba(0, 0, 0, 0)\" class=\"has-inline-color has-contrast-2-color\">BV_2<\/mark><\/strong><\/p>\n\n\n\n<p class=\"has-body-font-family has-medium-font-size\" style=\"margin-top:var(--wp--preset--spacing--10);margin-bottom:var(--wp--preset--spacing--10);font-style:normal;font-weight:600;text-transform:none\">La colaboraci\u00f3n horizontal y vertical en la docencia. Propuestas. An\u00e1lisis y Resultados.<\/p>\n\n\n\n<p class=\"has-body-font-family has-small-font-size\" style=\"margin-top:var(--wp--preset--spacing--10);margin-bottom:var(--wp--preset--spacing--10)\"><em>Coord. M\u00aa Emilia Casar Furi\u00f3 UPV | <\/em><\/p>\n\n\n\n<p class=\"has-body-font-family has-small-font-size\" style=\"margin-top:var(--wp--preset--spacing--10);margin-bottom:var(--wp--preset--spacing--10)\"><em>Resto de ponentes: Julia Deltoro Soto UPV, Clara Garc\u00eda Mayor UA y Fernando M. Garc\u00eda Mart\u00edn UPCT<\/em><\/p>\n<\/div>\n\n\n\n<div class=\"wp-block-column is-layout-flow wp-block-column-is-layout-flow\">\n<p class=\"has-body-font-family has-small-font-size\" style=\"margin-top:var(--wp--preset--spacing--10);margin-bottom:var(--wp--preset--spacing--10)\"><\/p>\n<\/div>\n<\/div>\n<\/div>\n<\/div>\n<\/div>\n<\/div>\n<\/div>\n<\/div>\n","protected":false},"excerpt":{"rendered":"<p>La ecolog\u00eda del paisaje sugiere una agenda urbana ampliada, que va m\u00e1s all\u00e1 de la planificaci\u00f3n general para tener en cuenta la vida futura de la ciudad. M\u00e1s all\u00e1 de la forma, una ecolog\u00eda artificial de la ciudad abarcar\u00eda necesariamente la estructura (organizaci\u00f3n espacial y territorial), el funcionamiento (los acontecimientos y actividades cotidianos que tienen [&hellip;]<\/p>\n","protected":false},"author":1,"featured_media":0,"parent":0,"menu_order":0,"comment_status":"closed","ping_status":"closed","template":"","meta":{"_seopress_robots_primary_cat":"","_seopress_titles_title":"","_seopress_titles_desc":"","_seopress_robots_index":"","footnotes":""},"class_list":["post-190","page","type-page","status-publish","hentry"],"_links":{"self":[{"href":"https:\/\/wpd.ugr.es\/~auot_granada\/wp-json\/wp\/v2\/pages\/190"}],"collection":[{"href":"https:\/\/wpd.ugr.es\/~auot_granada\/wp-json\/wp\/v2\/pages"}],"about":[{"href":"https:\/\/wpd.ugr.es\/~auot_granada\/wp-json\/wp\/v2\/types\/page"}],"author":[{"embeddable":true,"href":"https:\/\/wpd.ugr.es\/~auot_granada\/wp-json\/wp\/v2\/users\/1"}],"replies":[{"embeddable":true,"href":"https:\/\/wpd.ugr.es\/~auot_granada\/wp-json\/wp\/v2\/comments?post=190"}],"version-history":[{"count":128,"href":"https:\/\/wpd.ugr.es\/~auot_granada\/wp-json\/wp\/v2\/pages\/190\/revisions"}],"predecessor-version":[{"id":1373,"href":"https:\/\/wpd.ugr.es\/~auot_granada\/wp-json\/wp\/v2\/pages\/190\/revisions\/1373"}],"wp:attachment":[{"href":"https:\/\/wpd.ugr.es\/~auot_granada\/wp-json\/wp\/v2\/media?parent=190"}],"curies":[{"name":"wp","href":"https:\/\/api.w.org\/{rel}","templated":true}]}}