{"id":299,"date":"2015-07-14T19:08:01","date_gmt":"2015-07-14T17:08:01","guid":{"rendered":"http:\/\/wdb.ugr.es\/~cajermir\/?page_id=299"},"modified":"2015-07-15T13:03:39","modified_gmt":"2015-07-15T11:03:39","slug":"idiomas","status":"publish","type":"page","link":"https:\/\/wpd.ugr.es\/~cajermir\/informacion-adicional\/idiomas\/","title":{"rendered":"Idiomas"},"content":{"rendered":"<ul>\n<li><em>Espa\u00f1ol <\/em>(nativo)<em><br \/>\n<\/em><\/li>\n<li><em>Franc\u00e9s<\/em> (nivel alto)<\/li>\n<li><em>Ingl\u00e9s<\/em> (nivel medio)<\/li>\n<\/ul>\n<p>&nbsp;<\/p>\n<p>&nbsp;<\/p>\n","protected":false},"excerpt":{"rendered":"<p>Espa\u00f1ol (nativo) Franc\u00e9s (nivel alto) Ingl\u00e9s (nivel medio) &nbsp; &nbsp;<\/p>\n","protected":false},"author":1,"featured_media":0,"parent":78,"menu_order":1,"comment_status":"closed","ping_status":"closed","template":"","meta":{"footnotes":""},"_links":{"self":[{"href":"https:\/\/wpd.ugr.es\/~cajermir\/wp-json\/wp\/v2\/pages\/299"}],"collection":[{"href":"https:\/\/wpd.ugr.es\/~cajermir\/wp-json\/wp\/v2\/pages"}],"about":[{"href":"https:\/\/wpd.ugr.es\/~cajermir\/wp-json\/wp\/v2\/types\/page"}],"author":[{"embeddable":true,"href":"https:\/\/wpd.ugr.es\/~cajermir\/wp-json\/wp\/v2\/users\/1"}],"replies":[{"embeddable":true,"href":"https:\/\/wpd.ugr.es\/~cajermir\/wp-json\/wp\/v2\/comments?post=299"}],"version-history":[{"count":5,"href":"https:\/\/wpd.ugr.es\/~cajermir\/wp-json\/wp\/v2\/pages\/299\/revisions"}],"predecessor-version":[{"id":393,"href":"https:\/\/wpd.ugr.es\/~cajermir\/wp-json\/wp\/v2\/pages\/299\/revisions\/393"}],"up":[{"embeddable":true,"href":"https:\/\/wpd.ugr.es\/~cajermir\/wp-json\/wp\/v2\/pages\/78"}],"wp:attachment":[{"href":"https:\/\/wpd.ugr.es\/~cajermir\/wp-json\/wp\/v2\/media?parent=299"}],"curies":[{"name":"wp","href":"https:\/\/api.w.org\/{rel}","templated":true}]}}