{"id":124,"date":"2021-07-16T13:01:16","date_gmt":"2021-07-16T11:01:16","guid":{"rendered":"https:\/\/wpd.ugr.es\/~dostoievski\/?page_id=124"},"modified":"2021-07-28T12:33:51","modified_gmt":"2021-07-28T10:33:51","slug":"muestra_de_cine","status":"publish","type":"page","link":"https:\/\/wpd.ugr.es\/~dostoievski\/muestra_de_cine\/","title":{"rendered":"Cine"},"content":{"rendered":"<p><em>Para completar las jornadas dedicadas a la herencia cultural de Dostoievski, ofrecemos una muestra de dos pel\u00edculas realizadas por los directores profundamente impactados por la obra del genio ruso. El estadounidense Richard Brooks y el sovi\u00e9tico Iv\u00e1n P\u00fdriev. Sus pel\u00edculas no s\u00f3lo proyectan la mirada de su creador y del equipo de producci\u00f3n sino que tambi\u00e9n dan una perspectiva cultural y geopol\u00edtica sobre las obras m\u00e1s famosas de Dostoievski.<\/em><\/p>\n<h2><a href=\"https:\/\/es.wikipedia.org\/wiki\/Los_hermanos_Karamazov_(pel%C3%ADcula)\"><img loading=\"lazy\" class=\"alignleft size-medium wp-image-65\" src=\"https:\/\/wpd.ugr.es\/~dostoievski\/wp-content\/uploads\/2021\/07\/hermanos-Karamazov_fragmento-300x207.jpg\" alt=\"Hermanos Karamazov, Brooks\" width=\"300\" height=\"207\" srcset=\"https:\/\/wpd.ugr.es\/~dostoievski\/wp-content\/uploads\/2021\/07\/hermanos-Karamazov_fragmento-300x207.jpg 300w, https:\/\/wpd.ugr.es\/~dostoievski\/wp-content\/uploads\/2021\/07\/hermanos-Karamazov_fragmento-1024x706.jpg 1024w, https:\/\/wpd.ugr.es\/~dostoievski\/wp-content\/uploads\/2021\/07\/hermanos-Karamazov_fragmento-768x530.jpg 768w, https:\/\/wpd.ugr.es\/~dostoievski\/wp-content\/uploads\/2021\/07\/hermanos-Karamazov_fragmento.jpg 1299w\" sizes=\"(max-width: 300px) 100vw, 300px\" \/><\/a><\/h2>\n<h2>Los hermanos Karam\u00e1zov<\/h2>\n<p><strong><span style=\"color: #993366;\">lunes, 20 de septiembre<\/span>. 21:00. Cineclub UGR (Av. Madrid s\/n ant. facultad de Medicina)<\/strong><\/p>\n<p>La pel\u00edcula, dirigida por Richard Brooks y estrenada en 1958, est\u00e1 basada en la novela hom\u00f3nima de Dostoievski. Narra el conflicto m\u00faltiple surgido en el seno de una familia complicada. 4 hijos de un padre, mezquino y manipulador, se ven envueltos en una trama de asesinato y traiciones.<\/p>\n<p>Protagonizada por <a title=\"Albert Salmi\" href=\"https:\/\/es.wikipedia.org\/wiki\/Yul_Brynner\">Yul Brynner<\/a> (Dmitri), <a title=\"\" href=\"https:\/\/es.wikipedia.org\/wiki\/Richard_Basehart\">Richard Basehart<\/a> (Iv\u00e1n) y <a title=\"William Shatner\" href=\"https:\/\/es.wikipedia.org\/wiki\/William_Shatner\">William Shatner<\/a> (Aleks\u00e9i), <a title=\"\" href=\"https:\/\/es.wikipedia.org\/wiki\/Albert_Salmi\">Albert Salmi<\/a> (Smerdiakov), <a title=\"\" href=\"https:\/\/es.wikipedia.org\/wiki\/Maria_Schell\">Maria Schell<\/a> (Gruzhen&#8217;ka) y <a title=\"Richard Basehart\" href=\"https:\/\/es.wikipedia.org\/wiki\/Claire_Bloom\">Claire Bloom<\/a>(Katia).<\/p>\n<hr \/>\n<h2>\u0418\u0434\u0438\u043e\u0442 \/ The idiot<img loading=\"lazy\" class=\"alignright wp-image-66 size-medium\" src=\"https:\/\/wpd.ugr.es\/~dostoievski\/wp-content\/uploads\/2021\/07\/fmt_114_24_the-idiot-1958-5-300x170.jpg\" alt=\"Idiot, Pyriev, 1958\" width=\"300\" height=\"170\" srcset=\"https:\/\/wpd.ugr.es\/~dostoievski\/wp-content\/uploads\/2021\/07\/fmt_114_24_the-idiot-1958-5-300x170.jpg 300w, https:\/\/wpd.ugr.es\/~dostoievski\/wp-content\/uploads\/2021\/07\/fmt_114_24_the-idiot-1958-5-1024x580.jpg 1024w, https:\/\/wpd.ugr.es\/~dostoievski\/wp-content\/uploads\/2021\/07\/fmt_114_24_the-idiot-1958-5-768x435.jpg 768w, https:\/\/wpd.ugr.es\/~dostoievski\/wp-content\/uploads\/2021\/07\/fmt_114_24_the-idiot-1958-5.jpg 1280w\" sizes=\"(max-width: 300px) 100vw, 300px\" \/><\/h2>\n<p><strong><span style=\"color: #993366;\">viernes, 24 de septiembre<\/span>. Sala de conferencias de la Facultad de Traducci\u00f3n (C. Puentezuelas, 55)<\/strong><\/p>\n<p><em><strong>En ruso con subt\u00edtulos en ingl\u00e9s<\/strong><\/em><\/p>\n<p>La pel\u00edcula contar\u00e1 con la presentaci\u00f3n del especialista en el cine sovi\u00e9tico <a href=\"http:\/\/cinesovietico.com\/\" target=\"_blank\" rel=\"noopener\">Carlos Valmaseda<\/a>. La presentaci\u00f3n y el visionado de la pel\u00edcula se har\u00e1n en formato h\u00edbrido.<\/p>\n<p>Rodada en Rusia bajo la direcci\u00f3n de un conocido director Iv\u00e1n P\u00fdriev, vio la luz en 1958. Con una cuidada selecci\u00f3n de actores de primer nivel, muestra la historia de un ser ingenuo y bueno por naturaleza que revoluciona un peque\u00f1o c\u00edrculo de personas acomodadas en San Petersburgo. De nuevo, el espectador se encuentra con el amor, la pasi\u00f3n y la muerte.<\/p>\n<p>Protagonizada por <a href=\"https:\/\/es.wikipedia.org\/wiki\/Yuri_Y%C3%A1kovlev\">Yuri Y\u00e1kovlev<\/a> (Myshkin), <a href=\"https:\/\/en.wikipedia.org\/wiki\/Yuliya_Borisova\">Yulia Bor\u00edsova<\/a> (Nastasia Fil\u00edpovna), <a href=\"https:\/\/ru.wikipedia.org\/wiki\/%D0%9F%D0%B0%D1%80%D1%85%D0%BE%D0%BC%D0%B5%D0%BD%D0%BA%D0%BE,_%D0%9B%D0%B5%D0%BE%D0%BD%D0%B8%D0%B4_%D0%98%D0%BB%D1%8C%D0%B8%D1%87\">Leonid Parj\u00f3menko<\/a> (Rogozhin) y <a href=\"https:\/\/ru.wikipedia.org\/wiki\/%D0%9C%D0%B0%D0%BA%D1%81%D0%B8%D0%BC%D0%BE%D0%B2%D0%B0,_%D0%A0%D0%B0%D0%B8%D1%81%D0%B0_%D0%92%D0%B8%D0%BA%D1%82%D0%BE%D1%80%D0%BE%D0%B2%D0%BD%D0%B0\">Ra\u00edsa Maks\u00edmova<\/a> (Aglaia Yepanchin\u00e1).<\/p>\n","protected":false},"excerpt":{"rendered":"<p>Para completar las jornadas dedicadas a la herencia cultural de Dostoievski, ofrecemos una muestra de dos pel\u00edculas realizadas por los directores profundamente impactados por la obra del genio ruso. El estadounidense Richard Brooks y el sovi\u00e9tico Iv\u00e1n P\u00fdriev. Sus pel\u00edculas no s\u00f3lo proyectan la mirada de su creador y del equipo de producci\u00f3n sino que&hellip; <br \/> <a class=\"button small blue\" href=\"https:\/\/wpd.ugr.es\/~dostoievski\/muestra_de_cine\/\">Leer m\u00e1s<\/a><\/p>\n","protected":false},"author":1,"featured_media":0,"parent":0,"menu_order":0,"comment_status":"closed","ping_status":"closed","template":"","meta":[],"_links":{"self":[{"href":"https:\/\/wpd.ugr.es\/~dostoievski\/wp-json\/wp\/v2\/pages\/124"}],"collection":[{"href":"https:\/\/wpd.ugr.es\/~dostoievski\/wp-json\/wp\/v2\/pages"}],"about":[{"href":"https:\/\/wpd.ugr.es\/~dostoievski\/wp-json\/wp\/v2\/types\/page"}],"author":[{"embeddable":true,"href":"https:\/\/wpd.ugr.es\/~dostoievski\/wp-json\/wp\/v2\/users\/1"}],"replies":[{"embeddable":true,"href":"https:\/\/wpd.ugr.es\/~dostoievski\/wp-json\/wp\/v2\/comments?post=124"}],"version-history":[{"count":11,"href":"https:\/\/wpd.ugr.es\/~dostoievski\/wp-json\/wp\/v2\/pages\/124\/revisions"}],"predecessor-version":[{"id":272,"href":"https:\/\/wpd.ugr.es\/~dostoievski\/wp-json\/wp\/v2\/pages\/124\/revisions\/272"}],"wp:attachment":[{"href":"https:\/\/wpd.ugr.es\/~dostoievski\/wp-json\/wp\/v2\/media?parent=124"}],"curies":[{"name":"wp","href":"https:\/\/api.w.org\/{rel}","templated":true}]}}