{"id":117,"date":"2018-10-01T08:28:46","date_gmt":"2018-10-01T08:28:46","guid":{"rendered":"https:\/\/wpd.ugr.es\/~dpelta\/wordpress\/?page_id=117"},"modified":"2025-10-01T07:58:08","modified_gmt":"2025-10-01T07:58:08","slug":"projects","status":"publish","type":"page","link":"https:\/\/wpd.ugr.es\/~dpelta\/wordpress\/?page_id=117","title":{"rendered":"My Projects"},"content":{"rendered":"<h4><a name=\"Research_Projects\"><\/a>Research Projects<\/h4>\n<p>I&#8217;m currently leading the projects:<\/p>\n<ul>\n<li>CADEMAS:<em> Estudio, An\u00e1lisis y Evaluaci\u00f3n de Sistemas Automatizados de Decisi\u00f3n Cooperativos (Study, Analysis and Evaluation of Cooperative Automated Decision Making Systems (CADEMAS)), <\/em>Ministerio de Ciencia, Innovaci\u00f3n y Universidades (PID2023-146575NB-I00, por MICIU\/ AEI \/10.13039\/501100011033 y por FEDER,UE)<\/li>\n<li>COMAS: <em>Modelizaci\u00f3n y An\u00e1lisis de Contextos para el Dise\u00f1o de Sistemas Automatizados de Decisi\u00f3n en Turismo y Movilidad<\/em> (Context Modelling and Analysis for the Design of Automated Decision-Making Systems in Tourism and Mobility). Mrio. de Ciencia e Innovaci\u00f3n (PID2020-112754GB-I00, MCIN\/AEI\/10.13039\/501100011033)<\/li>\n<\/ul>\n<p>I was the principal investigator of the project:<\/p>\n<ul>\n<li>SAUDADE: <em><em>Sistemas Autom\u00e1ticos de Decisi\u00f3n: An\u00e1lisis, Dise\u00f1o y Experimentaci\u00f3n. (Automated Decisions Systems: Analysis, Design and Experimentation)\u00a0<\/em><\/em>FEDER\/Junta de Andaluc\u00eda-Consejer\u00eda de Transformaci\u00f3n Econ\u00f3mica, Industria, Conocimiento y Universidades \/ Proyecto 2020B-TIC-640-UGR20<\/li>\n<li>AMMERICA: <em>An\u00e1lisis de Modelos de Movilidad y Energ\u00edas Renovables basados en Inteligencia Computacional: Aplicaciones en el \u00c1mbito de las Ciudades Sostenibles (Computational Intelligence-based\u00a0 Models of Mobility and Renewable Energies: Applications in Sustainable Cities) <\/em>. Ministerio de Econom\u00eda, Industria y Competitividad (TIN2017-86647-P)<\/li>\n<li>MODAS-3DE: Modelos de Optimizaci\u00f3n y Decisi\u00f3n: Aplicaciones y Soluciones con T\u00e9cnicas de Soft Computing en 3 Distintos Escenarios (Decision and Optimization Models: Soft Computing based applications and solutions for 3 different scenarios). Ministerio de Econom\u00eda y Competitividad (TIN2014-55024-P)<\/li>\n<\/ul>\n<ul>\n<li><em> <a href=\"http:\/\/decsai.ugr.es\/~dpelta\/Proyecto\/default.html\">Estrategias de Optimizacion en Sistemas Inteligentes: Aplicaciones en Escenarios Dinamicos<\/a><\/em> (TIN2008-01948\/TIN) (Optimization Strategies in Intelligent Systems: Applications on dynamic scenarios). Spanish Ministry of Science and Innovation<\/li>\n<\/ul>\n<p>I&#8217;m involved (or I was) in the following projects:<\/p>\n<ul>\n<li>Construcci\u00f3n de bases para una digitalizaci\u00f3n eficiente, legal y garantista de los sistemas de resoluci\u00f3n alternativa de litigios de consumo mediante plataformas tecnol\u00f3gicas, IP:\u00a0\u00a0Fernando Esteban de la Rosa, Mar\u00eda J. Fern\u00e1ndez-F\u00edgares Morales <strong>(ongoing)<\/strong><\/li>\n<li><a href=\"http:\/\/modo.ugr.es\/ASCETAS\/default.html\">ASCETAS<\/a>: <em>Aplicabilidad de la Soft Computing en Entornos Tecnol\u00f3gicos Avanzados<\/em>. Ministerio de Econom\u00eda y Competitividad, TIN2011-27696-C02-01<\/li>\n<li>VASCAS: Viabilidad de las Aplicaciones de la Soft Computing en Areas Sostenibles. Consejeria de Economia, Innovacion y Ciencia, Junta de Andaluc\u00eda, P11-TIC-8001<\/li>\n<li>MODI: <em>Modelos de Optimizaci\u00f3n Din\u00e1micos e Imprecisos en Sistemas Inteligentes: Estudio de M\u00e9todos de Soluci\u00f3n y Aplicaciones.<\/em> Consejer\u00eda de Innovaci\u00f3n, Ciencia y Empresa, Junta de Andaluc\u00eda. P07-TIC-02970<\/li>\n<li>OPEN-BIA: <em>Plataforma Inteligente de Gesti\u00f3n de Informaci\u00f3n Orientada a la Toma de Decisiones Empresariales<\/em>. Ministerio de Industria, Turismo y Comercio, TSI 020513\u20132009-74<\/li>\n<li><a href=\"http:\/\/www.procksi.net\">ProCKSI<\/a>: <em>Automated Grid-Aware, three-tier, Protocol for Protein Structure Comparison<\/em> (BBSRC-BB\/C511764\/1)<\/li>\n<li><a href=\"http:\/\/www.nisis.de\/\">NiSIS<\/a>: <em>Nature Inspired Smart Information Systems<\/em> (FP6-2002-IST-1\/13569). Under this project I ran the Task Force on Nature Inspired Cooperative Strategies for Optimization<\/li>\n<li><a href=\"http:\/\/modo.ugr.es\/heurifuzzy\">HeuriFuzzy<\/a>: <em>T\u00e9cnicas de Soft Computing para Heur\u00edsticas Cooperativas<\/em> (TIN2005-08404-C04-00) (Soft Computing Techniques for Cooperative Heuristics)<\/li>\n<li><a href=\"http:\/\/modo.ugr.es\/heurifuzzy\">HeuriCosc<\/a>: <em>Desarrollo de Heuristicas Cooperativas basadas en Soft Computing: Aplicaciones en Bioinformatica<\/em> (TIN2005-08404-C04-01).<\/li>\n<li><a href=\"http:\/\/modo.ugr.es\/actividad_i_d_i\/proyectos_de_investigacion_en_curso\/rescate\">RESCATE<\/a>: <em>Coordinaci\u00f3n y Articulaci\u00f3n de I+D+I Basada en Soft Computing<\/em> (TIN2005-24790-E)<\/li>\n<li><a href=\"http:\/\/modo.ugr.es\/actividad_i_d_i\/proyectos_de_investigacion_en_curso\/minas_modelos_inspirados_en_la_naturaleza_aplicaciones_en_soft_computing\">MINAS<\/a>: <em>Modelos Inspirados en la Naturaleza: Aplicaciones en Soft Computing<\/em> (TIC-00129-PE)<\/li>\n<\/ul>\n","protected":false},"excerpt":{"rendered":"<p>Research Projects I&#8217;m currently leading the projects: CADEMAS: Estudio, An\u00e1lisis y Evaluaci\u00f3n de Sistemas Automatizados de Decisi\u00f3n Cooperativos (Study, Analysis and Evaluation of Cooperative Automated Decision Making Systems (CADEMAS)), Ministerio de Ciencia, Innovaci\u00f3n y Universidades (PID2023-146575NB-I00, por MICIU\/ AEI \/10.13039\/501100011033 y por FEDER,UE) COMAS: Modelizaci\u00f3n y An\u00e1lisis de Contextos para el Dise\u00f1o de Sistemas Automatizados<\/p><\/div>\n<div class=\"blog-btn\"><a href=\"https:\/\/wpd.ugr.es\/~dpelta\/wordpress\/?page_id=117\" class=\"home-blog-btn\">Read More<\/a><\/p>\n","protected":false},"author":1,"featured_media":0,"parent":24,"menu_order":0,"comment_status":"closed","ping_status":"closed","template":"","meta":{"footnotes":""},"class_list":["post-117","page","type-page","status-publish","hentry"],"_links":{"self":[{"href":"https:\/\/wpd.ugr.es\/~dpelta\/wordpress\/index.php?rest_route=\/wp\/v2\/pages\/117","targetHints":{"allow":["GET"]}}],"collection":[{"href":"https:\/\/wpd.ugr.es\/~dpelta\/wordpress\/index.php?rest_route=\/wp\/v2\/pages"}],"about":[{"href":"https:\/\/wpd.ugr.es\/~dpelta\/wordpress\/index.php?rest_route=\/wp\/v2\/types\/page"}],"author":[{"embeddable":true,"href":"https:\/\/wpd.ugr.es\/~dpelta\/wordpress\/index.php?rest_route=\/wp\/v2\/users\/1"}],"replies":[{"embeddable":true,"href":"https:\/\/wpd.ugr.es\/~dpelta\/wordpress\/index.php?rest_route=%2Fwp%2Fv2%2Fcomments&post=117"}],"version-history":[{"count":18,"href":"https:\/\/wpd.ugr.es\/~dpelta\/wordpress\/index.php?rest_route=\/wp\/v2\/pages\/117\/revisions"}],"predecessor-version":[{"id":356,"href":"https:\/\/wpd.ugr.es\/~dpelta\/wordpress\/index.php?rest_route=\/wp\/v2\/pages\/117\/revisions\/356"}],"up":[{"embeddable":true,"href":"https:\/\/wpd.ugr.es\/~dpelta\/wordpress\/index.php?rest_route=\/wp\/v2\/pages\/24"}],"wp:attachment":[{"href":"https:\/\/wpd.ugr.es\/~dpelta\/wordpress\/index.php?rest_route=%2Fwp%2Fv2%2Fmedia&parent=117"}],"curies":[{"name":"wp","href":"https:\/\/api.w.org\/{rel}","templated":true}]}}