{"id":123,"date":"2018-10-01T08:42:22","date_gmt":"2018-10-01T08:42:22","guid":{"rendered":"https:\/\/wpd.ugr.es\/~dpelta\/wordpress\/?page_id=123"},"modified":"2024-09-09T09:52:32","modified_gmt":"2024-09-09T09:52:32","slug":"as-advisor","status":"publish","type":"page","link":"https:\/\/wpd.ugr.es\/~dpelta\/wordpress\/?page_id=123","title":{"rendered":"My Role as Advisor"},"content":{"rendered":"<p><em><strong>PhD Students<br \/>\n<\/strong><\/em><\/p>\n<p>At different stages of their PhD&#8217;s, I&#8217;m supervising or co-supervising the following students:<\/p>\n<ul>\n<li>Ferraz Correa, Douglas: <em>Application of Machine Learning and Stochastic Population-Based Methods in Inverse Bi-flux Anomalous Diffusion Problems. <\/em><\/li>\n<li>Fraga Mares Guia de Carvalho, Guido: <em>Formulation and Solution of Direct and Inverse Problems in Pollutant Transport in the Atmospheric Boundary Layer Using Physics-Informed Machine Learning (PIML)<\/em><\/li>\n<\/ul>\n<p><strong>Finished Phd thesis<\/strong><\/p>\n<ul>\n<li>Carlos Cruz Corona: Estrategias Coordinadas Paralelas basadas en\u00a0 Soft Computing para la Soluci\u00f3n de Problemas de Optimizaci\u00f3n\u00a0 (Soft Computing based, parallel coordinated strategies for\u00a0 solving optimization problems). Finished, 2005<\/li>\n<li>\n<p class=\"style3\">Juan Ramon Gonzalez Gonzalez: Herramientas de Soft Computing para la Comparacion de Estructuras de Proteinas( Soft Computing tools for the protein structure comparison problem) (co-advisor: Marcos Moreno Vega) Finished, 2008<\/p>\n<\/li>\n<li>\n<p class=\"style3\">Antonio Masegosa: Cooperative Methods in Optimization: Analysis and Results (co-advisor: J.L. Verdegay). Finished. April 2010<\/p>\n<\/li>\n<li>\n<p class=\"style3\">Enrique Onieva Caracuel: T\u00e9cnicas Difusas y Evolutivas para el control de veh\u00edculos en entornos reales y virtuales (Fuzzy and Evolutionary techniques for vehicle control in real and virtual environments). (co-advisor:Teresa de Pedro Lucio). Finished May 2011<\/p>\n<\/li>\n<li>\n<p class=\"style3\">Ignacio Garcia del Amo: Uncertain and Dynamic Optimization Problems: Solving Strategies and Applications. (co-advisor: J.L. Verdegay) Finished November 2012<\/p>\n<\/li>\n<li>\n<p class=\"style3\">Pavel Novoa Hernandez: T\u00e9cnicas avanzadas de optimizaci\u00f3n en ambientes din\u00e1micos, (co-advisor: Carlos Cruz) Finished Noviembre 2013<\/p>\n<\/li>\n<li>\n<p class=\"style3\">Pablo Villacorta Iglesias: Adversarial Decision Making (co-advisor: J.L. Verdegay). Finished, November 2015<\/p>\n<\/li>\n<li>\n<p class=\"style3\">Jenny Fajardo Calderin: Soft Computing en Problemas de Optimizaci\u00f3n Din\u00e1micos(co-advisor: A. Masegosa). Finished, December 2015<\/p>\n<\/li>\n<li>\n<p class=\"style3\">Virgilio Cruz Guzm\u00e1n: Modelos basados en Soft Computing para el manejo de la incertidumbre en problemas de localizaci\u00f3n con cobertura(co-advisor: J.L. Verdegay). Finished, June 2016<\/p>\n<\/li>\n<li>\n<p class=\"style3\">Blanca Alejandra Ceballos: Modelos de Decisi\u00f3n Multi-Criterio en Entornos con Incertidumbre: Estudio Comparativo y Aplicaci\u00f3n(co-advisor: M.T. Lamata). Finished, January 2017<\/p>\n<\/li>\n<li>\n<p class=\"style3\">Marina Torres Anaya: Modelos de Optimizaci\u00f3n y Decisi\u00f3n basados en Soft Computing para Mapas Deformables. Finished, December 2019<\/p>\n<\/li>\n<li>Cynthia Porras Nodarse: Modelo y algoritmos para resolver el problema de m\u00e1xima cobertura din\u00e1mico con tipos de instalaciones y disponibilidad variable en el tiempo. September 2021 (Univ. Tecnol\u00f3gica de La Habana, Cuba)<\/li>\n<li>\n<p class=\"style3\">Hanane El Raoui: Models and computational intelligence approaches for the last mile delivery problem in food supply chain. (In co-tutelle agreement with the Sidi Mohamed Ben Abdellah University, Morocco). Finished. January 2022<\/p>\n<\/li>\n<\/ul>\n<p><em><strong>Master&#8217;s Projects<\/strong><\/em><\/p>\n<p><em>Master en Soft Computing y Sistemas Inteligentes(finished program)<br \/>\n<\/em><\/p>\n<ul>\n<li>Enrique Onieva Caracuel: Soft Computing techniques for the automatic control of an autonomous vehicle, 2008<\/li>\n<li>Pablo Villacorta Iglesias: Analysis and design of decision strategies in the presence of adversaries, 2010<\/li>\n<li>Leticia Algarra Uliarte: DVRP-OCR: un m\u00e9todo cooperativo basado en heur\u00edsticas simples para el problema de ruteo de veh\u00edculos din\u00e1mico, 2011<\/li>\n<li>Virgilio Guzm\u00e1n: Sistemas Inteligentes para atenci\u00f3n socio-sanitaria: Una herramienta para el dise\u00f1o y validaci\u00f3n de despliegue de recursos, 2013<\/li>\n<\/ul>\n<p><em>Master en Ciencia de Datos (to be completed) <\/em><\/p>\n<ul>\n<li>Hugo Orlando G\u00f3mez Espinoza, Estrategias Cooperativas de Optimizaci\u00f3n en R para Problemas de Localizaci\u00f3n con Cobertura M\u00e1xima. 2015<\/li>\n<li>Carlos Castillo Villalta, Estrategias cooperativas de optimizaci\u00f3n para el problema de network interdiction,2016<\/li>\n<li>Elena Bueno Benito, Gesti\u00f3n de preferencias en el Problema de Dise\u00f1o de Rutas Multi-d\u00eda para turistas, 2021<\/li>\n<\/ul>\n<p><em>M\u00e1ster Universitario en Profesorado de Ense\u00f1anza Secundaria Obligatoria y Bachillerato, Formaci\u00f3n Profesional y Ense\u00f1anzas de Idiomas, Universidad de Granada.<\/em><\/p>\n<ul>\n<li>Ense\u00f1anza y Uso de las TIC mediante Aprendizaje Basado en Proyectos en la ESO y Bachillerato, Diego L\u00f3pez Ruiz, 2016 &#8211; 2017<\/li>\n<li>M\u00e9todos Multi-criterio para la Valoraci\u00f3n de Herramientas Educativas, Blanca Ceballos, 2016 &#8211; 2017<\/li>\n<li>Aprendizaje de Redes y Servicios con Raspberry Pi. Propuesta de material did\u00e1ctico transversal, Angela Pozo Mateos, 2019 &#8211; 2020<\/li>\n<li>Uso de M\u00e1quinas Virtuales en Formaci\u00f3n Profesional de Grado Superior T\u00e9cnico Superior en Administraci\u00f3n de Sistemas Inform\u00e1ticos en Red, Juan Jos\u00e9 Garc\u00eda Luque, 2019 &#8211; 2020<\/li>\n<\/ul>\n<p><em><strong>Computer Science Engineer &#8211; Final year Student&#8217;s Project (a showcase)<br \/>\n<\/strong><\/em><\/p>\n<ul>\n<li>Guillermo Medialdea Burgos, Estudio y an\u00e1lisis comparativo de algoritmos para la generaci\u00f3n de mazmorras, 2024<\/li>\n<li>Luc\u00eda S\u00e1nchez-Montes G\u00f3mez, Dise\u00f1o y evaluaci\u00f3n de algoritmos para el problema del dise\u00f1o de rutas tur\u00edsticas personalizadas, 2024<\/li>\n<li>Ana Lucia Vico Mart\u00ednez, Aplicaci\u00f3n software para facilitar la vida social a personas con intolerancias alimentarias, 2023<\/li>\n<li>Javier Serrano Lucas, Un sistema multicriterio de ayuda a la decisi\u00f3n para la elecci\u00f3n de rutas tur\u00edsticas, 2023<\/li>\n<li>Emilio Vargas Ib\u00e1\u00f1ez, MisLibros: una app para la gesti\u00f3n de bibliotecas personales, 2023<\/li>\n<li>\u00c1ngel G\u00f3mez Ferrer, Una aplicaci\u00f3n para la gesti\u00f3n de trueques, 2023<\/li>\n<li>Adrian Jose Martinez Navarro, Un enfoque metaheur\u00edstico para el problema de despliegue de redes 5G, 2021<\/li>\n<li>Leticia Algarra Ulierte, Jos\u00e9 Manuel Acosta Arza: Dise\u00f1o y optimizaci\u00f3n de coches virtuales en TORCS. 2009 &#8211; 2010<\/li>\n<li>Pablo Villacorta: Design and implementation of a software tool for studying decision problems in adversarial domains, 2008-2009<\/li>\n<li>Enrique Onieva: A Simulator for Self &#8211; Assembly of Tile Models and a Tool for the Automatic Design of Tiles, 2007-2008<\/li>\n<li>Francisco Bonachela: Bio-Inspired Cooperative Strategies for Optimzation, 2006-2007<\/li>\n<\/ul>\n","protected":false},"excerpt":{"rendered":"<p>PhD Students At different stages of their PhD&#8217;s, I&#8217;m supervising or co-supervising the following students: Ferraz Correa, Douglas: Application of Machine Learning and Stochastic Population-Based Methods in Inverse Bi-flux Anomalous Diffusion Problems. Fraga Mares Guia de Carvalho, Guido: Formulation and Solution of Direct and Inverse Problems in Pollutant Transport in the Atmospheric Boundary Layer Using<\/p><\/div>\n<div class=\"blog-btn\"><a href=\"https:\/\/wpd.ugr.es\/~dpelta\/wordpress\/?page_id=123\" class=\"home-blog-btn\">Read More<\/a><\/p>\n","protected":false},"author":1,"featured_media":0,"parent":24,"menu_order":0,"comment_status":"closed","ping_status":"closed","template":"","meta":{"footnotes":""},"class_list":["post-123","page","type-page","status-publish","hentry"],"_links":{"self":[{"href":"https:\/\/wpd.ugr.es\/~dpelta\/wordpress\/index.php?rest_route=\/wp\/v2\/pages\/123","targetHints":{"allow":["GET"]}}],"collection":[{"href":"https:\/\/wpd.ugr.es\/~dpelta\/wordpress\/index.php?rest_route=\/wp\/v2\/pages"}],"about":[{"href":"https:\/\/wpd.ugr.es\/~dpelta\/wordpress\/index.php?rest_route=\/wp\/v2\/types\/page"}],"author":[{"embeddable":true,"href":"https:\/\/wpd.ugr.es\/~dpelta\/wordpress\/index.php?rest_route=\/wp\/v2\/users\/1"}],"replies":[{"embeddable":true,"href":"https:\/\/wpd.ugr.es\/~dpelta\/wordpress\/index.php?rest_route=%2Fwp%2Fv2%2Fcomments&post=123"}],"version-history":[{"count":14,"href":"https:\/\/wpd.ugr.es\/~dpelta\/wordpress\/index.php?rest_route=\/wp\/v2\/pages\/123\/revisions"}],"predecessor-version":[{"id":348,"href":"https:\/\/wpd.ugr.es\/~dpelta\/wordpress\/index.php?rest_route=\/wp\/v2\/pages\/123\/revisions\/348"}],"up":[{"embeddable":true,"href":"https:\/\/wpd.ugr.es\/~dpelta\/wordpress\/index.php?rest_route=\/wp\/v2\/pages\/24"}],"wp:attachment":[{"href":"https:\/\/wpd.ugr.es\/~dpelta\/wordpress\/index.php?rest_route=%2Fwp%2Fv2%2Fmedia&parent=123"}],"curies":[{"name":"wp","href":"https:\/\/api.w.org\/{rel}","templated":true}]}}