{"id":320,"date":"2021-10-28T07:52:09","date_gmt":"2021-10-28T07:52:09","guid":{"rendered":"https:\/\/wpd.ugr.es\/~dpelta\/wordpress\/?page_id=320"},"modified":"2025-11-04T12:30:33","modified_gmt":"2025-11-04T12:30:33","slug":"optimizacion-y-computacion-inteligente","status":"publish","type":"page","link":"https:\/\/wpd.ugr.es\/~dpelta\/wordpress\/?page_id=320","title":{"rendered":"Optimizaci\u00f3n y Computaci\u00f3n Inteligente"},"content":{"rendered":"\n<p>En esta p\u00e1gina puedes encontrar los enlaces a los ejemplos vistos en clase.<\/p>\n\n\n<p><strong>Ejemplos de TSP <\/strong><\/p>\n<ul>\n<li><a href=\"https:\/\/www.math.uwaterloo.ca\/tsp\/index.html  \">Datos sobre TSP <\/a><\/li>\n<li><a href=\"https:\/\/www.math.uwaterloo.ca\/tsp\/app\/diy.html#\">Ejemplo de Algoritmos 1<\/a><\/li>\n<li><a href=\"https:\/\/tspvis.com\/\">Ejemplo de Algoritmos 2<\/a><\/li>\n<\/ul>\n<p><!-- \/wp:post-content --><\/p>\n<p><strong>Ejemplos usando Netlogo<\/strong><\/p>\n<ul>\n<li><a href=\"https:\/\/www.netlogoweb.org\/\">P\u00e1gina de Netlogo Web<\/a><\/li>\n<li><a href=\"https:\/\/www.netlogoweb.org\/launch#https:\/\/www.netlogoweb.org\/assets\/modelslib\/Code%20Examples\/Hill%20Climbing%20Example.nlogo\">Ejemplo de &#8220;Hill Climbing&#8221;<\/a><\/li>\n<li><a href=\"https:\/\/www.netlogoweb.org\/launch#https:\/\/www.netlogoweb.org\/assets\/modelslib\/Sample%20Models\/Computer%20Science\/Unverified\/Simulated%20Annealing.nlogo\">Ejemplo de &#8220;Simulated Annealing&#8221;<\/a><\/li>\n<\/ul>\n<p><strong>Ejemplos adicionales de Simulated Annealing<\/strong><\/p>\n<ul>\n<li><a href=\"https:\/\/csvisualized.eschirtz.com\/#\/demos\/ep01\">Una visualizaci\u00f3n de Simulated Annealing en 1D<\/a><\/li>\n<li><a href=\"https:\/\/www.nayuki.io\/page\/simulated-annealing-demo\">Minimizacion energ\u00eda en una imagen<\/a><\/li>\n<\/ul>\n<p><!-- \/wp:paragraph --><\/p>\n<p><!-- wp:paragraph --><\/p>\n<p><strong>Compite contra la m\u00e1quina<\/strong><\/p>\n<p>En el siguiente enlace puedes encontrar una serie de juegos basados en problemas de optimizaci\u00f3n, elaborados por el Profesor Jon\u00e1s Velasco, del SECIHTI-CIMAT, Aguascalientes, M\u00e9xico.<\/p>\n<p>Resuelve el problema manualmente y luego compara tu soluci\u00f3n con la de un algoritmo.\u00a0<\/p>\n<p><a href=\"https:\/\/jonasvelasco.com\/recursos\/investigacion-operaciones\">https:\/\/jonasvelasco.com\/recursos\/investigacion-operaciones<\/a><\/p>\n<p><strong>Si conoces Python<\/strong><\/p>\n<p><a href=\"https:\/\/colab.research.google.com\/drive\/1E2rNEcTHX6yKNKbF3tN9Aeumf0EG11VB?usp=sharing\">Encuentra la frase (Hill Climbing en Python)<\/a><\/p>\n<p><!-- \n\n\n\n\n\n<p><a href=\"http:\/\/tpcg.io\/2LINCR\">Encuentra la frase (Hill Climbing en Python)<\/a><\/p>\n\n\n\n\n\n --><\/p>\n<p><a href=\"http:\/\/tpcg.io\/AE1JX7\">Resoluci\u00f3n de SUDOKU con Simulated Annealing <\/a><\/p>\n<p>(El video y el c\u00f3digo est\u00e1n disponibles <a href=\"https:\/\/www.youtube.com\/watch?v=FyyVbuLZav8\">aqu\u00ed)<\/a><\/p>\n<p><!-- \/wp:paragraph --><\/p>","protected":false},"excerpt":{"rendered":"<p>En esta p\u00e1gina puedes encontrar los enlaces a los ejemplos vistos en clase. Ejemplos de TSP Datos sobre TSP Ejemplo de Algoritmos 1 Ejemplo de Algoritmos 2 Ejemplos usando Netlogo P\u00e1gina de Netlogo Web Ejemplo de &#8220;Hill Climbing&#8221; Ejemplo de &#8220;Simulated Annealing&#8221; Ejemplos adicionales de Simulated Annealing Una visualizaci\u00f3n de Simulated Annealing en 1D Minimizacion<\/p><\/div>\n<div class=\"blog-btn\"><a href=\"https:\/\/wpd.ugr.es\/~dpelta\/wordpress\/?page_id=320\" class=\"home-blog-btn\">Read More<\/a><\/p>\n","protected":false},"author":1,"featured_media":0,"parent":26,"menu_order":0,"comment_status":"closed","ping_status":"closed","template":"","meta":{"footnotes":""},"class_list":["post-320","page","type-page","status-publish","hentry"],"_links":{"self":[{"href":"https:\/\/wpd.ugr.es\/~dpelta\/wordpress\/index.php?rest_route=\/wp\/v2\/pages\/320","targetHints":{"allow":["GET"]}}],"collection":[{"href":"https:\/\/wpd.ugr.es\/~dpelta\/wordpress\/index.php?rest_route=\/wp\/v2\/pages"}],"about":[{"href":"https:\/\/wpd.ugr.es\/~dpelta\/wordpress\/index.php?rest_route=\/wp\/v2\/types\/page"}],"author":[{"embeddable":true,"href":"https:\/\/wpd.ugr.es\/~dpelta\/wordpress\/index.php?rest_route=\/wp\/v2\/users\/1"}],"replies":[{"embeddable":true,"href":"https:\/\/wpd.ugr.es\/~dpelta\/wordpress\/index.php?rest_route=%2Fwp%2Fv2%2Fcomments&post=320"}],"version-history":[{"count":13,"href":"https:\/\/wpd.ugr.es\/~dpelta\/wordpress\/index.php?rest_route=\/wp\/v2\/pages\/320\/revisions"}],"predecessor-version":[{"id":361,"href":"https:\/\/wpd.ugr.es\/~dpelta\/wordpress\/index.php?rest_route=\/wp\/v2\/pages\/320\/revisions\/361"}],"up":[{"embeddable":true,"href":"https:\/\/wpd.ugr.es\/~dpelta\/wordpress\/index.php?rest_route=\/wp\/v2\/pages\/26"}],"wp:attachment":[{"href":"https:\/\/wpd.ugr.es\/~dpelta\/wordpress\/index.php?rest_route=%2Fwp%2Fv2%2Fmedia&parent=320"}],"curies":[{"name":"wp","href":"https:\/\/api.w.org\/{rel}","templated":true}]}}