{"id":30,"date":"2021-01-20T12:31:44","date_gmt":"2021-01-20T12:31:44","guid":{"rendered":"https:\/\/wpd.ugr.es\/~drxcitpa\/?page_id=30"},"modified":"2021-04-28T10:41:53","modified_gmt":"2021-04-28T10:41:53","slug":"manuales","status":"publish","type":"page","link":"https:\/\/wpd.ugr.es\/~drxcitpa\/manuales\/","title":{"rendered":"Manuales"},"content":{"rendered":"<p>[et_pb_section fb_built=\u00bb1&#8243; inner_shadow=\u00bbon\u00bb fullwidth=\u00bbon\u00bb _builder_version=\u00bb4.8.2&#8243; _module_preset=\u00bbdefault\u00bb][et_pb_fullwidth_header title=\u00bbManuales\u00bb _builder_version=\u00bb4.8.2&#8243; _module_preset=\u00bbdefault\u00bb title_font=\u00bb|700||||on|||\u00bb title_font_size=\u00bb59px\u00bb background_enable_color=\u00bboff\u00bb background_image=\u00bbhttps:\/\/wpd.ugr.es\/~drxcitpa\/wp-content\/uploads\/2021\/02\/black-marbled-surface1920.jpg\u00bb parallax=\u00bbon\u00bb][\/et_pb_fullwidth_header][\/et_pb_section][et_pb_section fb_built=\u00bb1&#8243; _builder_version=\u00bb4.8.2&#8243; _module_preset=\u00bbdefault\u00bb background_color=\u00bb#ddd1a8&#8243;][et_pb_row _builder_version=\u00bb4.8.2&#8243; _module_preset=\u00bbdefault\u00bb][et_pb_column type=\u00bb4_4&#8243; _builder_version=\u00bb4.8.2&#8243; _module_preset=\u00bbdefault\u00bb][et_pb_text _builder_version=\u00bb4.8.2&#8243; _module_preset=\u00bbdefault\u00bb text_font=\u00bb|600||on|||||\u00bb text_text_color=\u00bb#000000&#8243; text_font_size=\u00bb20px\u00bb]<\/p>\n<p>Contenido<span style=\"color: #808080;\">\/Contents<\/span><\/p>\n<p>[\/et_pb_text][et_pb_text _builder_version=\u00bb4.8.2&#8243; _module_preset=\u00bbdefault\u00bb text_text_color=\u00bb#000000&#8243;]<\/p>\n<p>Los tres manuales biling\u00fces pretenden ayudar a los estudiantes a identificar y cuantificar fases mineral\u00f3gicas a partir de difractogramas de rayos-X. En el primer manual se describen las distintas posibilidades de preparaci\u00f3n de las muestras. Adem\u00e1s, hay tres videos que muestran paso por paso como se realiza la preparaci\u00f3n de muestras en polvo, muestras s\u00f3lidas y agregados orientados. En la segunda y tercera parte se explica c\u00f3mo se identifican y cuantifican las fases mineral\u00f3gicas de forma manual y mediante el uso del programa HighScore.<\/p>\n<p>[\/et_pb_text][et_pb_text _builder_version=\u00bb4.8.2&#8243; _module_preset=\u00bbdefault\u00bb text_font=\u00bb||||||||\u00bb text_text_color=\u00bbrgba(0,0,0,0.5)\u00bb]<\/p>\n<p>The three bilingual manuals are intended to help students to identify and quantify mineralogical phases using X-ray diffractograms. The first manual describes the various possibilities for sample preparation. In addition, there are three videos that demonstrate step-by-step the preparation of powder samples, solid samples and oriented aggregates. The second and third part<br \/>explain how mineralogical phases are identified and quantified manually and with the help of the HighScore software program.<\/p>\n<p>[\/et_pb_text][\/et_pb_column][\/et_pb_row][\/et_pb_section][et_pb_section fb_built=\u00bb1&#8243; _builder_version=\u00bb4.8.2&#8243; _module_preset=\u00bbdefault\u00bb background_enable_color=\u00bboff\u00bb][et_pb_row _builder_version=\u00bb4.8.2&#8243; _module_preset=\u00bbdefault\u00bb][et_pb_column type=\u00bb4_4&#8243; _builder_version=\u00bb4.8.2&#8243; _module_preset=\u00bbdefault\u00bb][et_pb_text _builder_version=\u00bb4.8.2&#8243; _module_preset=\u00bbdefault\u00bb text_font=\u00bb|700||on|||||\u00bb text_text_color=\u00bb#000000&#8243; text_font_size=\u00bb17px\u00bb]<\/p>\n<p>1. Preparaci\u00f3n y analisis de muestras \/ Preparation and analysis of samples<\/p>\n<p>[\/et_pb_text][et_pb_code _builder_version=\u00bb4.8.2&#8243; _module_preset=\u00bbdefault\u00bb]<a href=\"https:\/\/wpd.ugr.es\/~drxcitpa\/wp-content\/uploads\/2021\/02\/Preparacion-de-muestras.pdf\" class=\"pdfemb-viewer\" style=\"\" data-width=\"max\" data-height=\"max\"  data-toolbar=\"bottom\" data-toolbar-fixed=\"on\">Preparacion-de-muestras<br\/><\/a>[\/et_pb_code][et_pb_button button_url=\u00bbhttps:\/\/wpd.ugr.es\/~drxcitpa\/wp-content\/uploads\/2021\/02\/Preparacion-de-muestras.pdf\u00bb button_text=\u00bbDescargar\u00bb button_alignment=\u00bbright\u00bb _builder_version=\u00bb4.8.2&#8243; _module_preset=\u00bbdefault\u00bb custom_button=\u00bbon\u00bb button_text_size=\u00bb15px\u00bb button_bg_color=\u00bb#E09900&#8243; button_font=\u00bb|||||on|||\u00bb background_layout=\u00bbdark\u00bb][\/et_pb_button][et_pb_code _builder_version=\u00bb4.8.2&#8243; _module_preset=\u00bbdefault\u00bb]<a href=\"https:\/\/wpd.ugr.es\/~drxcitpa\/wp-content\/uploads\/2021\/02\/Sample-preparation.pdf\" class=\"pdfemb-viewer\" style=\"\" data-width=\"max\" data-height=\"max\"  data-toolbar=\"bottom\" data-toolbar-fixed=\"on\">Sample-preparation<br\/><\/a>[\/et_pb_code][et_pb_button button_url=\u00bbhttps:\/\/wpd.ugr.es\/~drxcitpa\/wp-content\/uploads\/2021\/02\/Sample-preparation.pdf\u00bb button_text=\u00bbDownload\u00bb button_alignment=\u00bbright\u00bb _builder_version=\u00bb4.8.2&#8243; _module_preset=\u00bbdefault\u00bb custom_button=\u00bbon\u00bb button_text_size=\u00bb15px\u00bb button_bg_color=\u00bb#E09900&#8243; button_font=\u00bb|||||on|||\u00bb background_layout=\u00bbdark\u00bb][\/et_pb_button][\/et_pb_column][\/et_pb_row][\/et_pb_section][et_pb_section fb_built=\u00bb1&#8243; _builder_version=\u00bb4.8.2&#8243; _module_preset=\u00bbdefault\u00bb background_color=\u00bb#ddd1a8&#8243;][et_pb_row _builder_version=\u00bb4.8.2&#8243; _module_preset=\u00bbdefault\u00bb][et_pb_column type=\u00bb4_4&#8243; _builder_version=\u00bb4.8.2&#8243; _module_preset=\u00bbdefault\u00bb][et_pb_text _builder_version=\u00bb4.8.2&#8243; _module_preset=\u00bbdefault\u00bb text_font=\u00bb|700||on|||||\u00bb text_text_color=\u00bb#000000&#8243; text_font_size=\u00bb17px\u00bb]<\/p>\n<p>2. Identificaci\u00f3n y cuantificaci\u00f3n manual (Pr\u00e1cticas de DRX) \/ Manual identification and quantification (XRD exercises)<\/p>\n<p>[\/et_pb_text][et_pb_code _builder_version=\u00bb4.8.2&#8243; _module_preset=\u00bbdefault\u00bb]<a href=\"https:\/\/wpd.ugr.es\/~drxcitpa\/wp-content\/uploads\/2021\/02\/Identificacion-manual.pdf\" class=\"pdfemb-viewer\" style=\"\" data-width=\"max\" data-height=\"max\"  data-toolbar=\"bottom\" data-toolbar-fixed=\"on\">Identificacion-manual<br\/><\/a>[\/et_pb_code][et_pb_button button_url=\u00bbhttps:\/\/wpd.ugr.es\/~drxcitpa\/wp-content\/uploads\/2021\/02\/Identificacion-manual.pdf\u00bb button_text=\u00bbDescargar\u00bb button_alignment=\u00bbright\u00bb _builder_version=\u00bb4.8.2&#8243; _module_preset=\u00bbdefault\u00bb custom_button=\u00bbon\u00bb button_text_size=\u00bb15px\u00bb button_bg_color=\u00bb#E09900&#8243; button_border_width=\u00bb0px\u00bb button_font=\u00bb|||||on|||\u00bb background_layout=\u00bbdark\u00bb][\/et_pb_button][et_pb_code _builder_version=\u00bb4.8.2&#8243; _module_preset=\u00bbdefault\u00bb]<a href=\"https:\/\/wpd.ugr.es\/~drxcitpa\/wp-content\/uploads\/2021\/02\/Manual-identification.pdf\" class=\"pdfemb-viewer\" style=\"\" data-width=\"max\" data-height=\"max\"  data-toolbar=\"bottom\" data-toolbar-fixed=\"on\">Manual-identification<br\/><\/a>[\/et_pb_code][et_pb_button button_url=\u00bbhttps:\/\/wpd.ugr.es\/~drxcitpa\/wp-content\/uploads\/2021\/02\/Manual-identification.pdf\u00bb button_text=\u00bbDownload\u00bb button_alignment=\u00bbright\u00bb _builder_version=\u00bb4.8.2&#8243; _module_preset=\u00bbdefault\u00bb custom_button=\u00bbon\u00bb button_text_size=\u00bb15px\u00bb button_bg_color=\u00bb#E09900&#8243; button_border_width=\u00bb0px\u00bb button_font=\u00bb|||||on|||\u00bb background_layout=\u00bbdark\u00bb][\/et_pb_button][\/et_pb_column][\/et_pb_row][\/et_pb_section][et_pb_section fb_built=\u00bb1&#8243; _builder_version=\u00bb4.8.2&#8243; _module_preset=\u00bbdefault\u00bb background_enable_color=\u00bboff\u00bb][et_pb_row _builder_version=\u00bb4.8.2&#8243; _module_preset=\u00bbdefault\u00bb][et_pb_column type=\u00bb4_4&#8243; _builder_version=\u00bb4.8.2&#8243; _module_preset=\u00bbdefault\u00bb][et_pb_text _builder_version=\u00bb4.8.2&#8243; _module_preset=\u00bbdefault\u00bb text_font=\u00bb|700||on|||||\u00bb text_text_color=\u00bb#000000&#8243; text_font_size=\u00bb17px\u00bb]<\/p>\n<p>3. Identificaci\u00f3n y cuantificaci\u00f3n mediante \u00abHighScore\u00bb \/ Identification and quantification using \u00abHighScore\u00bb<\/p>\n<p>[\/et_pb_text][et_pb_code _builder_version=\u00bb4.9.1&#8243; _module_preset=\u00bbdefault\u00bb]<a href=\"https:\/\/wpd.ugr.es\/~drxcitpa\/wp-content\/uploads\/2021\/04\/Identificacion-usando-HighScore-April-2021.pdf\" class=\"pdfemb-viewer\" style=\"\" data-width=\"max\" data-height=\"max\"  data-toolbar=\"bottom\" data-toolbar-fixed=\"on\">Identificacion-usando-HighScore-April-2021<br\/><\/a>[\/et_pb_code][et_pb_button button_url=\u00bbhttps:\/\/wpd.ugr.es\/~drxcitpa\/wp-content\/uploads\/2021\/04\/Identificacion-usando-HighScore-April-2021.pdf\u00bb button_text=\u00bbDescargar\u00bb button_alignment=\u00bbright\u00bb _builder_version=\u00bb4.9.1&#8243; _module_preset=\u00bbdefault\u00bb custom_button=\u00bbon\u00bb button_text_size=\u00bb15px\u00bb button_bg_color=\u00bb#E09900&#8243; button_border_width=\u00bb0px\u00bb button_font=\u00bb|||||on|||\u00bb background_layout=\u00bbdark\u00bb hover_enabled=\u00bb0&#8243; sticky_enabled=\u00bb0&#8243;][\/et_pb_button][et_pb_code _builder_version=\u00bb4.9.1&#8243; _module_preset=\u00bbdefault\u00bb]<a href=\"https:\/\/wpd.ugr.es\/~drxcitpa\/wp-content\/uploads\/2021\/04\/Identification-using-HighScore-April-2021.pdf\" class=\"pdfemb-viewer\" style=\"\" data-width=\"max\" data-height=\"max\"  data-toolbar=\"bottom\" data-toolbar-fixed=\"on\">Identification-using-HighScore-April-2021<br\/><\/a>[\/et_pb_code][et_pb_button button_url=\u00bbhttps:\/\/wpd.ugr.es\/~drxcitpa\/wp-content\/uploads\/2021\/04\/Identification-using-HighScore-April-2021.pdf\u00bb button_text=\u00bbDownload\u00bb button_alignment=\u00bbright\u00bb _builder_version=\u00bb4.9.1&#8243; _module_preset=\u00bbdefault\u00bb custom_button=\u00bbon\u00bb button_text_size=\u00bb15px\u00bb button_bg_color=\u00bb#E09900&#8243; button_border_width=\u00bb0px\u00bb button_font=\u00bb|||||on|||\u00bb background_layout=\u00bbdark\u00bb hover_enabled=\u00bb0&#8243; sticky_enabled=\u00bb0&#8243;][\/et_pb_button][\/et_pb_column][\/et_pb_row][\/et_pb_section][et_pb_section fb_built=\u00bb1&#8243; _builder_version=\u00bb4.8.2&#8243; _module_preset=\u00bbdefault\u00bb background_color=\u00bb#000000&#8243; custom_padding=\u00bb||0px|||\u00bb][et_pb_row _builder_version=\u00bb4.8.2&#8243; _module_preset=\u00bbdefault\u00bb][et_pb_column type=\u00bb4_4&#8243; _builder_version=\u00bb4.8.2&#8243; _module_preset=\u00bbdefault\u00bb][et_pb_text _builder_version=\u00bb4.8.2&#8243; _module_preset=\u00bbdefault\u00bb text_font=\u00bb|||||on|||\u00bb text_font_size=\u00bb15px\u00bb]<\/p>\n<p><strong>Proyecto de Innovaci\u00f3n y Buenas Pr\u00e1cticas Docentes B\u00e1sicos 2020-2021<\/strong><\/p>\n<p>Difracci\u00f3n de Rayos X (DRX) \/ X-ray diffraction (XRD)<br \/> An\u00e1lisis cualitativo y cuantitativo aplicados a los materiales del Patrimonio Hist\u00f3rico \/\u00a0Qualitative and quantitative analysis applied to Heritage materials<\/p>\n<p>Manual para estudiantes del <a href=\"https:\/\/masteres.ugr.es\/citpa\/\" target=\"_blank\" rel=\"noopener noreferrer\">M\u00e1ster en Ciencia y Tecnolog\u00eda en Patrimonio Arquitect\u00f3nico (CiTPA-UGR)<\/a>, <a href=\"https:\/\/masteres.ugr.es\/mara\/\" target=\"_blank\" rel=\"noopener noreferrer\">M\u00e1ster Universitario en Rehabilitaci\u00f3n Arquitect\u00f3nica (MARA-UGR)<\/a> y del <a href=\"http:\/\/grados.ugr.es\/restauracion\/\" target=\"_blank\" rel=\"noopener noreferrer\">Grado en Conservaci\u00f3n y Restauraci\u00f3n de Bienes Culturales (UGR)<\/a><\/p>\n<p>Coordinadora: Kerstin Elert<br \/> Carlos Rodr\u00edguez-Navarro, Encarnaci\u00f3n Ruiz Agudo, Aurelia Iba\u00f1ez Velasco, Carolina Cardell Fern\u00e1ndez, Mar\u00eda del Rosario Blanc Garc\u00eda, Mar\u00eda Paz S\u00e1ez P\u00e9rez, Giuseppe Cultrone, Pedro Bel Anzue.<\/p>\n<p>[\/et_pb_text][\/et_pb_column][\/et_pb_row][\/et_pb_section]<\/p>\n","protected":false},"excerpt":{"rendered":"<p>Manuales Contenido\/Contents Los tres manuales biling\u00fces pretenden ayudar a los estudiantes a identificar y cuantificar fases mineral\u00f3gicas a partir de difractogramas de rayos-X. En el primer manual se describen las distintas posibilidades de preparaci\u00f3n de las muestras. Adem\u00e1s, hay tres videos que muestran paso por paso como se realiza la preparaci\u00f3n de muestras en polvo, [&hellip;]<\/p>\n","protected":false},"author":1,"featured_media":0,"parent":0,"menu_order":0,"comment_status":"closed","ping_status":"closed","template":"","meta":{"_et_pb_use_builder":"on","_et_pb_old_content":"","_et_gb_content_width":""},"_links":{"self":[{"href":"https:\/\/wpd.ugr.es\/~drxcitpa\/wp-json\/wp\/v2\/pages\/30"}],"collection":[{"href":"https:\/\/wpd.ugr.es\/~drxcitpa\/wp-json\/wp\/v2\/pages"}],"about":[{"href":"https:\/\/wpd.ugr.es\/~drxcitpa\/wp-json\/wp\/v2\/types\/page"}],"author":[{"embeddable":true,"href":"https:\/\/wpd.ugr.es\/~drxcitpa\/wp-json\/wp\/v2\/users\/1"}],"replies":[{"embeddable":true,"href":"https:\/\/wpd.ugr.es\/~drxcitpa\/wp-json\/wp\/v2\/comments?post=30"}],"version-history":[{"count":16,"href":"https:\/\/wpd.ugr.es\/~drxcitpa\/wp-json\/wp\/v2\/pages\/30\/revisions"}],"predecessor-version":[{"id":158,"href":"https:\/\/wpd.ugr.es\/~drxcitpa\/wp-json\/wp\/v2\/pages\/30\/revisions\/158"}],"wp:attachment":[{"href":"https:\/\/wpd.ugr.es\/~drxcitpa\/wp-json\/wp\/v2\/media?parent=30"}],"curies":[{"name":"wp","href":"https:\/\/api.w.org\/{rel}","templated":true}]}}