{"id":15,"date":"2024-09-24T10:17:29","date_gmt":"2024-09-24T10:17:29","guid":{"rendered":"http:\/\/iiequinegyd.local\/?page_id=15"},"modified":"2024-10-07T01:01:47","modified_gmt":"2024-10-06T23:01:47","slug":"sede","status":"publish","type":"page","link":"https:\/\/wpd.ugr.es\/~equinegyd\/sede\/","title":{"rendered":"Sede"},"content":{"rendered":"\t\t<div data-elementor-type=\"wp-page\" data-elementor-id=\"15\" class=\"elementor elementor-15\">\n\t\t\t\t<div class=\"elementor-element elementor-element-56d858f e-grid e-con-boxed e-con e-parent\" data-id=\"56d858f\" data-element_type=\"container\">\n\t\t\t\t\t<div class=\"e-con-inner\">\n\t\t\t\t<div class=\"elementor-element elementor-element-95493bf elementor-widget elementor-widget-image\" data-id=\"95493bf\" data-element_type=\"widget\" data-widget_type=\"image.default\">\n\t\t\t\t<div class=\"elementor-widget-container\">\n\t\t\t\t\t\t\t\t\t\t\t\t\t<img fetchpriority=\"high\" decoding=\"async\" width=\"460\" height=\"307\" src=\"https:\/\/wpd.ugr.es\/~equinegyd\/wp-content\/uploads\/2024\/10\/ciencias_salud.jpg\" class=\"attachment-large size-large wp-image-321\" alt=\"\" srcset=\"https:\/\/wpd.ugr.es\/~equinegyd\/wp-content\/uploads\/2024\/10\/ciencias_salud.jpg 460w, https:\/\/wpd.ugr.es\/~equinegyd\/wp-content\/uploads\/2024\/10\/ciencias_salud-300x200.jpg 300w\" sizes=\"(max-width: 460px) 100vw, 460px\" \/>\t\t\t\t\t\t\t\t\t\t\t\t\t<\/div>\n\t\t\t\t<\/div>\n\t\t\t\t<div class=\"elementor-element elementor-element-20537d7 elementor-widget elementor-widget-text-editor\" data-id=\"20537d7\" data-element_type=\"widget\" data-widget_type=\"text-editor.default\">\n\t\t\t\t<div class=\"elementor-widget-container\">\n\t\t\t\t\t\t\t<div>\u00a0<\/div><div>\u00a0<\/div><div>\u00a0<\/div><div style=\"text-align: center;\">Sal\u00f3n de grados de la Facultad de Ciencias de la Salud.\u00a0<\/div><div style=\"text-align: center;\">Universidad de Granada<\/div><div style=\"text-align: center;\">Avenida de la Ilustraci\u00f3n, 60<\/div><div style=\"text-align: center;\">18071 Granada<\/div>\t\t\t\t\t\t<\/div>\n\t\t\t\t<\/div>\n\t\t\t\t\t<\/div>\n\t\t\t\t<\/div>\n\t\t<div class=\"elementor-element elementor-element-6363d46 e-flex e-con-boxed e-con e-parent\" data-id=\"6363d46\" data-element_type=\"container\">\n\t\t\t\t\t<div class=\"e-con-inner\">\n\t\t\t\t<div class=\"elementor-element elementor-element-54cb811 elementor-widget elementor-widget-google_maps\" data-id=\"54cb811\" data-element_type=\"widget\" data-widget_type=\"google_maps.default\">\n\t\t\t\t<div class=\"elementor-widget-container\">\n\t\t\t\t\t<div class=\"elementor-custom-embed\">\n\t\t\t<iframe loading=\"lazy\"\n\t\t\t\t\tsrc=\"https:\/\/maps.google.com\/maps?q=Avenida%20de%20la%20Ilustraci%C3%B3n%2C%2060&#038;t=m&#038;z=10&#038;output=embed&#038;iwloc=near\"\n\t\t\t\t\ttitle=\"Avenida de la Ilustraci\u00f3n, 60\"\n\t\t\t\t\taria-label=\"Avenida de la Ilustraci\u00f3n, 60\"\n\t\t\t><\/iframe>\n\t\t<\/div>\n\t\t\t\t<\/div>\n\t\t\t\t<\/div>\n\t\t\t\t\t<\/div>\n\t\t\t\t<\/div>\n\t\t<div class=\"elementor-element elementor-element-241dcc9 e-flex e-con-boxed e-con e-parent\" data-id=\"241dcc9\" data-element_type=\"container\">\n\t\t\t\t\t<div class=\"e-con-inner\">\n\t\t\t\t<div class=\"elementor-element elementor-element-2c2c8f7 elementor-widget elementor-widget-text-editor\" data-id=\"2c2c8f7\" data-element_type=\"widget\" data-widget_type=\"text-editor.default\">\n\t\t\t\t<div class=\"elementor-widget-container\">\n\t\t\t\t\t\t\t<h1><strong>C\u00f3mo llegar:<\/strong><\/h1><div><p><span style=\"color: #666666; font-family: sans-serif; font-size: 16px;\">A la Facultad de Ciencias de la Salud puedes llegar usando distintos medios de transporte:<\/span><\/p><\/div><div>\u00a0<\/div>\t\t\t\t\t\t<\/div>\n\t\t\t\t<\/div>\n\t\t\t\t\t<\/div>\n\t\t\t\t<\/div>\n\t\t<div class=\"elementor-element elementor-element-3bf637a e-grid e-con-boxed e-con e-parent\" data-id=\"3bf637a\" data-element_type=\"container\">\n\t\t\t\t\t<div class=\"e-con-inner\">\n\t\t\t\t<div class=\"elementor-element elementor-element-71775b4 elementor-widget elementor-widget-text-editor\" data-id=\"71775b4\" data-element_type=\"widget\" data-widget_type=\"text-editor.default\">\n\t\t\t\t<div class=\"elementor-widget-container\">\n\t\t\t\t\t\t\t<h4 style=\"text-align: center;\"><strong>Autob\u00fas<\/strong><\/h4><p style=\"text-align: center;\">L\u00edneas 4 y U3<\/p><p style=\"text-align: center;\"><a href=\"https:\/\/www.transportesrober.com\/\">Aqu\u00ed puede ver los horarios y los itinerarios<\/a><\/p>\t\t\t\t\t\t<\/div>\n\t\t\t\t<\/div>\n\t\t\t\t<div class=\"elementor-element elementor-element-1d04100 elementor-widget elementor-widget-html\" data-id=\"1d04100\" data-element_type=\"widget\" data-widget_type=\"html.default\">\n\t\t\t\t<div class=\"elementor-widget-container\">\n\t\t\t<iframe src=\"https:\/\/www.google.com\/maps\/d\/embed?mid=1EXZM11ueRS1EKby4xHadQNPi1SuioiWq&hl=es&ehbc=2E312F\" width=\"640\" height=\"480\"><\/iframe>\t\t<\/div>\n\t\t\t\t<\/div>\n\t\t\t\t\t<\/div>\n\t\t\t\t<\/div>\n\t\t<div class=\"elementor-element elementor-element-d37da9a e-grid e-con-boxed e-con e-parent\" data-id=\"d37da9a\" data-element_type=\"container\">\n\t\t\t\t\t<div class=\"e-con-inner\">\n\t\t\t\t<div class=\"elementor-element elementor-element-881df49 elementor-widget elementor-widget-text-editor\" data-id=\"881df49\" data-element_type=\"widget\" data-widget_type=\"text-editor.default\">\n\t\t\t\t<div class=\"elementor-widget-container\">\n\t\t\t\t\t\t\t<h4 style=\"text-align: center;\">Metro<\/h4><p style=\"text-align: center;\">Si viene desde el centro de la ciudad tiene que cogerlo direcci\u00f3n Armilla. Hay dos paradas cerca de la Facultad:\u00a0<\/p><p style=\"text-align: center;\">D\u00edlar<\/p><p style=\"text-align: center;\">Parque Tecnol\u00f3gico<\/p><p style=\"text-align: center;\"><a href=\"https:\/\/metropolitanogranada.es\/\">Aqu\u00ed puede ver los horarios y recorrido<\/a><\/p>\t\t\t\t\t\t<\/div>\n\t\t\t\t<\/div>\n\t\t\t\t<div class=\"elementor-element elementor-element-2f09cdb elementor-widget elementor-widget-image\" data-id=\"2f09cdb\" data-element_type=\"widget\" data-widget_type=\"image.default\">\n\t\t\t\t<div class=\"elementor-widget-container\">\n\t\t\t\t\t\t\t\t\t\t\t\t\t<img decoding=\"async\" width=\"300\" height=\"252\" src=\"https:\/\/wpd.ugr.es\/~equinegyd\/wp-content\/uploads\/2024\/10\/como-llegar-pts-en-metro-300x252-1.png\" class=\"attachment-large size-large wp-image-417\" alt=\"\" \/>\t\t\t\t\t\t\t\t\t\t\t\t\t<\/div>\n\t\t\t\t<\/div>\n\t\t\t\t\t<\/div>\n\t\t\t\t<\/div>\n\t\t<div class=\"elementor-element elementor-element-6d34450 e-grid e-con-boxed e-con e-parent\" data-id=\"6d34450\" data-element_type=\"container\">\n\t\t\t\t\t<div class=\"e-con-inner\">\n\t\t\t\t<div class=\"elementor-element elementor-element-dfcdc51 elementor-widget elementor-widget-text-editor\" data-id=\"dfcdc51\" data-element_type=\"widget\" data-widget_type=\"text-editor.default\">\n\t\t\t\t<div class=\"elementor-widget-container\">\n\t\t\t\t\t\t\t<h4 style=\"text-align: center;\">Coche<\/h4><p>Desde la\u00a0<strong>A-44<\/strong>\u00a0direcci\u00f3n Motril,\u00a0Salida 132 \u00abPT Ciencias de la Salud\u00bb.<\/p><p>Desde la\u00a0<strong>A-395<\/strong> Ronda Sur Granada, Salida 1C \u00abZaid\u00edn \u2013 Og\u00edjares \u2013 Campus de la Salud\u00bb.<\/p><p style=\"text-align: center;\"><a href=\"https:\/\/maps.app.goo.gl\/PUWuW7WLichHBC1b7\">Aqu\u00ed puede ver c\u00f3mo llegar<\/a><\/p>\t\t\t\t\t\t<\/div>\n\t\t\t\t<\/div>\n\t\t\t\t<div class=\"elementor-element elementor-element-2bf95d5 elementor-widget elementor-widget-html\" data-id=\"2bf95d5\" data-element_type=\"widget\" data-widget_type=\"html.default\">\n\t\t\t\t<div class=\"elementor-widget-container\">\n\t\t\t<iframe src=\"https:\/\/www.google.com\/maps\/embed?pb=!1m22!1m12!1m3!1d3180.1776920456405!2d-3.6065908253795183!3d37.14847414799218!2m3!1f0!2f0!3f0!3m2!1i1024!2i768!4f13.1!4m7!3e0!4m0!4m4!1s0xd71fb66f54095b9%3A0x88ef001e8c208479!3m2!1d37.1490047!2d-3.6059102!5e0!3m2!1ses!2ses!4v1728254593707!5m2!1ses!2ses\" width=\"600\" height=\"450\" style=\"border:0;\" allowfullscreen=\"\" loading=\"lazy\" referrerpolicy=\"no-referrer-when-downgrade\"><\/iframe>\t\t<\/div>\n\t\t\t\t<\/div>\n\t\t\t\t\t<\/div>\n\t\t\t\t<\/div>\n\t\t\t\t<\/div>\n\t\t","protected":false},"excerpt":{"rendered":"<p>\u00a0\u00a0\u00a0Sal\u00f3n de grados de la Facultad de Ciencias de la Salud.\u00a0Universidad de GranadaAvenida de la Ilustraci\u00f3n, 6018071 Granada C\u00f3mo llegar: A la Facultad de Ciencias de la Salud puedes llegar usando distintos medios de transporte: \u00a0 Autob\u00fas L\u00edneas 4 y U3 Aqu\u00ed puede ver los horarios y los itinerarios Metro Si viene desde el centro &hellip; <\/p>\n","protected":false},"author":1,"featured_media":0,"parent":0,"menu_order":0,"comment_status":"closed","ping_status":"closed","template":"","meta":{"footnotes":""},"class_list":["post-15","page","type-page","status-publish","hentry"],"_links":{"self":[{"href":"https:\/\/wpd.ugr.es\/~equinegyd\/wp-json\/wp\/v2\/pages\/15"}],"collection":[{"href":"https:\/\/wpd.ugr.es\/~equinegyd\/wp-json\/wp\/v2\/pages"}],"about":[{"href":"https:\/\/wpd.ugr.es\/~equinegyd\/wp-json\/wp\/v2\/types\/page"}],"author":[{"embeddable":true,"href":"https:\/\/wpd.ugr.es\/~equinegyd\/wp-json\/wp\/v2\/users\/1"}],"replies":[{"embeddable":true,"href":"https:\/\/wpd.ugr.es\/~equinegyd\/wp-json\/wp\/v2\/comments?post=15"}],"version-history":[{"count":15,"href":"https:\/\/wpd.ugr.es\/~equinegyd\/wp-json\/wp\/v2\/pages\/15\/revisions"}],"predecessor-version":[{"id":446,"href":"https:\/\/wpd.ugr.es\/~equinegyd\/wp-json\/wp\/v2\/pages\/15\/revisions\/446"}],"wp:attachment":[{"href":"https:\/\/wpd.ugr.es\/~equinegyd\/wp-json\/wp\/v2\/media?parent=15"}],"curies":[{"name":"wp","href":"https:\/\/api.w.org\/{rel}","templated":true}]}}