{"id":263,"date":"2021-10-05T08:21:59","date_gmt":"2021-10-05T07:21:59","guid":{"rendered":"http:\/\/wpd.ugr.es\/~eucons\/wordpress\/?page_id=263"},"modified":"2021-10-05T11:53:38","modified_gmt":"2021-10-05T10:53:38","slug":"debate-de-publicacoes","status":"publish","type":"page","link":"https:\/\/wpd.ugr.es\/~eucons\/wordpress\/eventos\/eucons-annual-meeting\/i-eucons-annual-meeting-granada\/pt\/debate-de-publicacoes\/","title":{"rendered":"Debate de publica\u00e7\u00f5es"},"content":{"rendered":"\n<p>O Projeto Jean Monnet Eucons, seguindo com sua aposta de criar espa\u00e7\u00f5es de debates acad\u00eamicos, quer convidar os mais not\u00e1veis pesquisadores europeus do Direito constitucional europeu para debater suas principais ideias durante as mesas paralelas da 3\u00aa sess\u00e3o do I Eucons Annual Meeting. O comit\u00ea cient\u00edfico selecionar\u00e1 as 4 publica\u00e7\u00f5es que destaquem pela novidade de suas teses ou pela solidez de suas conclus\u00f5es. Os gastos de viagem e estancia estar\u00e3o a cargo da Organiza\u00e7\u00e3o. Os requisitos da sele\u00e7\u00e3o s\u00e3o os seguintes:&nbsp;<\/p>\n\n\n\n<ul><li>As publica\u00e7\u00f5es devem ter\u00a0<strong>autoria individual<\/strong>, realizadas no per\u00edodo de\u00a0<strong>2019 e 2020<\/strong>.<\/li><li>As publica\u00e7\u00f5es devem ser\u00a0<strong>monografias<\/strong>\u00a0em editoras de prestigio ou\u00a0<strong>artigos<\/strong>\u00a0cient\u00edficos em revistas de alto impacto internacional.\u00a0N\u00e3o se admitem cap\u00edtulos de livro.<\/li><li>As publica\u00e7\u00f5es devem ser de interesse para o\u00a0<strong>Direito constitucional europeu<\/strong>.<\/li><li>As publica\u00e7\u00f5es podem estar em qualquer\u00a0<strong>idioma oficial da Uni\u00e3o Europeia<\/strong>, mas dever\u00e3o estar acompanhadas de um\u00a0<strong>resumo extenso, de prefer\u00eancia em espanhol, ou em ingl\u00eas<\/strong>.<\/li><li>Os\/as autores\/as selecionados\/as se comprometem a apresentar seu trabalho na mesa indicada pela Organiza\u00e7\u00e3o durante um m\u00e1ximo de\u00a0<strong>40 minutos<\/strong>\u00a0e discutir as observa\u00e7\u00f5es do comentarista, propiciando o debate entre os assistentes.<\/li><li>A apresenta\u00e7\u00e3o ser\u00e1 realizada\u00a0<strong>preferentemente em espanhol, ou em ingl\u00eas<\/strong>, apesar de que \u00e9 poss\u00edvel acordar com a Organiza\u00e7\u00e3o a utiliza\u00e7\u00e3o de um idioma distinto.<\/li><li><strong>N\u00e3o poder\u00e3o enviar trabalhos cient\u00edficos os membros da Organiza\u00e7\u00e3o do congresso nem do Departamento de Direito constitucional da Universidade de Granada.<\/strong><\/li><li>Os\/as interessados\/as devem escrever um e-mail a\u00a0<a href=\"mailto:eucons@ugr.es\">eucons@ugr.es<\/a>\u00a0expressando seu interesse de participar do processo de sele\u00e7\u00e3o\u00a0<strong>antes de 20 de setembro de 2021<\/strong>. Neste, dever\u00e3o enviar o\u00a0<strong>pdf da publica\u00e7\u00e3o ou um acesso em l\u00ednea gratuito<\/strong>, junto com o\u00a0<strong>resumo<\/strong>\u00a0extenso de prefer\u00eancia em espanhol, ou em ingl\u00eas. Devem tamb\u00e9m enviar um curr\u00edculo breve (pode ser um link a um curr\u00edculo oficial e atualizado). No caso de monografias, devem enviar uma\u00a0<strong>vers\u00e3o em papel<\/strong>, no caso de existir, para o seguinte\u00a0<strong>endere\u00e7o<\/strong>:\u00a0\u00a0\u00a0<\/li><\/ul>\n\n\n\n<p>ATT. EUCONS ANNUAL MEETING<\/p>\n\n\n\n<p>DEPARTAMENTO DE DIREITO CONSTITUCIONAL<\/p>\n\n\n\n<p>FACULDADE DE DIREITO DA UNIVERSIDADE DE GRANADA<\/p>\n\n\n\n<p>PLAZA DE LA UNIVERSIDAD, 1<\/p>\n\n\n\n<p>CP. 18071 GRANADA (ESPANHA)<\/p>\n","protected":false},"excerpt":{"rendered":"<p>O Projeto Jean Monnet Eucons, seguindo com sua aposta de criar espa\u00e7\u00f5es de debates acad\u00eamicos, quer convidar os mais not\u00e1veis pesquisadores europeus do Direito constitucional europeu para debater suas principais ideias durante as mesas paralelas da 3\u00aa sess\u00e3o do I Eucons Annual Meeting. O comit\u00ea cient\u00edfico selecionar\u00e1 as 4 publica\u00e7\u00f5es que destaquem pela novidade de [&hellip;]<\/p>\n","protected":false},"author":1,"featured_media":0,"parent":161,"menu_order":0,"comment_status":"closed","ping_status":"closed","template":"","meta":[],"_links":{"self":[{"href":"https:\/\/wpd.ugr.es\/~eucons\/wordpress\/wp-json\/wp\/v2\/pages\/263"}],"collection":[{"href":"https:\/\/wpd.ugr.es\/~eucons\/wordpress\/wp-json\/wp\/v2\/pages"}],"about":[{"href":"https:\/\/wpd.ugr.es\/~eucons\/wordpress\/wp-json\/wp\/v2\/types\/page"}],"author":[{"embeddable":true,"href":"https:\/\/wpd.ugr.es\/~eucons\/wordpress\/wp-json\/wp\/v2\/users\/1"}],"replies":[{"embeddable":true,"href":"https:\/\/wpd.ugr.es\/~eucons\/wordpress\/wp-json\/wp\/v2\/comments?post=263"}],"version-history":[{"count":2,"href":"https:\/\/wpd.ugr.es\/~eucons\/wordpress\/wp-json\/wp\/v2\/pages\/263\/revisions"}],"predecessor-version":[{"id":300,"href":"https:\/\/wpd.ugr.es\/~eucons\/wordpress\/wp-json\/wp\/v2\/pages\/263\/revisions\/300"}],"up":[{"embeddable":true,"href":"https:\/\/wpd.ugr.es\/~eucons\/wordpress\/wp-json\/wp\/v2\/pages\/161"}],"wp:attachment":[{"href":"https:\/\/wpd.ugr.es\/~eucons\/wordpress\/wp-json\/wp\/v2\/media?parent=263"}],"curies":[{"name":"wp","href":"https:\/\/api.w.org\/{rel}","templated":true}]}}