{"id":676,"date":"2022-03-15T12:49:46","date_gmt":"2022-03-15T11:49:46","guid":{"rendered":"http:\/\/wpd.ugr.es\/~eucons\/wordpress\/?page_id=676"},"modified":"2022-04-28T09:09:24","modified_gmt":"2022-04-28T08:09:24","slug":"conference-timetable","status":"publish","type":"page","link":"https:\/\/wpd.ugr.es\/~eucons\/wordpress\/eventos\/eucons-annual-meeting\/ii-eucons-annual-meeting-milano\/en\/conference-timetable\/","title":{"rendered":"Conference timetable"},"content":{"rendered":"<h3 style=\"text-align: center;\">Thursday,\u00a05<sup>th\u00a0<\/sup><span style=\"letter-spacing: -0.0415625em;\">may 2022<\/span><\/h3>\n<p style=\"text-align: center;\">Universit\u00e0 degli Studi di Milano-Bicocca<\/p>\n<p style=\"text-align: center;\">Sala del Consiglio &#8211; U7 &#8211; Piano 4\u00ba<\/p>\n<h5 style=\"text-align: center;\">14.30 H.: Opening<\/h5>\n<p>Alfredo Marra, <i>Prorettore Universit\u00e0 degli Studi di Milano-Bicocca<\/i><\/p>\n<p>Camilla Buzzacchi, <i>Vicedirettrice DISEADE, Universit\u00e0 degli Studi di Milano-Bicocca<\/i><\/p>\n<p>Edoardo C. Raffiotta, <i>Universit\u00e0 degli Studi di Milano-Bicocca<\/i><\/p>\n<p>Germ\u00e1n M. Teruel Lozano, <i>Universidad de Murcia<\/i><\/p>\n<h5 style=\"text-align: center;\">15.00 H.: Towards digital constitutionalism<\/h5>\n<p><b>Moderator:<\/b><\/p>\n<p>Giuseppe Morbidelli, <i>Sapienza\u00a0Universit\u00e0 di Roma<\/i><\/p>\n<p><b>Speakers:<\/b><\/p>\n<p>Andrea Morrone, <i>Alma Mater Studiorum &#8211;<\/i>\u00a0<i>Universit\u00e0 di Bologna<\/i><\/p>\n<p>Francisco Balaguer Callej\u00f3n, <i>Universidad de Granada<\/i><\/p>\n<p>Carlo Colapietro, <i>Universit\u00e0 di Roma Tre<\/i><\/p>\n<p>Juan Francisco S\u00e1nchez Barrilao, <i>Universidad de Granada<\/i><\/p>\n<p>Giulio Vigevani, <i>Universit\u00e0 degli Studi di Milano-Bicocca<\/i><\/p>\n<p style=\"text-align: center;\"><strong>Communications panel<\/strong><\/p>\n<p><b>Moderator:<\/b><\/p>\n<p>Emilio Tosi, <i>Universit\u00e0 degli Studi di Milano-Bicocca<\/i><\/p>\n<p><b>Speakers:<\/b><\/p>\n<p>Ilaria Rivera, <i>Universit\u00e0 degli Studi di Macerata<\/i><\/p>\n<p>L&#8217;andamento del moto populista tra processo democratico e piattaforme digitali<\/p>\n<p>Valentina Cavani, <i>Universit\u00e0 di Modena e Reggio Emilia<\/i><\/p>\n<p>Diritto e tecnologia. il costituzionalismo alla prova di Internet<\/p>\n<p>Ylenia Maria Citino, <i>LUISS Guido Carli<\/i><\/p>\n<p>Sugli spazi virtuali interattivi come servizi di interesse pubblico da una prospettiva costituzionale<\/p>\n<p>Joaqu\u00edn Sarri\u00f3n Esteve, <i>UNED \/ Universit\u00e0 di Bergamo<\/i><\/p>\n<p>Tecnolog\u00edas inteligentes y protecci\u00f3n de derechos<\/p>\n<p>Luis Fernando Mart\u00ednez Quevedo, <i>Universidad de Granada<\/i><\/p>\n<p>Cuestiones constitucionales en torno a la minor\u00eda de edad y las nuevas tecnolog\u00edas<\/p>\n<h5 style=\"text-align: center;\">17.30 H.: The European Law and National Laws against disruptive technologies<\/h5>\n<p><b>Moderator:<\/b><\/p>\n<p>Anna M. Poggi, <i>Universit\u00e0 di Torino<\/i><\/p>\n<p><b>Speakers:<\/b><\/p>\n<p>Ginevra Cerrina Feroni, <i>Vicepresidente dell&#8217;Autorit\u00e0 garante per la protezione dei dati personali<\/i><\/p>\n<p>Jos\u00e9 Antonio Montilla Martos, <i>Universidad de Granada<\/i><\/p>\n<p>Brando Benifei, <i>Eurodeputato, Co-relatore della proposta di regolamento europeo sull&#8217;Intelligenza Artificiale<\/i><\/p>\n<p>Augusto Aguilar Calahorro, <i>Universidad de Granada<\/i><\/p>\n<p style=\"text-align: center;\"><b>Communication panels<\/b><\/p>\n<p><b>Moderator:\u00a0<\/b><\/p>\n<p>Monica Bonini, <i>Universit\u00e0 degli Studi di Milano-Bicocca<\/i><\/p>\n<p><b>Speakers:<\/b><\/p>\n<p>Marta Ferrara, <i>Universit\u00e0 degli Studi G. d&#8217;Annunzio Chieti-Pescara<\/i><\/p>\n<p>Around the Disruptive Technology. Using I. A. to a gender equality assessment into the Italian University system<\/p>\n<p>Nannerel Fiano, <i>Universit\u00e0 degli Studi di Milano<\/i><\/p>\n<p>Quale ruolo per l&#8217;intelligenza artificiale nel contrasto alleate speech?<\/p>\n<p>Carmine Andrea Trovato, <i>Garante Privacy<\/i><\/p>\n<p>Dati sintetici: verso il superamento dell&#8217;anonimizzazione?<\/p>\n<p>Ana Aba Catoira, <i>Universidade da Coru\u00f1a<\/i><\/p>\n<p>Vigilancia y control a trav\u00e9s de dispositivos de \u00faltima generaci\u00f3n<\/p>\n<p>Giacomo Palombino, <i>Universit\u00e0 degli Studi di Napoli Parthenope<\/i><\/p>\n<p>L&#8217;insindacabilit\u00e0 del rappresentante al tempo della societ\u00e0 digitale<\/p>\n<p>&nbsp;<\/p>\n<h3 style=\"text-align: center;\">Friday,\u00a06<sup>th\u00a0<\/sup><span style=\"letter-spacing: -0.0415625em;\">may 2022<\/span><\/h3>\n<p style=\"text-align: center;\">Universit\u00e0 degli Studi di Milano<\/p>\n<p style=\"text-align: center;\">Sala Crociera Alta di Giurisprudenza<\/p>\n<h5 style=\"text-align: center;\">9.00 H.: Opening<\/h5>\n<p>Chiara Amalfitano, <i>Universit\u00e0 degli Studi di Milano<\/i><\/p>\n<p>Marilisa D&#8217;Amico, <i>Universit\u00e0 degli Studi di Milano<\/i><\/p>\n<p>Antonio P\u00e9rez Miras, <i>Universidad de Granada<\/i><\/p>\n<h5 style=\"text-align: center;\">9.30 H.: Lectio magistralis<\/h5>\n<p style=\"text-align: center;\">\u00abL&#8217;Intelligenza Artificiale e la soluzione europea\u00bb<\/p>\n<p style=\"text-align: center;\">Pasquale Stanzione<\/p>\n<p style=\"text-align: center;\">\u00a0<i>Presidente dell&#8217;Autorit\u00e0 garante per la protezione dei dati personali<\/i><\/p>\n<h5 style=\"text-align: center;\">Discussion of the publications (parallel panels)<\/h5>\n<h6>10.30 H.: PANEL 1 (Aula Infogiure)<\/h6>\n<p><b>Speaker: <\/b>Miguel J. Arjona S\u00e1nchez, <i>Universidad de Granada<\/i><\/p>\n<p>El Euro, entre la nostalgia postmoderna al oro y un supra-federalismo europeo, Aranzadi, 2021.<\/p>\n<p><b>Moderator:\u00a0<\/b>Francesca Biondi, <i>Universit\u00e0 degli Studi di Milano<\/i><\/p>\n<p><b>Discussant:\u00a0<\/b>Giuseppe Laneve, <i>Universit\u00e0 degli Studi di Macerata<\/i><\/p>\n<h6>10.30 h.: PANEL 2 (sala crociera)<\/h6>\n<p><b>Speaker:<\/b> Anna Papa, <i>Universit\u00e0 degli Studi di Napoli Parthenope<\/i><\/p>\n<p>L\u2019impatto della disintermediazione informativa nei processi di formazione dell\u2019opinione pubblica. Quale problematica) prospettiva nella \u201cdemocrazia della comunicazione\u201d. Diritto ed economia dei mezzi di comunicazione, numero 1, 2022, pp. 129-143<\/p>\n<p><b>Moderator:\u00a0<\/b>Antonio P\u00e9rez Miras, <i>Universidad de Granada<\/i><\/p>\n<p><b>Discussant:\u00a0<\/b>Benedetta Liberali, <i>Universit\u00e0 degli Studi di Milano<\/i><\/p>\n<h6>11.15 h.: PANEL 3 (Aula Infogiure)<\/h6>\n<p><b>Speaker:<\/b> Bettina Steible, <i>Universitat Oberta de Catalunya<\/i><\/p>\n<p><a href=\"https:\/\/www.ugr.es\/~redce\/REDCE35\/articulos\/10_STEIBLE.htm\">Tribunal de Justicia de la Uni\u00f3n, tribunales nacionales y salvaguardia del Estado de Derecho en la UE<\/a>, Revista de Derecho Constitucional Europeo, n\u00fam. 35, 2021.<\/p>\n<p><b>Moderator:\u00a0<\/b>Germ\u00e1n M. Teruel Lozano, <i>Universidad de Murcia<\/i><\/p>\n<p><b>Discussant:\u00a0<\/b>Costanza Nardocci, <i>Universit\u00e0 degli Studi di Milano<\/i><\/p>\n<h6>11.15 h.: PANEL 4 (sala crociera)<\/h6>\n<p><b>Speaker: <\/b>Fernando P\u00e9rez Dom\u00ednguez, <i>Universidad de Huelva<\/i><\/p>\n<p><a href=\"https:\/\/www.ugr.es\/~redce\/REDCE36\/articulos\/05_PEREZ.htm\">El tratamiento de la discapacidad por la Uni\u00f3n Europea: entre la pujanza de la tutela antidiscriminatoria y las limitaciones a la pol\u00edtica social,<\/a>\u00a0Revista de Derecho Constitucional Europeo, n\u00fam. 36, 2021.<\/p>\n<p><b>Moderator:\u00a0<\/b>Barbara Randazzo, <i>Universit\u00e0 degli Studi di Milano<\/i><\/p>\n<p><b>Discussant: <\/b>Paolo Provenzano, <i>Universit\u00e0 degli Studi di Milano<\/i><\/p>\n<h5 style=\"text-align: center;\">12.15 H.: Closing<\/h5>\n<p><b>Moderator:<\/b><\/p>\n<p>Lorenza Violini, <i>Universit\u00e0 degli Studi di Milano<\/i><\/p>\n<p><b>Speakers:<\/b><\/p>\n<p>Andrea Amaduzzi, <i>Universit\u00e0 degli Studi di Milano-Bicocca<\/i><\/p>\n<p>Carmelo Fontana, <i>Google Italy<\/i><\/p>\n<p>Carlo Gagliardi, <i>Deloitte Legal<\/i><\/p>\n<p>Diana-Urania Galetta, <i>Universit\u00e0 degli Studi di Milano<\/i><\/p>\n<p>Roberto Micc\u00f9, <i>Sapienza Universit\u00e0 di Roma<\/i><\/p>\n<p>Francesca Zanasi, <i>CRINT &#8211; Ordine degli Avvocati di Milano<\/i><\/p>\n<p><a href=\"http:\/\/wpd.ugr.es\/~eucons\/wordpress\/eucons-annual-meeting\/ii-eucons-annual-meeting-milano\/es\/programa\/\"><img loading=\"lazy\" class=\"alignnone wp-image-227\" src=\"http:\/\/wpd.ugr.es\/~eucons\/wordpress\/wp-content\/uploads\/2021\/10\/580b585b2edbce24c47b282a-300x225.png\" alt=\"\" width=\"61\" height=\"46\" srcset=\"https:\/\/wpd.ugr.es\/~eucons\/wordpress\/wp-content\/uploads\/2021\/10\/580b585b2edbce24c47b282a-300x225.png 300w, https:\/\/wpd.ugr.es\/~eucons\/wordpress\/wp-content\/uploads\/2021\/10\/580b585b2edbce24c47b282a.png 640w\" sizes=\"(max-width: 61px) 100vw, 61px\" \/><\/a><\/p>\n<p><a href=\"http:\/\/wpd.ugr.es\/~eucons\/wordpress\/eucons-annual-meeting\/ii-eucons-annual-meeting-milano\/it\/programma\/\"><img loading=\"lazy\" class=\"alignnone wp-image-229\" src=\"http:\/\/wpd.ugr.es\/~eucons\/wordpress\/wp-content\/uploads\/2021\/10\/png-clipart-flag-of-italy-flag-of-the-united-states-computer-icons-italy-flag-flag-magenta-300x200.png\" alt=\"\" width=\"65\" height=\"43\" srcset=\"https:\/\/wpd.ugr.es\/~eucons\/wordpress\/wp-content\/uploads\/2021\/10\/png-clipart-flag-of-italy-flag-of-the-united-states-computer-icons-italy-flag-flag-magenta-300x200.png 300w, https:\/\/wpd.ugr.es\/~eucons\/wordpress\/wp-content\/uploads\/2021\/10\/png-clipart-flag-of-italy-flag-of-the-united-states-computer-icons-italy-flag-flag-magenta-768x512.png 768w, https:\/\/wpd.ugr.es\/~eucons\/wordpress\/wp-content\/uploads\/2021\/10\/png-clipart-flag-of-italy-flag-of-the-united-states-computer-icons-italy-flag-flag-magenta.png 900w\" sizes=\"(max-width: 65px) 100vw, 65px\" \/><\/a><\/p>\n","protected":false},"excerpt":{"rendered":"<p>Thursday,\u00a05th\u00a0may 2022 Universit\u00e0 degli Studi di Milano-Bicocca Sala del Consiglio &#8211; U7 &#8211; Piano 4\u00ba 14.30 H.: Opening Alfredo Marra, Prorettore Universit\u00e0 degli Studi di Milano-Bicocca Camilla Buzzacchi, Vicedirettrice DISEADE, Universit\u00e0 degli Studi di Milano-Bicocca Edoardo C. Raffiotta, Universit\u00e0 degli Studi di Milano-Bicocca Germ\u00e1n M. Teruel Lozano, Universidad de Murcia 15.00 H.: Towards digital constitutionalism [&hellip;]<\/p>\n","protected":false},"author":1,"featured_media":0,"parent":648,"menu_order":4,"comment_status":"closed","ping_status":"closed","template":"","meta":[],"_links":{"self":[{"href":"https:\/\/wpd.ugr.es\/~eucons\/wordpress\/wp-json\/wp\/v2\/pages\/676"}],"collection":[{"href":"https:\/\/wpd.ugr.es\/~eucons\/wordpress\/wp-json\/wp\/v2\/pages"}],"about":[{"href":"https:\/\/wpd.ugr.es\/~eucons\/wordpress\/wp-json\/wp\/v2\/types\/page"}],"author":[{"embeddable":true,"href":"https:\/\/wpd.ugr.es\/~eucons\/wordpress\/wp-json\/wp\/v2\/users\/1"}],"replies":[{"embeddable":true,"href":"https:\/\/wpd.ugr.es\/~eucons\/wordpress\/wp-json\/wp\/v2\/comments?post=676"}],"version-history":[{"count":8,"href":"https:\/\/wpd.ugr.es\/~eucons\/wordpress\/wp-json\/wp\/v2\/pages\/676\/revisions"}],"predecessor-version":[{"id":808,"href":"https:\/\/wpd.ugr.es\/~eucons\/wordpress\/wp-json\/wp\/v2\/pages\/676\/revisions\/808"}],"up":[{"embeddable":true,"href":"https:\/\/wpd.ugr.es\/~eucons\/wordpress\/wp-json\/wp\/v2\/pages\/648"}],"wp:attachment":[{"href":"https:\/\/wpd.ugr.es\/~eucons\/wordpress\/wp-json\/wp\/v2\/media?parent=676"}],"curies":[{"name":"wp","href":"https:\/\/api.w.org\/{rel}","templated":true}]}}