{"id":678,"date":"2022-03-15T12:50:19","date_gmt":"2022-03-15T11:50:19","guid":{"rendered":"http:\/\/wpd.ugr.es\/~eucons\/wordpress\/?page_id=678"},"modified":"2022-04-28T13:02:48","modified_gmt":"2022-04-28T12:02:48","slug":"organisation","status":"publish","type":"page","link":"https:\/\/wpd.ugr.es\/~eucons\/wordpress\/eventos\/eucons-annual-meeting\/ii-eucons-annual-meeting-milano\/en\/organisation\/","title":{"rendered":"Organisation"},"content":{"rendered":"<p style=\"text-align: center;\"><strong>Directors:\u00a0<\/strong><\/p>\n<p>Marilisa D&#8217;Amico, <i>Universit\u00e0 degli Studi di Milano<\/i><\/p>\n<p>Edoardo C. Raffiotta,\u00a0<em>Universit\u00e0 degli Studi di Milano &#8211; Bicocca<\/em><\/p>\n<p>Antonio P\u00e9rez Miras,\u00a0<em>Universidad de Granada<\/em><\/p>\n<p>Germ\u00e1n M. Teruel Lozano,\u00a0<em>Universidad de Murcia<\/em><\/p>\n<p style=\"text-align: center;\"><b>Organising committee:<\/b><\/p>\n<p>Benedetta Liberali, <i>Universit\u00e0 degli Studi di Milano<\/i><\/p>\n<p>Massimiliano Baroni, <i>Universit\u00e0 degli Studi di Milano-Bicocca<\/i><\/p>\n<p>Luis Fernando Mart\u00ednez Quevedo, <i>Universidad de Granada<\/i><\/p>\n<p>Elo\u00edsa P\u00e9rez Conchillo, <i>Universidad de Granada<\/i><\/p>\n<p style=\"text-align: center;\"><strong>Organisation:\u00a0<\/strong><\/p>\n<p>Dipartimento di Scienze economico-aziendali e Diritto per l&#8217;economia, Universit\u00e0 degli Studi di Milano-Biccoca.<\/p>\n<p>Dipartimento di Diritto Pubblico Italiano e sovranazionale, Universit\u00e0 degli Studi di Milano.<\/p>\n<p>Universidad de Granada. Proyecto Jean Monnet EUCONS\u00a0<i>The\u00a0Constitutional Bases of Europe: &#8216;Towards the Citizens of Europe&#8217;\u00a0<\/i>(621157-EPP-1-2020-1-ES-EPPJMO-PROJECT).<\/p>\n<p style=\"text-align: center;\"><strong>In collaboration with:\u00a0<\/strong><\/p>\n<p>Fondazione Alberto Predieri-CESIFIN.<\/p>\n<p>Ministerio de Ciencia e Innovaci\u00f3n, Proyecto I+D+i PID2019-106118GB-I00 (CEPRES).<\/p>\n<p style=\"text-align: center;\"><strong>Scientific committee:<\/strong><\/p>\n<p>Miguel Azpitarte S\u00e1nchez, <em>Universidad de Granada<\/em><\/p>\n<p>Gregorio C\u00e1mara Villar, <em>Universidad de Granada<\/em><\/p>\n<p>Caterina Drigo, <em>Alma Mater Studiorum \u2013 Universit\u00e0 di Bologna<\/em><\/p>\n<p>Tommaso E. Frosini, <em>Universit\u00e0 Suor Orsola Benincasa<\/em><\/p>\n<p>Adoraci\u00f3n Galera Victoria, <em>Universidad de Granada<\/em><\/p>\n<p>Enrique Guill\u00e9n L\u00f3pez, <em>Universidad de Granada<\/em><\/p>\n<p>Baldomero Oliver Le\u00f3n, <em>Universidad de Granada<\/em><\/p>\n<p>Vasco Pereira da Silva, <em>Universidade de Lisboa<\/em><\/p>\n<p>Sabrina Ragone<em>,\u00a0Alma Mater Studiorum &#8211; Universit\u00e0 di Bologna\u00a0<\/em><\/p>\n<p>Silvia Romboli,\u00a0<em>ESADE &#8211; Universidad Ram\u00f3n Llull<\/em><\/p>\n<p>Angelo Schillaci, <em>Sapienza Universit\u00e0 di Roma<\/em><a href=\"http:\/\/wpd.ugr.es\/~eucons\/wordpress\/eucons-annual-meeting\/ii-eucons-annual-meeting-milano\/es\/organizacion\/\"><img loading=\"lazy\" class=\"alignnone  wp-image-227\" src=\"http:\/\/wpd.ugr.es\/~eucons\/wordpress\/wp-content\/uploads\/2021\/10\/580b585b2edbce24c47b282a-300x225.png\" alt=\"\" width=\"46\" height=\"34\" srcset=\"https:\/\/wpd.ugr.es\/~eucons\/wordpress\/wp-content\/uploads\/2021\/10\/580b585b2edbce24c47b282a-300x225.png 300w, https:\/\/wpd.ugr.es\/~eucons\/wordpress\/wp-content\/uploads\/2021\/10\/580b585b2edbce24c47b282a.png 640w\" sizes=\"(max-width: 46px) 100vw, 46px\" \/><\/a><a href=\"http:\/\/wpd.ugr.es\/~eucons\/wordpress\/eucons-annual-meeting\/ii-eucons-annual-meeting-milano\/it\/organizzazione\/\"><img loading=\"lazy\" class=\"alignnone  wp-image-229\" src=\"http:\/\/wpd.ugr.es\/~eucons\/wordpress\/wp-content\/uploads\/2021\/10\/png-clipart-flag-of-italy-flag-of-the-united-states-computer-icons-italy-flag-flag-magenta-300x200.png\" alt=\"\" width=\"53\" height=\"35\" srcset=\"https:\/\/wpd.ugr.es\/~eucons\/wordpress\/wp-content\/uploads\/2021\/10\/png-clipart-flag-of-italy-flag-of-the-united-states-computer-icons-italy-flag-flag-magenta-300x200.png 300w, https:\/\/wpd.ugr.es\/~eucons\/wordpress\/wp-content\/uploads\/2021\/10\/png-clipart-flag-of-italy-flag-of-the-united-states-computer-icons-italy-flag-flag-magenta-768x512.png 768w, https:\/\/wpd.ugr.es\/~eucons\/wordpress\/wp-content\/uploads\/2021\/10\/png-clipart-flag-of-italy-flag-of-the-united-states-computer-icons-italy-flag-flag-magenta.png 900w\" sizes=\"(max-width: 53px) 100vw, 53px\" \/><\/a><\/p>\n","protected":false},"excerpt":{"rendered":"<p>Directors:\u00a0 Marilisa D&#8217;Amico, Universit\u00e0 degli Studi di Milano Edoardo C. Raffiotta,\u00a0Universit\u00e0 degli Studi di Milano &#8211; Bicocca Antonio P\u00e9rez Miras,\u00a0Universidad de Granada Germ\u00e1n M. Teruel Lozano,\u00a0Universidad de Murcia Organising committee: Benedetta Liberali, Universit\u00e0 degli Studi di Milano Massimiliano Baroni, Universit\u00e0 degli Studi di Milano-Bicocca Luis Fernando Mart\u00ednez Quevedo, Universidad de Granada Elo\u00edsa P\u00e9rez Conchillo, Universidad [&hellip;]<\/p>\n","protected":false},"author":1,"featured_media":0,"parent":648,"menu_order":5,"comment_status":"closed","ping_status":"closed","template":"","meta":[],"_links":{"self":[{"href":"https:\/\/wpd.ugr.es\/~eucons\/wordpress\/wp-json\/wp\/v2\/pages\/678"}],"collection":[{"href":"https:\/\/wpd.ugr.es\/~eucons\/wordpress\/wp-json\/wp\/v2\/pages"}],"about":[{"href":"https:\/\/wpd.ugr.es\/~eucons\/wordpress\/wp-json\/wp\/v2\/types\/page"}],"author":[{"embeddable":true,"href":"https:\/\/wpd.ugr.es\/~eucons\/wordpress\/wp-json\/wp\/v2\/users\/1"}],"replies":[{"embeddable":true,"href":"https:\/\/wpd.ugr.es\/~eucons\/wordpress\/wp-json\/wp\/v2\/comments?post=678"}],"version-history":[{"count":4,"href":"https:\/\/wpd.ugr.es\/~eucons\/wordpress\/wp-json\/wp\/v2\/pages\/678\/revisions"}],"predecessor-version":[{"id":823,"href":"https:\/\/wpd.ugr.es\/~eucons\/wordpress\/wp-json\/wp\/v2\/pages\/678\/revisions\/823"}],"up":[{"embeddable":true,"href":"https:\/\/wpd.ugr.es\/~eucons\/wordpress\/wp-json\/wp\/v2\/pages\/648"}],"wp:attachment":[{"href":"https:\/\/wpd.ugr.es\/~eucons\/wordpress\/wp-json\/wp\/v2\/media?parent=678"}],"curies":[{"name":"wp","href":"https:\/\/api.w.org\/{rel}","templated":true}]}}