{"id":1148,"date":"2018-11-26T14:08:31","date_gmt":"2018-11-26T13:08:31","guid":{"rendered":"http:\/\/wpd.ugr.es\/~filolab\/wordpress\/?page_id=1148"},"modified":"2024-07-17T10:22:51","modified_gmt":"2024-07-17T08:22:51","slug":"alberto-molina-perez","status":"publish","type":"page","link":"https:\/\/wpd.ugr.es\/~filolab\/wordpress\/quienes-somos-nueva\/investigadores-garantes\/alberto-molina-perez\/","title":{"rendered":"Alberto Molina P\u00e9rez"},"content":{"rendered":"<div id=\"pl-1148\"  class=\"panel-layout\" ><div id=\"pg-1148-0\"  class=\"panel-grid panel-no-style\" ><div id=\"pgc-1148-0-0\"  class=\"panel-grid-cell\" ><div id=\"panel-1148-0-0-0\" class=\"so-panel widget widget_sow-image panel-first-child panel-last-child\" data-index=\"0\" ><div class=\"panel-widget-style panel-widget-style-for-1148-0-0-0\" ><div class=\"so-widget-sow-image so-widget-sow-image-default-d70c3388eec3\">\n\n<div class=\"sow-image-container\">\n\t<img src=\"https:\/\/wpd.ugr.es\/~filolab\/wordpress\/wp-content\/uploads\/2024\/07\/Alberto-Molina-400x341.jpg\" width=\"400\" height=\"341\" sizes=\"(max-width: 400px) 100vw, 400px\" title=\"Alberto Molina P\u00e9rez\" alt=\"\" \t\tclass=\"so-widget-image\"\/>\n<\/div>\n\n<\/div><\/div><\/div><\/div><div id=\"pgc-1148-0-1\"  class=\"panel-grid-cell\" ><div id=\"panel-1148-0-1-0\" class=\"so-panel widget widget_sow-editor panel-first-child panel-last-child\" data-index=\"1\" ><div class=\"so-widget-sow-editor so-widget-sow-editor-base\">\n<div class=\"siteorigin-widget-tinymce textwidget\">\n\t<p>Investigador Ram\u00f3n y Cajal \u2013 Departamento de Filosof\u00eda I \u2013 UGR<\/p>\n<p>P\u00e1gina web:\u00a0<a href=\"https:\/\/urldefense.com\/v3\/__https:\/\/www.researchgate.net\/profile\/Alberto-Molina-Perez-2__;!!D9dNQwwGXtA!SXjcL5hJisfoLVfMkYHrdHX7DA1pXyGJAUvtLO8o-omDlHj4cCIzoN-HsyTZbPPe0AHYxtRWEXvMTjpbVip3ibeW$\" target=\"_blank\" rel=\"noopener noreferrer\">https:\/\/www.researchgate.net\/profile\/Alberto-Molina-Perez-2<\/a><\/p>\n<p>Contacto:\u00a0<a href=\"mailto:albertomolina@go.ugr.es\" rel=\"noreferrer\">albertomolina@go.ugr.es<\/a><\/p>\n<\/div>\n<\/div><\/div><\/div><\/div><div id=\"pg-1148-1\"  class=\"panel-grid panel-no-style\" ><div id=\"pgc-1148-1-0\"  class=\"panel-grid-cell\" ><div id=\"panel-1148-1-0-0\" class=\"so-panel widget widget_sow-editor panel-first-child\" data-index=\"2\" ><div class=\"so-widget-sow-editor so-widget-sow-editor-base\">\n<div class=\"siteorigin-widget-tinymce textwidget\">\n\t<p>Alberto Molina P\u00e9rez es investigador Ram\u00f3n y Cajal en el Departamento de Filosof\u00eda I de la Universidad de Granada (Espa\u00f1a). Tras estudiar F\u00edsica en la Universidad Claude Bernard \u2013 Lyon 1 (Francia), y Filosof\u00eda en la Universidad de Salamanca (Espa\u00f1a) y obtuvo un DEA de Filosof\u00eda de la ciencia por la Universidad Panth\u00e9on-Sorbonne \u2013 Paris 1 (Francia) donde inici\u00f3 estudios doctorales. Se doctor\u00f3 en la Universidad Aut\u00f3noma de Madrid (Espa\u00f1a) en diciembre de 2017. A continuaci\u00f3n, fue investigador Juan de la Cierva Formaci\u00f3n en la Universidad de Granada e investigador posdoctoral en el Instituto de Estudios Sociales Avanzados del CSIC. Es miembro activo de un grupo de trabajo de la Sociedad Europea de Trasplantes de \u00f3rganos (ELPAT-ESOT). Ha sido investigador visitante en la Universidad de Lausanne (Suiza) y en la Universidad de Montpellier (Francia).<\/p>\n<\/div>\n<\/div><\/div><div id=\"panel-1148-1-0-1\" class=\"so-panel widget widget_sow-headline\" data-index=\"3\" ><div class=\"so-widget-sow-headline so-widget-sow-headline-default-66949b92e845\"><div class=\"sow-headline-container \">\n\t<h1 class='sow-headline'>L\u00edneas de investigaci\u00f3n<\/h1>\t\t\t\t\t<div class=\"decoration\">\n\t\t\t\t\t\t<div class=\"decoration-inside\"><\/div>\n\t\t\t\t\t<\/div>\n\t\t\t\t\t<\/div><\/div><\/div><div id=\"panel-1148-1-0-2\" class=\"so-panel widget widget_sow-editor\" data-index=\"4\" ><div class=\"so-widget-sow-editor so-widget-sow-editor-base\">\n<div class=\"siteorigin-widget-tinymce textwidget\">\n\t<p>Su tesis doctoral se centr\u00f3 en el concepto de funci\u00f3n y las explicaciones teleol\u00f3gicas en biolog\u00eda, pero gran parte de su trabajo posterior pertenece al campo de la filosof\u00eda aplicada y se sit\u00faa en la intersecci\u00f3n de la \u00e9tica m\u00e9dica y de la filosof\u00eda de la ciencia. Por un lado, ha trabajado sobre el consentimiento individual y la intervenci\u00f3n familiar en la decisi\u00f3n sobre donaci\u00f3n de \u00f3rganos cadav\u00e9ricos. Por otro lado, ha trabajado sobre los criterios para determinar la muerte humana y, especialmente, el criterio neurol\u00f3gico.<\/p>\n<\/div>\n<\/div><\/div><div id=\"panel-1148-1-0-3\" class=\"so-panel widget widget_sow-headline\" data-index=\"5\" ><div class=\"so-widget-sow-headline so-widget-sow-headline-default-66949b92e845\"><div class=\"sow-headline-container \">\n\t<h1 class='sow-headline'>Publicaciones destacadas<\/h1>\t\t\t\t\t<div class=\"decoration\">\n\t\t\t\t\t\t<div class=\"decoration-inside\"><\/div>\n\t\t\t\t\t<\/div>\n\t\t\t\t\t<\/div><\/div><\/div><div id=\"panel-1148-1-0-4\" class=\"so-panel widget widget_sow-editor\" data-index=\"6\" ><div class=\"so-widget-sow-editor so-widget-sow-editor-base\">\n<div class=\"siteorigin-widget-tinymce textwidget\">\n\t<ul>\n<li>[2024] D\u00edaz-Cobacho, Gonzalo, y Alberto Molina-P\u00e9rez. \u00abPluralism in the determination of death\u00bb.\u00a0<i>Current Opinion in Behavioral Sciences<\/i>\u00a057 (junio):101373.\u00a0<a href=\"https:\/\/urldefense.com\/v3\/__https:\/\/doi.org\/10.1016\/j.cobeha.2024.101373__;!!D9dNQwwGXtA!SXjcL5hJisfoLVfMkYHrdHX7DA1pXyGJAUvtLO8o-omDlHj4cCIzoN-HsyTZbPPe0AHYxtRWEXvMTjpbVtkjNe_t$\" target=\"_blank\" rel=\"noopener noreferrer\">10.1016\/j.cobeha.2024.101373<\/a>.<\/li>\n<li>[2023] Molina-P\u00e9rez, Alberto. \u00abDefining Function in Medicine: Bridging the Gap between Biology and Clinical Practice\u00bb.\u00a0<i>AJOB Neuroscience<\/i>\u00a014 (3): 282-85. DOI:\u00a0<a href=\"https:\/\/urldefense.com\/v3\/__https:\/\/doi.org\/10.1080\/21507740.2023.2243864__;!!D9dNQwwGXtA!SXjcL5hJisfoLVfMkYHrdHX7DA1pXyGJAUvtLO8o-omDlHj4cCIzoN-HsyTZbPPe0AHYxtRWEXvMTjpbVp7btYD-$\" target=\"_blank\" rel=\"noopener noreferrer\">10.1080\/21507740.2023.2243864<\/a>.<\/li>\n<li>[2023] Molina-P\u00e9rez, Alberto, James L. Bernat, y Anne L. Dalle Ave. \u00abInconsistency between the circulatory and the brain death criteria of death in the Uniform Determination of Death Act\u00bb.\u00a0<i>The Journal of Medicine and Philosophy<\/i>\u00a048 (4).\u00a0 DOI:\u00a0<a href=\"https:\/\/urldefense.com\/v3\/__https:\/\/doi.org\/10.1093\/jmp\/jhad029__;!!D9dNQwwGXtA!SXjcL5hJisfoLVfMkYHrdHX7DA1pXyGJAUvtLO8o-omDlHj4cCIzoN-HsyTZbPPe0AHYxtRWEXvMTjpbVgiLOSes$\" target=\"_blank\" rel=\"noopener noreferrer\">10.1093\/jmp\/jhad029<\/a>.<\/li>\n<li>[2022] Molina-P\u00e9rez, Alberto, Janet Delgado, Michaela Frunza, Myfanwy Morgan, Gurch Randhawa, Jeantine Reiger-Van de Wijdeven, Silke Schicktanz, Eline Schiks, Sabine W\u00f6hlke, y David Rodr\u00edguez-Arias. \u00abShould the Family Have a Role in Deceased Organ Donation Decision-Making? A Systematic Review of Public Knowledge and Attitudes towards Organ Procurement Policies in Europe\u00bb.\u00a0<i>Transplantation Reviews<\/i>\u00a036 (1): 100673. DOI:\u00a0<a href=\"https:\/\/urldefense.com\/v3\/__https:\/\/doi.org\/10.1016\/j.trre.2021.100673__;!!D9dNQwwGXtA!SXjcL5hJisfoLVfMkYHrdHX7DA1pXyGJAUvtLO8o-omDlHj4cCIzoN-HsyTZbPPe0AHYxtRWEXvMTjpbVl_dWQPc$\" target=\"_blank\" rel=\"noopener noreferrer\">10.1016\/j.trre.2021.100673<\/a>.<\/li>\n<li>[2022] Molina-P\u00e9rez, Alberto, David Rodr\u00edguez-Arias, y Janet Delgado. \u00abDifferential Impact of Opt-in, Opt-out Policies on Deceased Organ Donation Rates: A Mixed Conceptual and Empirical Study\u00bb.\u00a0<i>BMJ Open<\/i>\u00a012 (9): e057107. DOI:\u00a0<a href=\"https:\/\/urldefense.com\/v3\/__https:\/\/doi.org\/10.1136\/bmjopen-2021-057107__;!!D9dNQwwGXtA!SXjcL5hJisfoLVfMkYHrdHX7DA1pXyGJAUvtLO8o-omDlHj4cCIzoN-HsyTZbPPe0AHYxtRWEXvMTjpbVirNIq-0$\" target=\"_blank\" rel=\"noopener noreferrer\">10.1136\/bmjopen-2021-057107<\/a>.<\/li>\n<li>[2022] Molina-P\u00e9rez, Alberto, Gabriele Werner-Felmayer, Kristof Van Assche, Anja M. B. Jensen, Janet Delgado, Magdalena Flatscher-Th\u00f6ni, Ivar R. Hannikainen, David Rodriguez-Arias, Silke Schicktanz, y Sabine W\u00f6hlke. \u00abAttitudes of European students towards family decision-making and the harmonisation of consent systems in deceased organ donation: a cross-national survey\u00bb.\u00a0<i>BMC Public Health 22<\/i>\u00a0(1): 2080. DOI:\u00a0<a href=\"https:\/\/urldefense.com\/v3\/__https:\/\/doi.org\/10.1186\/s12889-022-14476-z__;!!D9dNQwwGXtA!SXjcL5hJisfoLVfMkYHrdHX7DA1pXyGJAUvtLO8o-omDlHj4cCIzoN-HsyTZbPPe0AHYxtRWEXvMTjpbVkUI73ly$\" target=\"_blank\" rel=\"noopener noreferrer\">10.1186\/s12889-022-14476-z<\/a>.<\/li>\n<li>[2022] Molina P\u00e9rez, Alberto. \u00abBrain Death Debates: From Bioethics to Philosophy of Science\u00bb.\u00a0<i>F1000Research<\/i>\u00a011 (junio):195. DOI:\u00a0<a href=\"https:\/\/urldefense.com\/v3\/__https:\/\/doi.org\/10.12688\/f1000research.109184.2__;!!D9dNQwwGXtA!SXjcL5hJisfoLVfMkYHrdHX7DA1pXyGJAUvtLO8o-omDlHj4cCIzoN-HsyTZbPPe0AHYxtRWEXvMTjpbVt43wJNS$\" target=\"_blank\" rel=\"noopener noreferrer\">10.12688\/f1000research.109184.2<\/a>.<\/li>\n<li>[2021] Molina-P\u00e9rez, Alberto, Janet Delgado, y David Rodr\u00edguez-Arias. \u00abDefining Consent: Autonomy and the Role of the Family\u00bb. En\u00a0<i>Ethical Challenges of Organ Transplantation: Current Debates and International Perspectives<\/i>, editado por Solveig Lena Hansen y Silke Schicktanz, 43-64. Transcript Verlag.<\/li>\n<li>[2019] Delgado, Janet, Alberto Molina-P\u00e9rez, David Shaw, y David Rodr\u00edguez-Arias. \u00abThe Role of the Family in Deceased Organ Procurement. A Guide for Clinicians and Policy Makers\u00bb.\u00a0<i>Transplantation<\/i>\u00a0103 (5): e112-18. DOI:\u00a0<a href=\"https:\/\/urldefense.com\/v3\/__https:\/\/doi.org\/10.1097\/TP.0000000000002622__;!!D9dNQwwGXtA!SXjcL5hJisfoLVfMkYHrdHX7DA1pXyGJAUvtLO8o-omDlHj4cCIzoN-HsyTZbPPe0AHYxtRWEXvMTjpbVi-EabLA$\" target=\"_blank\" rel=\"noopener noreferrer\">10.1097\/TP.0000000000002622<\/a>.<\/li>\n<li>[2019] Molina-P\u00e9rez, Alberto, David Rodr\u00edguez-Arias, Janet Delgado-Rodr\u00edguez, Myfanwy Morgan, Mihaela Frunza, Gurch Randhawa, Jeantine Reiger-Van de Wijdeven, Eline Schiks, Sabine W\u00f6hlke, y Silke Schicktanz. \u00abPublic Knowledge and Attitudes towards Consent Policies for Organ Donation in Europe. A Systematic Review\u00bb.\u00a0<i>Transplantation Reviews<\/i>\u00a033 (1): 1-8. DOI:\u00a0<a href=\"https:\/\/urldefense.com\/v3\/__https:\/\/doi.org\/10.1016\/j.trre.2018.09.001__;!!D9dNQwwGXtA!SXjcL5hJisfoLVfMkYHrdHX7DA1pXyGJAUvtLO8o-omDlHj4cCIzoN-HsyTZbPPe0AHYxtRWEXvMTjpbVq-EWdWV$\" target=\"_blank\" rel=\"noopener noreferrer\">10.1016\/j.trre.2018.09.001<\/a>.<\/li>\n<\/ul>\n<\/div>\n<\/div><\/div><div id=\"panel-1148-1-0-5\" class=\"so-panel widget widget_sow-headline\" data-index=\"7\" ><div class=\"so-widget-sow-headline so-widget-sow-headline-default-66949b92e845\"><div class=\"sow-headline-container \">\n\t<h1 class='sow-headline'>Proyectos<\/h1>\t\t\t\t\t<div class=\"decoration\">\n\t\t\t\t\t\t<div class=\"decoration-inside\"><\/div>\n\t\t\t\t\t<\/div>\n\t\t\t\t\t<\/div><\/div><\/div><div id=\"panel-1148-1-0-6\" class=\"so-panel widget widget_sow-editor panel-last-child\" data-index=\"8\" ><div class=\"so-widget-sow-editor so-widget-sow-editor-base\">\n<div class=\"siteorigin-widget-tinymce textwidget\">\n\t<ul>\n<li>Investigador Principal del proyecto \"DEAD BODIES is Epistemology Applied to Death and Bioethics Of Death Informed by Epistemology and Science\"\u00a0[PID2020-119717GA-I00]. PI: Alberto Molina P\u00e9rez. (2021-2023,\u00a017,545\u20ac).<\/li>\n<li>Miembro del equipo de investigaci\u00f3n del proyecto europeo \"TTV GUIDE TX\" [EU ID: 896932] IP: Gregor Bond (2021\u20132026,\u00a0 6,099,831\u20ac).<\/li>\n<li>Co-Investigador Principal del proyecto \"PyM \u2013 Pluralismo y Muerte\" financiado por la Fundaci\u00f3 Grifols i Lucas. IP: Alberto Molina-P\u00e9rez; Gonzalo D\u00edaz-Cobacho (2019\u20132020, 5,000\u20ac).<\/li>\n<li>Co-Investigador Principal del proyecto \"[PACIS-7] Encuesta sobre conocimiento y actitudes del p\u00fablico respecto a la donaci\u00f3n y trasplante de \u00f3rganos\" financiado por el IESA-CSIC. IP: David Rodr\u00edguez-Arias; Alberto Molina-P\u00e9rez. (2018\u20132019, 20,000\u20ac).<\/li>\n<li>Miembro del equipo de trabajo del proyecto \"INEDyTO II\" [PID2020-118729RB-I00]. PI: David Rodr\u00edguez-Arias. (2021\u20132024, 84,337\u20ac).<\/li>\n<li>Miembro del equipo de trabajo del proyecto \"INEDyTO \u2013 Investigaci\u00f3n en \u00c9tica de la Donaci\u00f3n y el Trasplante de \u00d3rganos\" [FFI2017-8813P]. PI: David Rodr\u00edguez-Arias. (2018\u20132021, 52,272\u20ac).<\/li>\n<li>Miembro del equipo de trabajo del proyecto \"ISSATO \u2013 International Student Survey on the knowledge and Attitudes Towards donation and transplantation of Organs\/body parts\" coordinado por la Universidad de G\u00f6ttingen. PI: Silke Schicktanz. (2018-2020).<\/li>\n<li>Investigador contratado a cargo del proyecto \"RESPONDE \u2013 Investigaci\u00f3n sobre estrategias \u00e9ticas para incrementar la donaci\u00f3n de \u00f3rganos\" [FFI205-62699-ERC]. PI: David Rodr\u00edguez-Arias. (2015\u20132017, 62,400\u20ac).<\/li>\n<\/ul>\n<p>&nbsp;<\/p>\n<\/div>\n<\/div><\/div><\/div><\/div><\/div><!-- AddThis Advanced Settings generic via filter on the_content --><!-- AddThis Share Buttons generic via filter on the_content -->","protected":false},"excerpt":{"rendered":"<p>Investigador Ram\u00f3n y Cajal \u2013 Departamento de Filosof\u00eda I \u2013 UGR P\u00e1gina web:\u00a0https:\/\/www.researchgate.net\/profile\/Alberto-Molina-Perez-2 Contacto:\u00a0albertomolina@go.ugr.es Alberto Molina P\u00e9rez es investigador Ram\u00f3n y Cajal en el Departamento de Filosof\u00eda I de la Universidad de Granada (Espa\u00f1a). Tras estudiar F\u00edsica en la Universidad Claude Bernard \u2013 Lyon 1 (Francia), y Filosof\u00eda en la Universidad de Salamanca (Espa\u00f1a) y [&hellip;]<!-- AddThis Advanced Settings generic via filter on get_the_excerpt --><!-- AddThis Share Buttons generic via filter on get_the_excerpt --><\/p>\n","protected":false},"author":1,"featured_media":0,"parent":934,"menu_order":0,"comment_status":"closed","ping_status":"closed","template":"","meta":[],"_links":{"self":[{"href":"https:\/\/wpd.ugr.es\/~filolab\/wordpress\/wp-json\/wp\/v2\/pages\/1148"}],"collection":[{"href":"https:\/\/wpd.ugr.es\/~filolab\/wordpress\/wp-json\/wp\/v2\/pages"}],"about":[{"href":"https:\/\/wpd.ugr.es\/~filolab\/wordpress\/wp-json\/wp\/v2\/types\/page"}],"author":[{"embeddable":true,"href":"https:\/\/wpd.ugr.es\/~filolab\/wordpress\/wp-json\/wp\/v2\/users\/1"}],"replies":[{"embeddable":true,"href":"https:\/\/wpd.ugr.es\/~filolab\/wordpress\/wp-json\/wp\/v2\/comments?post=1148"}],"version-history":[{"count":14,"href":"https:\/\/wpd.ugr.es\/~filolab\/wordpress\/wp-json\/wp\/v2\/pages\/1148\/revisions"}],"predecessor-version":[{"id":5608,"href":"https:\/\/wpd.ugr.es\/~filolab\/wordpress\/wp-json\/wp\/v2\/pages\/1148\/revisions\/5608"}],"up":[{"embeddable":true,"href":"https:\/\/wpd.ugr.es\/~filolab\/wordpress\/wp-json\/wp\/v2\/pages\/934"}],"wp:attachment":[{"href":"https:\/\/wpd.ugr.es\/~filolab\/wordpress\/wp-json\/wp\/v2\/media?parent=1148"}],"curies":[{"name":"wp","href":"https:\/\/api.w.org\/{rel}","templated":true}]}}