{"id":2677,"date":"2020-05-14T10:28:26","date_gmt":"2020-05-14T08:28:26","guid":{"rendered":"http:\/\/wpd.ugr.es\/~filolab\/wordpress\/?page_id=2677"},"modified":"2020-05-25T10:46:33","modified_gmt":"2020-05-25T08:46:33","slug":"rafael-cejudo-cordoba","status":"publish","type":"page","link":"https:\/\/wpd.ugr.es\/~filolab\/wordpress\/quienes-somos-nueva\/investigadores-asociados\/rafael-cejudo-cordoba\/","title":{"rendered":"Rafael Cejudo C\u00f3rdoba"},"content":{"rendered":"<div id=\"pl-2677\"  class=\"panel-layout\" ><div id=\"pg-2677-0\"  class=\"panel-grid panel-no-style\" ><div id=\"pgc-2677-0-0\"  class=\"panel-grid-cell\" ><div id=\"panel-2677-0-0-0\" class=\"so-panel widget widget_sow-image panel-first-child panel-last-child\" data-index=\"0\" ><div class=\"so-widget-sow-image so-widget-sow-image-default-d6014b76747a\">\n\n<div class=\"sow-image-container\">\n\t<img src=\"https:\/\/wpd.ugr.es\/~filolab\/wordpress\/wp-content\/uploads\/2020\/05\/Rafael-Cejudo-C\u00f3rdoba.jpg\" width=\"200\" height=\"200\" srcset=\"https:\/\/wpd.ugr.es\/~filolab\/wordpress\/wp-content\/uploads\/2020\/05\/Rafael-Cejudo-C\u00f3rdoba.jpg 200w, https:\/\/wpd.ugr.es\/~filolab\/wordpress\/wp-content\/uploads\/2020\/05\/Rafael-Cejudo-C\u00f3rdoba-150x150.jpg 150w, https:\/\/wpd.ugr.es\/~filolab\/wordpress\/wp-content\/uploads\/2020\/05\/Rafael-Cejudo-C\u00f3rdoba-100x100.jpg 100w\" sizes=\"(max-width: 200px) 100vw, 200px\" title=\"Rafael Cejudo C\u00f3rdoba\" alt=\"\" \t\tclass=\"so-widget-image\"\/>\n<\/div>\n\n<\/div><\/div><\/div><div id=\"pgc-2677-0-1\"  class=\"panel-grid-cell\" ><div id=\"panel-2677-0-1-0\" class=\"so-panel widget widget_sow-editor panel-first-child panel-last-child\" data-index=\"1\" ><div class=\"so-widget-sow-editor so-widget-sow-editor-base\">\n<div class=\"siteorigin-widget-tinymce textwidget\">\n\t<p>Investigador Asociado a FiloLab<\/p>\n<p>Profesor Titular, <a href=\"http:\/\/www.uco.es\/organiza\/departamentos\/ccssyhh\/personal\/fichas\/cejudo-cordoba-rafael.php\">Departamento de Ciencias Sociales y Humanidades, UCO<\/a><\/p>\n<p>Contacto: <a href=\"mailto:rafael.cejudo@uco.es\">rafael.cejudo@uco.es<\/a><\/p>\n<p>&nbsp;<\/p>\n<\/div>\n<\/div><\/div><\/div><\/div><div id=\"pg-2677-1\"  class=\"panel-grid panel-no-style\" ><div id=\"pgc-2677-1-0\"  class=\"panel-grid-cell\" ><div id=\"panel-2677-1-0-0\" class=\"so-panel widget widget_sow-editor panel-first-child\" data-index=\"2\" ><div class=\"so-widget-sow-editor so-widget-sow-editor-base\">\n<div class=\"siteorigin-widget-tinymce textwidget\">\n\t<p>Rafael Cejudo C\u00f3rdoba es Profesor Titular en el \u00c1rea de Filosof\u00eda Moral, Doctor en Filosof\u00eda y Graduado en Ciencias Empresariales por la Universidad de C\u00f3rdoba, as\u00ed como Experto en Responsabilidad Social Empresarial por la UNED. Ha sido coordinador del Grado en Gesti\u00f3n Cultural de la Universidad de C\u00f3rdoba y es secretario del Comit\u00e9 de Pr\u00e1cticas Responsables e Integridad en la Investigaci\u00f3n y miembro del Consejo Asesor de la C\u00e1tedra de Participaci\u00f3n Ciudadana de dicha universidad. Su investigaci\u00f3n ha sido valorada positivamente por la CNEAI (2 tramos, 2005-2010, 2011-2016).<\/p>\n<\/div>\n<\/div><\/div><div id=\"panel-2677-1-0-1\" class=\"so-panel widget widget_sow-headline\" data-index=\"3\" ><div class=\"so-widget-sow-headline so-widget-sow-headline-default-66949b92e845\"><div class=\"sow-headline-container \">\n\t<h1 class='sow-headline'>L\u00edneas de investigaci\u00f3n<\/h1>\t\t\t\t\t<div class=\"decoration\">\n\t\t\t\t\t\t<div class=\"decoration-inside\"><\/div>\n\t\t\t\t\t<\/div>\n\t\t\t\t\t<\/div><\/div><\/div><div id=\"panel-2677-1-0-2\" class=\"so-panel widget widget_sow-editor\" data-index=\"4\" ><div class=\"so-widget-sow-editor so-widget-sow-editor-base\">\n<div class=\"siteorigin-widget-tinymce textwidget\">\n\t<p>Relaciones entre la econom\u00eda, la \u00e9tica y la cultura. \u00c9tica de la gesti\u00f3n cultural. \u00c9tica empresarial. Utilitarismo. Enfoque de las capacidades. J. S. Mill. Amartya Sen.<\/p>\n<\/div>\n<\/div><\/div><div id=\"panel-2677-1-0-3\" class=\"so-panel widget widget_sow-headline\" data-index=\"5\" ><div class=\"so-widget-sow-headline so-widget-sow-headline-default-66949b92e845\"><div class=\"sow-headline-container \">\n\t<h1 class='sow-headline'>Publicaciones destacadas<\/h1>\t\t\t\t\t<div class=\"decoration\">\n\t\t\t\t\t\t<div class=\"decoration-inside\"><\/div>\n\t\t\t\t\t<\/div>\n\t\t\t\t\t<\/div><\/div><\/div><div id=\"panel-2677-1-0-4\" class=\"so-panel widget widget_sow-editor\" data-index=\"6\" ><div class=\"so-widget-sow-editor so-widget-sow-editor-base\">\n<div class=\"siteorigin-widget-tinymce textwidget\">\n\t<p>[2017] Cejudo C\u00f3rdoba, Rafael. \"La participaci\u00f3n del p\u00fablico en el coste de la oferta cultural: argumentos \u00e9ticos para el debate.\" <em>Arbor<\/em>, vol. 193, no. 784. <a href=\"https:\/\/doi.org\/10.3989\/arbor.2017.784n2009\">https:\/\/doi.org\/10.3989\/arbor.2017.784n2009<\/a><\/p>\n<p>[2017] Cejudo C\u00f3rdoba, Rafael. \"Argumentos culturales para la responsabilidad social empresarial.\" <em>Recerca, Revista de Pensament i An\u00e0lisi<\/em>, no. 21, pp. 107-129. <a href=\"http:\/\/dx.doi.org\/10.6035\/Recerca.2017.21.6\">http:\/\/dx.doi.org\/10.6035\/Recerca.2017.21.6<\/a><\/p>\n<p>[2016] Cejudo, Rafael, y Pablo Rodr\u00edguez-Guti\u00e9rrez. \"An Assessment Model for Business Commitment To Culture And Fine Arts: Application To The Spanish Ibex 35 Listed Companies.\" <em>Research in Ethical Issues in Organizations<\/em>, vol. 16, pp. 181-205. <a href=\"https:\/\/doi.org\/10.1108\/S1529-209620160000016007\">https:\/\/doi.org\/10.1108\/S1529-209620160000016007<\/a><\/p>\n<p>[2015] Cejudo C\u00f3rdoba, Rafael. <em>\u00c9tica de la pol\u00edtica en John Stuart Mill y George Grote. Estudio preliminar, traducci\u00f3n y comentarios<\/em>. Madrid: Plaza y Vald\u00e9s.<\/p>\n<p>[2014] Cejudo, Rafael. \"Decision making in compromise situations: guidelines based on J. S. Mill\u2019s doctrine of political half-measures.\" <em>Business Ethics: An European Review<\/em>, vol. 23, no. 4, pp. 364-374. <a href=\"https:\/\/doi.org\/10.1111\/beer.12056\">https:\/\/doi.org\/10.1111\/beer.12056<\/a><\/p>\n<p>[2014] Cejudo C\u00f3rdoba, Rafael. \"Por qu\u00e9 seguir gastando en cultura en tiempos de crisis: justificaciones desde la filosof\u00eda pol\u00edtica liberal.\" <em>Revista Internacional de \u00c9ticas aplicadas<\/em>, no. 15, pp. 195-203.<\/p>\n<p>[2014] Cejudo, Rafael. \"Sobre el valor del Patrimonio Cultural Inmaterial: una propuesta desde la \u00e9tica del consumo.\" <em>Revista Internacional de \u00c9ticas aplicadas<\/em>, no. 14, pp. 189-209.<\/p>\n<p>[2014] Cejudo, Rafael. \"Deliberation for Concrete Cases: Mill\u2019s Logic of Practice.\" <em>Varieties of Liberalism: Contemporary Challenges<\/em>, editado por Jan Harald Alnes, y Manuel Toscano, Newcastle upon Tyne: Cambridge Scholars Publishing, pp. 52-68.<\/p>\n<p>[2012] Cejudo, Rafael. \"El sujeto pol\u00edtico de las relaciones internacionales en el pensamiento de J. S. Mill.\" <em>Utilitarismo y constitucionalismo: la ocasi\u00f3n de 1812<\/em>, editado por Manuel Escamilla, y Josefa Dolores Ruiz. Madrid: Librer\u00eda Dykinson.<\/p>\n<p>[2011] Cejudo, Rafael. \"J. S. Mill. Un fil\u00f3sofo radical en la arena pol\u00edtica.\" <em>Historia del An\u00e1lisis Pol\u00edtico<\/em>, editado por Pablo S\u00e1nchez Garrido (Coord. y Ed.), y Consuelo Mart\u00ednez Sicluna y Sep\u00falveda. Madrid: Tecnos.<\/p>\n<p><strong>\u00a0<\/strong><\/p>\n<\/div>\n<\/div><\/div><div id=\"panel-2677-1-0-5\" class=\"so-panel widget widget_sow-headline\" data-index=\"7\" ><div class=\"so-widget-sow-headline so-widget-sow-headline-default-66949b92e845\"><div class=\"sow-headline-container \">\n\t<h1 class='sow-headline'>Proyectos<\/h1>\t\t\t\t\t<div class=\"decoration\">\n\t\t\t\t\t\t<div class=\"decoration-inside\"><\/div>\n\t\t\t\t\t<\/div>\n\t\t\t\t\t<\/div><\/div><\/div><div id=\"panel-2677-1-0-6\" class=\"so-panel widget widget_sow-editor panel-last-child\" data-index=\"8\" ><div class=\"so-widget-sow-editor so-widget-sow-editor-base\">\n<div class=\"siteorigin-widget-tinymce textwidget\">\n\t<p>Investigador Principal del proyecto \"Conducta Moral y Deontolog\u00eda Profesional. El caso de la gesti\u00f3n cultural en Andaluc\u00eda\" (COMDEP). Proyectos de I+D+i en el Marco del Programa Operativo FEDER Andaluc\u00eda 2014-2020 (Convocatoria 2018).<\/p>\n<p>\"\u00c9tica empresarial: normatividad y conducta econ\u00f3mica\" (BENEB). Plan Nacional de I+D+i.<\/p>\n<p>\"Civic Constellation III. Democracy, Constitutionalism, and Anti-Liberalism\". Plan Nacional de I+D+i.<\/p>\n<\/div>\n<\/div><\/div><\/div><\/div><\/div><!-- AddThis Advanced Settings generic via filter on the_content --><!-- AddThis Share Buttons generic via filter on the_content -->","protected":false},"excerpt":{"rendered":"<p>Investigador Asociado a FiloLab Profesor Titular, Departamento de Ciencias Sociales y Humanidades, UCO Contacto: rafael.cejudo@uco.es &nbsp; Rafael Cejudo C\u00f3rdoba es Profesor Titular en el \u00c1rea de Filosof\u00eda Moral, Doctor en Filosof\u00eda y Graduado en Ciencias Empresariales por la Universidad de C\u00f3rdoba, as\u00ed como Experto en Responsabilidad Social Empresarial por la UNED. Ha sido coordinador del [&hellip;]<!-- AddThis Advanced Settings generic via filter on get_the_excerpt --><!-- AddThis Share Buttons generic via filter on get_the_excerpt --><\/p>\n","protected":false},"author":1,"featured_media":0,"parent":947,"menu_order":0,"comment_status":"closed","ping_status":"closed","template":"","meta":[],"_links":{"self":[{"href":"https:\/\/wpd.ugr.es\/~filolab\/wordpress\/wp-json\/wp\/v2\/pages\/2677"}],"collection":[{"href":"https:\/\/wpd.ugr.es\/~filolab\/wordpress\/wp-json\/wp\/v2\/pages"}],"about":[{"href":"https:\/\/wpd.ugr.es\/~filolab\/wordpress\/wp-json\/wp\/v2\/types\/page"}],"author":[{"embeddable":true,"href":"https:\/\/wpd.ugr.es\/~filolab\/wordpress\/wp-json\/wp\/v2\/users\/1"}],"replies":[{"embeddable":true,"href":"https:\/\/wpd.ugr.es\/~filolab\/wordpress\/wp-json\/wp\/v2\/comments?post=2677"}],"version-history":[{"count":9,"href":"https:\/\/wpd.ugr.es\/~filolab\/wordpress\/wp-json\/wp\/v2\/pages\/2677\/revisions"}],"predecessor-version":[{"id":2855,"href":"https:\/\/wpd.ugr.es\/~filolab\/wordpress\/wp-json\/wp\/v2\/pages\/2677\/revisions\/2855"}],"up":[{"embeddable":true,"href":"https:\/\/wpd.ugr.es\/~filolab\/wordpress\/wp-json\/wp\/v2\/pages\/947"}],"wp:attachment":[{"href":"https:\/\/wpd.ugr.es\/~filolab\/wordpress\/wp-json\/wp\/v2\/media?parent=2677"}],"curies":[{"name":"wp","href":"https:\/\/api.w.org\/{rel}","templated":true}]}}