{"id":547,"date":"2018-06-16T19:13:54","date_gmt":"2018-06-16T17:13:54","guid":{"rendered":"http:\/\/wpd.ugr.es\/~filolab\/wordpress\/amp\/?page_id=547"},"modified":"2024-09-19T09:44:36","modified_gmt":"2024-09-19T07:44:36","slug":"lilian-bermejo-luque","status":"publish","type":"page","link":"https:\/\/wpd.ugr.es\/~filolab\/wordpress\/quienes-somos-nueva\/investigadores-garantes\/lilian-bermejo-luque\/","title":{"rendered":"Lilian Bermejo Luque"},"content":{"rendered":"<div id=\"pl-547\"  class=\"panel-layout\" ><div id=\"pg-547-0\"  class=\"panel-grid panel-no-style\" ><div id=\"pgc-547-0-0\"  class=\"panel-grid-cell\" ><div id=\"panel-547-0-0-0\" class=\"so-panel widget widget_sow-image panel-first-child panel-last-child\" data-index=\"0\" ><div class=\"so-widget-sow-image so-widget-sow-image-default-d6014b76747a\">\n\n<div class=\"sow-image-container\">\n\t<img src=\"https:\/\/wpd.ugr.es\/~filolab\/wordpress\/wp-content\/uploads\/2018\/06\/Lilian2-1.png\" width=\"207\" height=\"204\" srcset=\"https:\/\/wpd.ugr.es\/~filolab\/wordpress\/wp-content\/uploads\/2018\/06\/Lilian2-1.png 207w, https:\/\/wpd.ugr.es\/~filolab\/wordpress\/wp-content\/uploads\/2018\/06\/Lilian2-1-100x100.png 100w\" sizes=\"(max-width: 207px) 100vw, 207px\" title=\"Lilian Bermejo Luque\" alt=\"\" \t\tclass=\"so-widget-image\"\/>\n<\/div>\n\n<\/div><\/div><\/div><div id=\"pgc-547-0-1\"  class=\"panel-grid-cell\" ><div id=\"panel-547-0-1-0\" class=\"so-panel widget widget_sow-editor panel-first-child panel-last-child\" data-index=\"1\" ><div class=\"so-widget-sow-editor so-widget-sow-editor-base\">\n<div class=\"siteorigin-widget-tinymce textwidget\">\n\t<p>Profesora titular, <a href=\"http:\/\/directorio.ugr.es\/static\/PersonalUGR\/*\/show\/afe56fa542edff58605a56af723e8567\">Departamento de Filosof\u00eda I, UGR<\/a><\/p>\n<p>Presidenta de la <a href=\"https:\/\/ailact.wordpress.com\/\">Association for Informal Logic and Critical Thinking<\/a><\/p>\n<p>P\u00e1gina web:\u00a0<a href=\"https:\/\/lilianbermejoluque.wordpress.com\/\" target=\"_blank\" rel=\"noopener\">https:\/\/lilianbermejoluque.wordpress.com\/<\/a><\/p>\n<p>Contacto: <a href=\"mailto:lilianbl@ugr.es\">lilianbl@ugr.es<\/a><\/p>\n<\/div>\n<\/div><\/div><\/div><\/div><div id=\"pg-547-1\"  class=\"panel-grid panel-no-style\" ><div id=\"pgc-547-1-0\"  class=\"panel-grid-cell\" ><div id=\"panel-547-1-0-0\" class=\"so-panel widget widget_sow-editor panel-first-child\" data-index=\"2\" ><div class=\"so-widget-sow-editor so-widget-sow-editor-base\">\n<div class=\"siteorigin-widget-tinymce textwidget\">\n\t<p>Lilian Bermejo Luque es profesora titular del Departamento de Filosof\u00eda I de la Universidad de Granada. Es presidenta de la <a href=\"https:\/\/ailact.wordpress.com\/\" target=\"_blank\" rel=\"noopener\">Association for Informal Logic and Critical Thinking<\/a>. Su especialidad es la Teor\u00eda de la Argumentaci\u00f3n y entre sus publicaciones destacan las monograf\u00edas <i>Giving Reasons. A linguistic-pragmatic approach to Argumentation Theory<\/i> (2011) y <i>Falacias y Argumentaci\u00f3n<\/i> (2015). Es miembro del consejo asesor de la <i>European Conference on Argumentation<\/i> y miembro del consejo editorial de revistas cient\u00edficas como <i>Informal Logic<\/i>, <i>Cogency<\/i> o <i>Revista Iberoamericana de Argumentaci\u00f3n<\/i>.<\/p>\n<\/div>\n<\/div><\/div><div id=\"panel-547-1-0-1\" class=\"so-panel widget widget_sow-headline\" data-index=\"3\" ><div class=\"so-widget-sow-headline so-widget-sow-headline-default-66949b92e845\"><div class=\"sow-headline-container \">\n\t<h1 class='sow-headline'>L\u00edneas de investigaci\u00f3n<\/h1>\t\t\t\t\t<div class=\"decoration\">\n\t\t\t\t\t\t<div class=\"decoration-inside\"><\/div>\n\t\t\t\t\t<\/div>\n\t\t\t\t\t<\/div><\/div><\/div><div id=\"panel-547-1-0-2\" class=\"so-panel widget widget_sow-editor\" data-index=\"4\" ><div class=\"so-widget-sow-editor so-widget-sow-editor-base\">\n<div class=\"siteorigin-widget-tinymce textwidget\">\n\t<p>Desarrollo y aplicaciones del Modelo Normativo Ling\u00fc\u00edstico de Argumentaci\u00f3n (LNMA) para la interpretaci\u00f3n, an\u00e1lisis y evaluaci\u00f3n de la argumentaci\u00f3n en lenguaje natural.<\/p>\n<p>Estudio e integraci\u00f3n de las dimensiones l\u00f3gica, dial\u00e9ctica y ret\u00f3rica del discurso argumentativo y de la relaci\u00f3n entre la fuerza justificatoria y la fuerza persuasiva de la argumentaci\u00f3n. Caracterizaci\u00f3n de la argumentaci\u00f3n como cierto tipo de acto de habla.<\/p>\n<p>Estudio de la argumentaci\u00f3n no verbal y de la argumentaci\u00f3n visual y de diversos tipos de inferencias no deductivas (presuntivas, conductivas, anal\u00f3gicas, etc.).<\/p>\n<\/div>\n<\/div><\/div><div id=\"panel-547-1-0-3\" class=\"so-panel widget widget_sow-headline\" data-index=\"5\" ><div class=\"so-widget-sow-headline so-widget-sow-headline-default-66949b92e845\"><div class=\"sow-headline-container \">\n\t<h1 class='sow-headline'>Publicaciones destacadas<\/h1>\t\t\t\t\t<div class=\"decoration\">\n\t\t\t\t\t\t<div class=\"decoration-inside\"><\/div>\n\t\t\t\t\t<\/div>\n\t\t\t\t\t<\/div><\/div><\/div><div id=\"panel-547-1-0-4\" class=\"so-panel widget widget_sow-editor\" data-index=\"6\" ><div class=\"so-widget-sow-editor so-widget-sow-editor-base\">\n<div class=\"siteorigin-widget-tinymce textwidget\">\n\t<p>[2023] Rodr\u00edguez-Alc\u00e1zar, Javier y Lilian Bermejo-Luque. \"Human Enhancement Technologies and the Arguments for Cosmopolitanism\". <em>Enrahonar. An International Journal of Theoretical and Practical Reason<\/em>, 72, pp. 15-33.\u00a0<a href=\"https:\/\/doi.org\/10.5565\/rev\/enrahonar.1489\">https:\/\/doi.org\/10.5565\/rev\/enrahonar.1489<\/a><\/p>\n<p>[2023] Bermejo-Luque, Lilian y Javier Rodr\u00edguez-Alc\u00e1zar. \"Justifying the Precautionary Principle as a political principle\".\u00a0<em>Ethics in Science and Environmental Politics,<\/em>\u00a023:7-22.\u00a0<a href=\"https:\/\/doi.org\/10.3354\/esep00206\">https:\/\/doi.org\/10.3354\/esep00206<\/a><\/p>\n<p>[2023] Bermejo-Luque, Lilian y Javier Rodr\u00edguez-Alc\u00e1zar. Edition and Introduction to the\u00a0<i>Topoi<\/i>\u00a0Special Issue \u201cArgumentation and Politics\u201d.\u00a0<i>Topoi<\/i>, 42.\u00a0<a href=\"https:\/\/doi.org\/10.1007\/s11245-023-09917-2\">https:\/\/doi.org\/10.1007\/s11245-023-09917-2<\/a><\/p>\n<p>[2023] Bermejo-Luque, Lilian. \"Derechos Humanos: \u00c9tica, Ret\u00f3rica y Pol\u00edtica\". <em>Milan Law Review<\/em>, 4 (2), pp. 151-169. <a href=\"https:\/\/doi.org\/10.54103\/milanlawreview\/22190\">https:\/\/doi.org\/10.54103\/milanlawreview\/22190<\/a><\/p>\n<p>[2021] Rodr\u00edguez-Alc\u00e1zar, Javier, Lilian Bermejo-Luque &amp; Alberto Molina-P\u00e9rez. Do Automated Vehicles Face Moral Dilemmas? A Plea for a Political Approach.\u00a0<i>Philosophy &amp; Technology,<\/i>\u00a034, pp. 811\u2013832.\u00a0<a href=\"https:\/\/doi.org\/10.1007\/s13347-020-00432-5\">https:\/\/doi.org\/10.1007\/s13347-020-00432-5<\/a><\/p>\n<p>[2021] Bermejo-Luque, Lilian &amp; Andrei Moldovan. \"Introduction to the Special Issue on Speech Acts and Argumentation.\" <em>Informal Logic<\/em>, 41 (3), pp. 281-287. <a href=\"https:\/\/doi.org\/10.22329\/il.v41i3.6873\">https:\/\/doi.org\/10.22329\/il.v41i3.6873<\/a><\/p>\n<p>[2020] Bermejo-Luque, Lilian. \"What is Wrong with Deductivism.\" <em>Informal Logic<\/em>, 40 (3), pp. 295-316. <a href=\"https:\/\/doi.org\/10.22329\/il.v40i30.6214\">https:\/\/doi.org\/10.22329\/il.v40i30.6214<\/a><\/p>\n<p>[2019] Bermejo-Luque, Lilian. \"Giving reasons does not always amount to arguing.\" <em>Topoi<\/em>, 38 (4), pp. 659-668. <a href=\"https:\/\/doi.org\/10.1007\/s11245-015-9336-1\">https:\/\/doi.org\/10.1007\/s11245-015-9336-1<\/a><\/p>\n<p>[2019] Bermejo-Luque, Lilian. \"On the relationship between presumptions and burdens of proof.\" <em>Presumptions and Burden of Proof: An Anthology<\/em>, editado por Lilian Bermejo-Luque, Hans V. Hansen, James B. Freeman, and Fred J. Kauffeld. Tuscaloosa: University of Alabama Press.<\/p>\n<p>[2019] Bermejo-Luque, Lilian, Hans V. Hansen, James B. Freeman, y Fred J. Kauffeld (Eds.). <em>Presumptions and Burdens of Proof: An Anthology of Argumentation and the Law<\/em>. Tuscaloosa: University of Alabama Press.<\/p>\n<p>[2018] Bermejo-Luque, Lilian. \"El modelo Normativo-Ling\u00fc\u00edstico de Argumentaci\u00f3n,\" <em>Cogency<\/em>, vol. 9, no. 2, pp. 7-30.<\/p>\n<p>[2018] Bermejo-Luque, Lilian. \"Beb\u00e9s a la carta, biobancos y edici\u00f3n gen\u00e9tica. Analog\u00edas y met\u00e1foras en el discurso sobre gen\u00f3mica.\" <em>La maleta de Portbou<\/em>, no. 30, julio-agosto, pp. 40-45.<\/p>\n<p>[2017] Bermejo-Luque, Lilian. \"Argumentative and non-argumentative rhetorical content. Two examples in same-sex marriage discourse.\" <em>Argumentation in Real and Virtual Environments<\/em>, editado por Cornelia Ilie, y Guliana Garzone. Amsterdam: John Benjamin Publishers.<\/p>\n<p>[2017] Bermejo-Luque, Lilian, y Cristina Corredor (Coords.). Monogr\u00e1fico en <em>Argumentation<\/em>, 31\/3. <em>Presumptions, Presumptive Inferences and Burdens of Proof<\/em>.<\/p>\n<p>[2016] Bermejo-Luque, Lilian. \"Being a correct presumption vs. being presumably the case.\" <em>Informal Logic<\/em>, vol. 36, no. 1, pp. 1-21.<\/p>\n<p>[2014] Bermejo-Luque, Lilian. \"Deductivism without dogmas: the case of moral analogical argumentation.\" <em>Informal Logic<\/em>, vol. 34, no. 3, pp. 311-336.<\/p>\n<p>[2014] Bermejo-Luque, Lilian. <em>Falacias y Argumentaci\u00f3n<\/em>. Madrid, Plaza y Vald\u00e9s.<\/p>\n<p>[2012] Bermejo-Luque, Lilian. \"A unitary schema for arguments by analogy.\" <em>Informal Logic<\/em>, vol. 32, no. 1, pp. 1-24.<\/p>\n<p>[2011] Bermejo-Luque, Lilian. \"Exchanging reasons. Responses to critics.\" <em>Theoria<\/em>, vol. 36, no. 3, pp. 273-278.<\/p>\n<p>[2011] Bermejo-Luque, Lilian. <em>Giving Reasons. A linguistic pragmatic approach to Argumentation Theory<\/em>. Dordrecht: Springer.<\/p>\n<\/div>\n<\/div><\/div><div id=\"panel-547-1-0-5\" class=\"so-panel widget widget_sow-headline\" data-index=\"7\" ><div class=\"so-widget-sow-headline so-widget-sow-headline-default-8d8ed0dedf8a\"><div class=\"sow-headline-container \">\n\t<h1 class='sow-headline'>Proyectos<\/h1>\t\t\t\t\t<div class=\"decoration\">\n\t\t\t\t\t\t<div class=\"decoration-inside\"><\/div>\n\t\t\t\t\t<\/div>\n\t\t\t\t\t<\/div><\/div><\/div><div id=\"panel-547-1-0-6\" class=\"so-panel widget widget_sow-editor panel-last-child\" data-index=\"8\" ><div class=\"so-widget-sow-editor so-widget-sow-editor-base\">\n<div class=\"siteorigin-widget-tinymce textwidget\">\n\t<p>Co-IP del proyecto: \"El lugar de la deliberaci\u00f3n en la filosof\u00eda pol\u00edtica: propuestas pol\u00edticas y metanormativas\". (PID2023-147881NB-I00).<\/p>\n<p>Co-IP del proyecto: \"La justificaci\u00f3n de los modelos normativos para pr\u00e1cticas constitutivamente normativas. Propuesta y aplicaciones\". (PID2019-107478GB-I00). Vigencia: 01\/06\/2020 hasta el 31\/10\/2024<\/p>\n<\/div>\n<\/div><\/div><\/div><\/div><\/div><!-- AddThis Advanced Settings generic via filter on the_content --><!-- AddThis Share Buttons generic via filter on the_content -->","protected":false},"excerpt":{"rendered":"<p>Profesora titular, Departamento de Filosof\u00eda I, UGR Presidenta de la Association for Informal Logic and Critical Thinking P\u00e1gina web:\u00a0https:\/\/lilianbermejoluque.wordpress.com\/ Contacto: lilianbl@ugr.es Lilian Bermejo Luque es profesora titular del Departamento de Filosof\u00eda I de la Universidad de Granada. Es presidenta de la Association for Informal Logic and Critical Thinking. Su especialidad es la Teor\u00eda de la [&hellip;]<!-- AddThis Advanced Settings generic via filter on get_the_excerpt --><!-- AddThis Share Buttons generic via filter on get_the_excerpt --><\/p>\n","protected":false},"author":1,"featured_media":0,"parent":934,"menu_order":0,"comment_status":"closed","ping_status":"closed","template":"","meta":[],"_links":{"self":[{"href":"https:\/\/wpd.ugr.es\/~filolab\/wordpress\/wp-json\/wp\/v2\/pages\/547"}],"collection":[{"href":"https:\/\/wpd.ugr.es\/~filolab\/wordpress\/wp-json\/wp\/v2\/pages"}],"about":[{"href":"https:\/\/wpd.ugr.es\/~filolab\/wordpress\/wp-json\/wp\/v2\/types\/page"}],"author":[{"embeddable":true,"href":"https:\/\/wpd.ugr.es\/~filolab\/wordpress\/wp-json\/wp\/v2\/users\/1"}],"replies":[{"embeddable":true,"href":"https:\/\/wpd.ugr.es\/~filolab\/wordpress\/wp-json\/wp\/v2\/comments?post=547"}],"version-history":[{"count":39,"href":"https:\/\/wpd.ugr.es\/~filolab\/wordpress\/wp-json\/wp\/v2\/pages\/547\/revisions"}],"predecessor-version":[{"id":5824,"href":"https:\/\/wpd.ugr.es\/~filolab\/wordpress\/wp-json\/wp\/v2\/pages\/547\/revisions\/5824"}],"up":[{"embeddable":true,"href":"https:\/\/wpd.ugr.es\/~filolab\/wordpress\/wp-json\/wp\/v2\/pages\/934"}],"wp:attachment":[{"href":"https:\/\/wpd.ugr.es\/~filolab\/wordpress\/wp-json\/wp\/v2\/media?parent=547"}],"curies":[{"name":"wp","href":"https:\/\/api.w.org\/{rel}","templated":true}]}}