{"id":5620,"date":"2024-07-10T10:34:09","date_gmt":"2024-07-10T08:34:09","guid":{"rendered":"https:\/\/wpd.ugr.es\/~filolab\/wordpress\/?page_id=5620"},"modified":"2025-09-18T09:58:34","modified_gmt":"2025-09-18T07:58:34","slug":"actividades","status":"publish","type":"page","link":"https:\/\/wpd.ugr.es\/~filolab\/wordpress\/actividades\/","title":{"rendered":"Escuela de Verano"},"content":{"rendered":"<div id=\"pl-5620\"  class=\"panel-layout\" ><div id=\"pg-5620-0\"  class=\"panel-grid panel-no-style\" ><div id=\"pgc-5620-0-0\"  class=\"panel-grid-cell\" ><div id=\"panel-5620-0-0-0\" class=\"so-panel widget widget_sow-editor panel-first-child panel-last-child\" data-index=\"0\" ><div class=\"so-widget-sow-editor so-widget-sow-editor-base\"><h3 class=\"widget-title\">Escuela de verano \/ Summer School FILOLAB<\/h3>\n<div class=\"siteorigin-widget-tinymce textwidget\">\n\t<p><a href=\"https:\/\/wpd.ugr.es\/~filolab\/wordpress\/actividades\/escuela-internacional-de-verano-2018\/\"><strong>Escuela Internacional de Verano 2018<\/strong>.\u00a0<em>Emociones y juicio: argumentaci\u00f3n, sesgos y asuntos p\u00fablicos<\/em>, del 10 al 14 de Septiembre de 2018, en Granada (Espa\u00f1a)<\/a>.<\/p>\n<p><a href=\"https:\/\/wpd.ugr.es\/~filolab\/wordpress\/actividades\/escuela-internacional-de-verano-2019\/\"><strong>Escuela Internacional de Verano 2019<\/strong>.<em>\u00a0Injusticia discursiva y cr\u00edtica social: epistemolog\u00eda y formaci\u00f3n para la deliberaci\u00f3n<\/em>, del 8 al 12 de julio de 2019, en Granada (Espa\u00f1a)<\/a>.<\/p>\n<p><a href=\"https:\/\/wpd.ugr.es\/~filolab\/wordpress\/actividades\/escuela-internacional-de-verano-2021\/\"><strong>Escuela Internacional de Verano 2021<\/strong>.\u00a0<em>Experimental Philosophy: Knowledge, norms and social perceptions in the wake of COVID-19<\/em>.\u00a0October 13 - 15, 2021. On-Line Workshop<\/a>.<\/p>\n<p><a href=\"https:\/\/wpd.ugr.es\/~filolab\/wordpress\/actividades\/escuela-internacional-de-verano-2022\/\"><strong>Escuela Internacional de Verano 2022<\/strong>. Red tem\u00e1tica APPLY de filosof\u00eda aplicada y Unidad de Excelencia FILOLAB. <em>Polarization and Social Change. <\/em>June 21 - 24, 2022<\/a>.<\/p>\n<p><a href=\"https:\/\/wpd.ugr.es\/~filolab\/wordpress\/actividades\/international-summer-school-2025\/\"><strong>Escuela Internacional de Verano 2025<\/strong><\/a>.<a href=\"https:\/\/wpd.ugr.es\/~filolab\/wordpress\/actividades\/international-summer-school-2025\/\"> <em>Climate Change, Science Communication, and Public Opinion<\/em>. June 30 - July 3, 2025.<\/a><\/p>\n<\/div>\n<\/div><\/div><\/div><\/div><\/div><!-- AddThis Advanced Settings generic via filter on the_content --><!-- AddThis Share Buttons generic via filter on the_content -->","protected":false},"excerpt":{"rendered":"<p>Escuela Internacional de Verano 2018.\u00a0Emociones y juicio: argumentaci\u00f3n, sesgos y asuntos p\u00fablicos, del 10 al 14 de Septiembre de 2018, en Granada (Espa\u00f1a). Escuela Internacional de Verano 2019.\u00a0Injusticia discursiva y cr\u00edtica social: epistemolog\u00eda y formaci\u00f3n para la deliberaci\u00f3n, del 8 al 12 de julio de 2019, en Granada (Espa\u00f1a). Escuela Internacional de Verano 2021.\u00a0Experimental Philosophy: [&hellip;]<!-- AddThis Advanced Settings generic via filter on get_the_excerpt --><!-- AddThis Share Buttons generic via filter on get_the_excerpt --><\/p>\n","protected":false},"author":1,"featured_media":0,"parent":0,"menu_order":0,"comment_status":"closed","ping_status":"closed","template":"","meta":[],"_links":{"self":[{"href":"https:\/\/wpd.ugr.es\/~filolab\/wordpress\/wp-json\/wp\/v2\/pages\/5620"}],"collection":[{"href":"https:\/\/wpd.ugr.es\/~filolab\/wordpress\/wp-json\/wp\/v2\/pages"}],"about":[{"href":"https:\/\/wpd.ugr.es\/~filolab\/wordpress\/wp-json\/wp\/v2\/types\/page"}],"author":[{"embeddable":true,"href":"https:\/\/wpd.ugr.es\/~filolab\/wordpress\/wp-json\/wp\/v2\/users\/1"}],"replies":[{"embeddable":true,"href":"https:\/\/wpd.ugr.es\/~filolab\/wordpress\/wp-json\/wp\/v2\/comments?post=5620"}],"version-history":[{"count":5,"href":"https:\/\/wpd.ugr.es\/~filolab\/wordpress\/wp-json\/wp\/v2\/pages\/5620\/revisions"}],"predecessor-version":[{"id":7204,"href":"https:\/\/wpd.ugr.es\/~filolab\/wordpress\/wp-json\/wp\/v2\/pages\/5620\/revisions\/7204"}],"wp:attachment":[{"href":"https:\/\/wpd.ugr.es\/~filolab\/wordpress\/wp-json\/wp\/v2\/media?parent=5620"}],"curies":[{"name":"wp","href":"https:\/\/api.w.org\/{rel}","templated":true}]}}