{"id":5701,"date":"2024-07-19T11:55:53","date_gmt":"2024-07-19T09:55:53","guid":{"rendered":"https:\/\/wpd.ugr.es\/~filolab\/wordpress\/?page_id=5701"},"modified":"2024-07-19T12:00:06","modified_gmt":"2024-07-19T10:00:06","slug":"violeta-garrido","status":"publish","type":"page","link":"https:\/\/wpd.ugr.es\/~filolab\/wordpress\/quienes-somos-nueva\/investigadores-en-formacion\/violeta-garrido\/","title":{"rendered":"Violeta Garrido"},"content":{"rendered":"<div id=\"pl-5701\"  class=\"panel-layout\" ><div id=\"pg-5701-0\"  class=\"panel-grid panel-no-style\" ><div id=\"pgc-5701-0-0\"  class=\"panel-grid-cell\" ><div id=\"panel-5701-0-0-0\" class=\"so-panel widget widget_sow-image panel-first-child panel-last-child\" data-index=\"0\" ><div class=\"so-widget-sow-image so-widget-sow-image-default-d6014b76747a\">\n\n<div class=\"sow-image-container\">\n\t<img src=\"https:\/\/wpd.ugr.es\/~filolab\/wordpress\/wp-content\/uploads\/2024\/07\/VioletaGarrido.jpg\" width=\"1600\" height=\"913\" srcset=\"https:\/\/wpd.ugr.es\/~filolab\/wordpress\/wp-content\/uploads\/2024\/07\/VioletaGarrido.jpg 1600w, https:\/\/wpd.ugr.es\/~filolab\/wordpress\/wp-content\/uploads\/2024\/07\/VioletaGarrido-300x171.jpg 300w, https:\/\/wpd.ugr.es\/~filolab\/wordpress\/wp-content\/uploads\/2024\/07\/VioletaGarrido-1024x584.jpg 1024w, https:\/\/wpd.ugr.es\/~filolab\/wordpress\/wp-content\/uploads\/2024\/07\/VioletaGarrido-768x438.jpg 768w, https:\/\/wpd.ugr.es\/~filolab\/wordpress\/wp-content\/uploads\/2024\/07\/VioletaGarrido-1536x876.jpg 1536w\" sizes=\"(max-width: 1600px) 100vw, 1600px\" title=\"Violeta Garrido\" alt=\"\" \t\tclass=\"so-widget-image\"\/>\n<\/div>\n\n<\/div><\/div><\/div><div id=\"pgc-5701-0-1\"  class=\"panel-grid-cell\" ><div id=\"panel-5701-0-1-0\" class=\"so-panel widget widget_sow-editor panel-first-child panel-last-child\" data-index=\"1\" ><div class=\"so-widget-sow-editor so-widget-sow-editor-base\">\n<div class=\"siteorigin-widget-tinymce textwidget\">\n\t<p>Miembro del Equipo de Trabajo de FiloLab<\/p>\n<p>Personal Investigador en Formaci\u00f3n (FPU), <a href=\"https:\/\/directorio.ugr.es\/static\/PersonalUGR\/*\/show\/716b3e799e17c9d8b011442600d5ba89\">Departamento de Filosof\u00eda I, UGR<\/a><\/p>\n<p>P\u00e1gina web: <a href=\"https:\/\/www.researchgate.net\/profile\/Violeta-Garrido\">https:\/\/www.researchgate.net\/profile\/Violeta-Garrido<\/a><\/p>\n<p>Contacto: <a href=\"mailto:violetagarrido@ugr.es\">violetagarrido@ugr.es<\/a><\/p>\n<p>&nbsp;<\/p>\n<\/div>\n<\/div><\/div><\/div><\/div><div id=\"pg-5701-1\"  class=\"panel-grid panel-no-style\" ><div id=\"pgc-5701-1-0\"  class=\"panel-grid-cell\" ><div id=\"panel-5701-1-0-0\" class=\"so-panel widget widget_sow-editor panel-first-child\" data-index=\"2\" ><div class=\"so-widget-sow-editor so-widget-sow-editor-base\">\n<div class=\"siteorigin-widget-tinymce textwidget\">\n\t<p>Violeta Garrido es graduada en Humanidades por la Universitat Pompeu Fabra y realiz\u00f3 una estancia Erasmus en la Universit\u00e9 Sorbonne Nouvelle Paris 3. Es M\u00e1ster en Teor\u00eda de la Literatura y Literatura Comparada por la Universitat de Barcelona y M\u00e1ster en Sciences humaines et sociales con menci\u00f3n en Ars, litt\u00e9ratures et langages por la \u00c9cole des hautes \u00e9tudes en sciences sociales de Par\u00eds. Ha traducido del ingl\u00e9s y del franc\u00e9s e investiga sobre filosof\u00eda social, est\u00e9tica y teor\u00eda cr\u00edtica. Actualmente realiza una tesis bajo la direcci\u00f3n de <a href=\"https:\/\/wpd.ugr.es\/~filolab\/wordpress\/quienes-somos-nueva\/investigadores-garantes-91\/jose-luis-moreno-pestana\/\">Jos\u00e9 Luis Moreno Pesta\u00f1a<\/a>.<\/p>\n<\/div>\n<\/div><\/div><div id=\"panel-5701-1-0-1\" class=\"so-panel widget widget_sow-headline\" data-index=\"3\" ><div class=\"so-widget-sow-headline so-widget-sow-headline-default-66949b92e845\"><div class=\"sow-headline-container \">\n\t<h1 class='sow-headline'>L\u00edneas de investigaci\u00f3n<\/h1>\t\t\t\t\t<div class=\"decoration\">\n\t\t\t\t\t\t<div class=\"decoration-inside\"><\/div>\n\t\t\t\t\t<\/div>\n\t\t\t\t\t<\/div><\/div><\/div><div id=\"panel-5701-1-0-2\" class=\"so-panel widget widget_sow-editor\" data-index=\"4\" ><div class=\"so-widget-sow-editor so-widget-sow-editor-base\">\n<div class=\"siteorigin-widget-tinymce textwidget\">\n\t<p>Sus l\u00edneas de investigaci\u00f3n giran en torno a la filosof\u00eda pol\u00edtica y la filosof\u00eda social; la est\u00e9tica, la teor\u00eda de la literatura y los estudios culturales, y la teor\u00eda cr\u00edtica, el marxismo y la cr\u00edtica de la ideolog\u00eda<\/p>\n<\/div>\n<\/div><\/div><div id=\"panel-5701-1-0-3\" class=\"so-panel widget widget_sow-headline\" data-index=\"5\" ><div class=\"so-widget-sow-headline so-widget-sow-headline-default-66949b92e845\"><div class=\"sow-headline-container \">\n\t<h1 class='sow-headline'>Publicaciones destacadas<\/h1>\t\t\t\t\t<div class=\"decoration\">\n\t\t\t\t\t\t<div class=\"decoration-inside\"><\/div>\n\t\t\t\t\t<\/div>\n\t\t\t\t\t<\/div><\/div><\/div><div id=\"panel-5701-1-0-4\" class=\"so-panel widget widget_sow-editor\" data-index=\"6\" ><div class=\"so-widget-sow-editor so-widget-sow-editor-base\">\n<div class=\"siteorigin-widget-tinymce textwidget\">\n\t<div>Garrido, Violeta (2024). El debate de la transici\u00f3n en Juan Carlos Rodr\u00edguez: sujeto, mercado y capital.<em> Res P\u00fablica<\/em>, 27(2): 199-208.<\/div>\n<div><\/div>\n<div>Garrido, Violeta (2024). Explotaci\u00f3n y cosificaci\u00f3n: entre Gy\u00f6rgy Luk\u00e1cs y Juan Carlos Rodr\u00edguez. <em>Izquierdas<\/em>, 53.<\/div>\n<div><\/div>\n<div>Garrido, Violeta (2024). Inconsciente ideol\u00f3gico, <em>ethos<\/em> hist\u00f3rico y afecto: las formas hist\u00f3ricas de la individualidad y la problematizaci\u00f3n del Barroco. <em>Perseitas<\/em>, 12: 286-313.<\/div>\n<div><\/div>\n<div>Garrido, Violeta (2023). \u00bfExistieron la literatura y el arte socialistas? El debate entre vanguardia y realismo. <em>Azafea. Revista de filosof\u00eda<\/em>, 23: 299-317.<\/div>\n<div><\/div>\n<div>Garrido, Violeta (2023). El tiempo de la insurrecci\u00f3n: pasado, presente y futuro en \u00c9tienne Balibar. <em>Isegor\u00eda<\/em>, 68.<\/div>\n<div><\/div>\n<div>Garrido, Violeta (2023). La autodestrucci\u00f3n de Madame Bovary: hacia una econom\u00eda pol\u00edtica del goce. <em>Co-herencia<\/em>, 38: 373-295.<\/div>\n<div><\/div>\n<div>Garrido, Violeta (2023). Inconsciente filos\u00f3fico e inconsciente ideol\u00f3gico, o sobre la historicidad en Althusser. <em>Archivos<\/em>, 22: 129-148.<\/div>\n<div><\/div>\n<div>Garrido, Violeta (2023). Una aproximaci\u00f3n a la circulaci\u00f3n desigual de las ideas: Fredric Jameson, Terry Eagleton y Juan Carlos Rodr\u00edguez como te\u00f3ricos marxistas de la literatura.<em> Itinerarios<\/em>, 37: 112-125.<\/div>\n<\/div>\n<\/div><\/div><div id=\"panel-5701-1-0-5\" class=\"so-panel widget widget_sow-headline\" data-index=\"7\" ><div class=\"so-widget-sow-headline so-widget-sow-headline-default-66949b92e845\"><div class=\"sow-headline-container \">\n\t<h1 class='sow-headline'>Proyectos<\/h1>\t\t\t\t\t<div class=\"decoration\">\n\t\t\t\t\t\t<div class=\"decoration-inside\"><\/div>\n\t\t\t\t\t<\/div>\n\t\t\t\t\t<\/div><\/div><\/div><div id=\"panel-5701-1-0-6\" class=\"so-panel widget widget_sow-editor panel-last-child\" data-index=\"8\" ><div class=\"so-widget-sow-editor so-widget-sow-editor-base\">\n<div class=\"siteorigin-widget-tinymce textwidget\">\n\t<p>Ha participado en el proyecto \"Desacuerdo en actitudes: Normatividad, desacuerdo y polarizacio\u0301n afectiva\" (PID2019-109764RB-I00).<\/p>\n<p>Actualmente participa en la C\u00e1tedra Extraordinaria \"Filosof\u00eda social de la Discriminaci\u00f3n corporal\" (Inmujeres-UGR) y es miembro del grupo de investigaci\u00f3n \"Filosof\u00eda social: an\u00e1lisis cr\u00edtico de la sociedad y de la cultura\" (HUM-1036).<\/p>\n<p>&nbsp;<\/p>\n<\/div>\n<\/div><\/div><\/div><\/div><\/div><!-- AddThis Advanced Settings generic via filter on the_content --><!-- AddThis Share Buttons generic via filter on the_content -->","protected":false},"excerpt":{"rendered":"<p>Miembro del Equipo de Trabajo de FiloLab Personal Investigador en Formaci\u00f3n (FPU), Departamento de Filosof\u00eda I, UGR P\u00e1gina web: https:\/\/www.researchgate.net\/profile\/Violeta-Garrido Contacto: violetagarrido@ugr.es &nbsp; Violeta Garrido es graduada en Humanidades por la Universitat Pompeu Fabra y realiz\u00f3 una estancia Erasmus en la Universit\u00e9 Sorbonne Nouvelle Paris 3. Es M\u00e1ster en Teor\u00eda de la Literatura y Literatura [&hellip;]<!-- AddThis Advanced Settings generic via filter on get_the_excerpt --><!-- AddThis Share Buttons generic via filter on get_the_excerpt --><\/p>\n","protected":false},"author":1,"featured_media":0,"parent":950,"menu_order":0,"comment_status":"closed","ping_status":"closed","template":"","meta":[],"_links":{"self":[{"href":"https:\/\/wpd.ugr.es\/~filolab\/wordpress\/wp-json\/wp\/v2\/pages\/5701"}],"collection":[{"href":"https:\/\/wpd.ugr.es\/~filolab\/wordpress\/wp-json\/wp\/v2\/pages"}],"about":[{"href":"https:\/\/wpd.ugr.es\/~filolab\/wordpress\/wp-json\/wp\/v2\/types\/page"}],"author":[{"embeddable":true,"href":"https:\/\/wpd.ugr.es\/~filolab\/wordpress\/wp-json\/wp\/v2\/users\/1"}],"replies":[{"embeddable":true,"href":"https:\/\/wpd.ugr.es\/~filolab\/wordpress\/wp-json\/wp\/v2\/comments?post=5701"}],"version-history":[{"count":4,"href":"https:\/\/wpd.ugr.es\/~filolab\/wordpress\/wp-json\/wp\/v2\/pages\/5701\/revisions"}],"predecessor-version":[{"id":5707,"href":"https:\/\/wpd.ugr.es\/~filolab\/wordpress\/wp-json\/wp\/v2\/pages\/5701\/revisions\/5707"}],"up":[{"embeddable":true,"href":"https:\/\/wpd.ugr.es\/~filolab\/wordpress\/wp-json\/wp\/v2\/pages\/950"}],"wp:attachment":[{"href":"https:\/\/wpd.ugr.es\/~filolab\/wordpress\/wp-json\/wp\/v2\/media?parent=5701"}],"curies":[{"name":"wp","href":"https:\/\/api.w.org\/{rel}","templated":true}]}}