{"id":594,"date":"2018-06-15T11:38:12","date_gmt":"2018-06-15T10:38:12","guid":{"rendered":"http:\/\/wpd.ugr.es\/~fperfect\/?page_id=594"},"modified":"2018-06-15T11:38:12","modified_gmt":"2018-06-15T10:38:12","slug":"training","status":"publish","type":"page","link":"https:\/\/wpd.ugr.es\/~fperfect\/index.php\/training\/","title":{"rendered":"Training"},"content":{"rendered":"<p>Are you interested in applying for a doctoral (FPI, FPU) or postdoctoral fellowship \u00a0(Sk\u0142odowska-Curie, Juan de la Cierva, etc)? Or even to start doing research as an intern student? \u00a0<strong><em>Please contact me!<\/em><\/strong><\/p>\n<p><div id='gallery-1' class='gallery galleryid-594 gallery-columns-4 gallery-size-medium'><figure class='gallery-item'>\n\t\t\t<div class='gallery-icon landscape'>\n\t\t\t\t<a href='https:\/\/wpd.ugr.es\/~fperfect\/index.php\/training\/20150520_105531\/'><img width=\"300\" height=\"225\" src=\"https:\/\/wpd.ugr.es\/~fperfect\/wp-content\/uploads\/20150520_105531-300x225.jpg\" class=\"attachment-medium size-medium\" alt=\"\" decoding=\"async\" loading=\"lazy\" srcset=\"https:\/\/wpd.ugr.es\/~fperfect\/wp-content\/uploads\/20150520_105531-300x225.jpg 300w, https:\/\/wpd.ugr.es\/~fperfect\/wp-content\/uploads\/20150520_105531-1024x768.jpg 1024w\" sizes=\"(max-width: 300px) 100vw, 300px\" \/><\/a>\n\t\t\t<\/div><\/figure><figure class='gallery-item'>\n\t\t\t<div class='gallery-icon landscape'>\n\t\t\t\t<a href='https:\/\/wpd.ugr.es\/~fperfect\/cabecera_mg_4730\/'><img width=\"300\" height=\"80\" src=\"https:\/\/wpd.ugr.es\/~fperfect\/wp-content\/uploads\/Cabecera_MG_4730-300x80.jpg\" class=\"attachment-medium size-medium\" alt=\"\" decoding=\"async\" loading=\"lazy\" srcset=\"https:\/\/wpd.ugr.es\/~fperfect\/wp-content\/uploads\/Cabecera_MG_4730-300x80.jpg 300w, https:\/\/wpd.ugr.es\/~fperfect\/wp-content\/uploads\/Cabecera_MG_4730-1024x274.jpg 1024w, https:\/\/wpd.ugr.es\/~fperfect\/wp-content\/uploads\/Cabecera_MG_4730.jpg 1500w\" sizes=\"(max-width: 300px) 100vw, 300px\" \/><\/a>\n\t\t\t<\/div><\/figure><figure class='gallery-item'>\n\t\t\t<div class='gallery-icon landscape'>\n\t\t\t\t<a href='https:\/\/wpd.ugr.es\/~fperfect\/em21-spca\/'><img width=\"300\" height=\"269\" src=\"https:\/\/wpd.ugr.es\/~fperfect\/wp-content\/uploads\/Em21-sPCA-300x269.jpg\" class=\"attachment-medium size-medium\" alt=\"\" decoding=\"async\" loading=\"lazy\" srcset=\"https:\/\/wpd.ugr.es\/~fperfect\/wp-content\/uploads\/Em21-sPCA-300x269.jpg 300w, https:\/\/wpd.ugr.es\/~fperfect\/wp-content\/uploads\/Em21-sPCA.jpg 800w\" sizes=\"(max-width: 300px) 100vw, 300px\" \/><\/a>\n\t\t\t<\/div><\/figure><figure class='gallery-item'>\n\t\t\t<div class='gallery-icon landscape'>\n\t\t\t\t<a href='https:\/\/wpd.ugr.es\/~fperfect\/_mg_7562\/'><img width=\"300\" height=\"200\" src=\"https:\/\/wpd.ugr.es\/~fperfect\/wp-content\/uploads\/MG_7562-300x200.jpg\" class=\"attachment-medium size-medium\" alt=\"\" decoding=\"async\" loading=\"lazy\" srcset=\"https:\/\/wpd.ugr.es\/~fperfect\/wp-content\/uploads\/MG_7562-300x200.jpg 300w, https:\/\/wpd.ugr.es\/~fperfect\/wp-content\/uploads\/MG_7562-1024x683.jpg 1024w, https:\/\/wpd.ugr.es\/~fperfect\/wp-content\/uploads\/MG_7562-450x300.jpg 450w\" sizes=\"(max-width: 300px) 100vw, 300px\" \/><\/a>\n\t\t\t<\/div><\/figure>\n\t\t<\/div>\n<br \/>\nOur team have the expertise and experience to receive fellow students and contribute to their formation as scientists in an interdisciplinary environment.<\/p>\n<p>Our lab in the University of Granada and our partners (the EVOFLOR\u00a0team and the Grupo de Gen\u00e9tica Evolutiva) is composed of scientists that participate actively in doctorate programmes. We give classes in several Ph. D. and Master programs, where we give methodological and conceptual advanced courses.<\/p>\n<p>The successful dissertation defenses of our previous Ph.D. students underline our\u00a0formative capacity. We regularly conduct seminars, journal clubs, and lab meetings to create an inspiring scientific environment for training young scientists. In addition, the active and animated environment of The University of Granada\u00a0is enriching for graduate students.<\/p>\n<p><img decoding=\"async\" loading=\"lazy\" class=\"aligncenter size-large wp-image-609\" src=\"http:\/\/wpd.ugr.es\/~fperfect\/wp-content\/uploads\/IMG_20160205_162624-1024x575.jpg\" alt=\"\" width=\"710\" height=\"399\" srcset=\"https:\/\/wpd.ugr.es\/~fperfect\/wp-content\/uploads\/IMG_20160205_162624-1024x575.jpg 1024w, https:\/\/wpd.ugr.es\/~fperfect\/wp-content\/uploads\/IMG_20160205_162624-300x168.jpg 300w\" sizes=\"(max-width: 710px) 100vw, 710px\" \/><\/p>\n<p>We promote mobility of researchers and graduate students at national and international levels through short stays abroad. Our students have enjoyed short formative stays in several centers, such as the Leibniz Institute of Plant Genetics and Crop Plant Research (IPK, Germany), University of California-Davis (USA), University of Florida (USA), CREAF-UAB, Imperial College London (UK), CBIO (Portugal), Universidade de S\u00e3o Paulo (Brasil), just to cite a few. We maintain forthright relationships and regular links with other scientists, such as the EVOFLOR team, \u00a0Silvia Castro and Jo\u00e3o Loureiro (University of Coimbra, Portugal),\u00a0Jordi Bosch (CREAF-UAB), Carl Rothfels (University of California-Berkeley, USA),etc., which can favor the mobility and training of our students. Support for assistance to national and international research meetings and to formative courses is also granted for our students.<\/p>\n<div id='gallery-2' class='gallery galleryid-594 gallery-columns-3 gallery-size-medium'><figure class='gallery-item'>\n\t\t\t<div class='gallery-icon landscape'>\n\t\t\t\t<a href='https:\/\/wpd.ugr.es\/~fperfect\/index.php\/2017\/06\/20\/javier-valverde-defended-his-phd-thesis\/img_20170609_110642\/'><img width=\"300\" height=\"179\" src=\"https:\/\/wpd.ugr.es\/~fperfect\/wp-content\/uploads\/IMG_20170609_110642-300x179.jpg\" class=\"attachment-medium size-medium\" alt=\"\" decoding=\"async\" loading=\"lazy\" srcset=\"https:\/\/wpd.ugr.es\/~fperfect\/wp-content\/uploads\/IMG_20170609_110642-300x179.jpg 300w, https:\/\/wpd.ugr.es\/~fperfect\/wp-content\/uploads\/IMG_20170609_110642-1024x611.jpg 1024w, https:\/\/wpd.ugr.es\/~fperfect\/wp-content\/uploads\/IMG_20170609_110642.jpg 1200w\" sizes=\"(max-width: 300px) 100vw, 300px\" \/><\/a>\n\t\t\t<\/div><\/figure><figure class='gallery-item'>\n\t\t\t<div class='gallery-icon landscape'>\n\t\t\t\t<a href='https:\/\/wpd.ugr.es\/~fperfect\/index.php\/training\/_mg_2077\/'><img width=\"300\" height=\"200\" src=\"https:\/\/wpd.ugr.es\/~fperfect\/wp-content\/uploads\/MG_2077-300x200.jpg\" class=\"attachment-medium size-medium\" alt=\"\" decoding=\"async\" loading=\"lazy\" srcset=\"https:\/\/wpd.ugr.es\/~fperfect\/wp-content\/uploads\/MG_2077-300x200.jpg 300w, https:\/\/wpd.ugr.es\/~fperfect\/wp-content\/uploads\/MG_2077-1024x683.jpg 1024w, https:\/\/wpd.ugr.es\/~fperfect\/wp-content\/uploads\/MG_2077-450x300.jpg 450w\" sizes=\"(max-width: 300px) 100vw, 300px\" \/><\/a>\n\t\t\t<\/div><\/figure><figure class='gallery-item'>\n\t\t\t<div class='gallery-icon landscape'>\n\t\t\t\t<a href='https:\/\/wpd.ugr.es\/~fperfect\/index.php\/training\/2013-05-11-12-27-02\/'><img width=\"300\" height=\"225\" src=\"https:\/\/wpd.ugr.es\/~fperfect\/wp-content\/uploads\/2013-05-11-12.27.02-300x225.jpg\" class=\"attachment-medium size-medium\" alt=\"\" decoding=\"async\" loading=\"lazy\" srcset=\"https:\/\/wpd.ugr.es\/~fperfect\/wp-content\/uploads\/2013-05-11-12.27.02-300x225.jpg 300w, https:\/\/wpd.ugr.es\/~fperfect\/wp-content\/uploads\/2013-05-11-12.27.02-1024x768.jpg 1024w\" sizes=\"(max-width: 300px) 100vw, 300px\" \/><\/a>\n\t\t\t<\/div><\/figure>\n\t\t<\/div>\n\n<p>We have also training biological sciences students through our participation in the \u201cInternal Training Program\u201d from the University of Granada (Plan de Formaci\u00f3n Interna, Centro de Promoci\u00f3n de Empleo y Pr\u00e1cticas. Vicerrectorado de Estudiantes), and also through our work as advisers for Master and Grade students working to develop the TFM and TFG Thesis. In addition, we have also contributed to training FP students as technicians with an agreement with professional training schools. At least two of those students are currently working as technicians in biological labs.<\/p>\n<p>&nbsp;<\/p>\n<div class=\"page\" title=\"Page 51\">\n<div class=\"section\">\n<div class=\"layoutArea\">\n<h3>Past PhD Students<\/h3>\n<\/div>\n<\/div>\n<\/div>\n<div>\n<ul>\n<li>Javier Valverde (UGR, 2017)<br \/>\nGeneralizaci\u00f3n estructurada din\u00e1mica evolutiva a escala espacial fina en un sistema generalista<br \/>\nAdvisers: F Perfectti and JM G\u00f3mez<\/li>\n<li>Anja R\u00f6sler (UGR, 2014)<br \/>\n<span lang=\"ES\">The origins and evolution of the Indo-Pacific reef coralline algae<\/span><br \/>\nAdvisers: JC Braga and F Perfectti<\/li>\n<li>Antonio Jes\u00fas Mu\u00f1oz Pajares (UGR, 2013)<br \/>\n<em>Erysimum mediohispanicum<\/em> at the evolutionary crossroad phylogeography, phenotype, and pollinators<br \/>\nAdvisers: F Perfectti and JM G\u00f3mez<\/li>\n<li>Mohamed Abdelaziz (UGR, 2013)<br \/>\nHow species are evolutionarily maintained? Pollinator-mediated divergence and hybridization in <em>Erysimum mediohispanicum<\/em> and <em>Erysimum nevadense<\/em><br \/>\nAdvisers: JM G\u00f3mez and F Perfectti<\/li>\n<li>Ayub M.O. Oduor (UGR, 2012)<br \/>\nDissecting ecological and evolutionary mechanisms underlying invasiveness of plants: using <em>Brassica\u00a0nigra<\/em> as a model plant<br \/>\nAdvisers: JM G\u00f3mez, F Perfectti and SY Strauss<\/li>\n<li>Mar\u00eda Teruel (UGR, 2009)<br \/>\nOrigen, expresi\u00f3n y efectos fenot\u00edpicos\u00a0 de un par\u00e1sito gen\u00f3mico<br \/>\nAdvisers: J Cabrero, and F Perfectti<\/li>\n<\/ul>\n<\/div>\n<div><\/div>\n<div><\/div>\n<h3>Past Master Students<\/h3>\n<div>\n<div class=\"page\" title=\"Page 47\">\n<div class=\"layoutArea\">\n<div class=\"column\">\n<ul style=\"list-style-type: circle;\">\n<li>Mercedes S\u00e1nchez Cabrera (UGR, 2016)<br \/>\nEl microbioma del n\u00e9ctar en poblaciones simp\u00e1tricas y alop\u00e1tricas del g\u00e9nero <em>Erysimum<br \/>\n<\/em>Advisers: F Perfectti and I Reche<em><br \/>\n<\/em><\/li>\n<li>Felipe Chiappe (UGR, 2015)<br \/>\nFilogenia de las especies italianas del g\u00e9nero <em>Erysimum<br \/>\n<\/em>Adviser: F Perfectti<em><br \/>\n<\/em><\/li>\n<li>Joaqu\u00edn Calatayud Ortega (UGR, 2012)<br \/>\nRedes de interacci\u00f3n de individuos de <em>E. mediohispanicum<\/em>: \u00bfQui\u00e9nes y por qu\u00e9 son los protagonistas?<br \/>\nAdvisers: F Perfectti<\/li>\n<\/ul>\n<\/div>\n<\/div>\n<\/div>\n<\/div>\n","protected":false},"excerpt":{"rendered":"<p>Are you interested in applying for a doctoral (FPI, FPU) or postdoctoral fellowship \u00a0(Sk\u0142odowska-Curie, Juan de la Cierva, etc)? Or even to start doing research as an intern student? \u00a0Please contact me! Our team have the expertise and experience to<a class=\"more-link\" href=\"https:\/\/wpd.ugr.es\/~fperfect\/index.php\/training\/\" title=\"Training\"><span>Read more<\/span><\/a><\/p>\n","protected":false},"author":1,"featured_media":604,"parent":0,"menu_order":0,"comment_status":"closed","ping_status":"closed","template":"","meta":{"_monsterinsights_skip_tracking":false,"_monsterinsights_sitenote_active":false,"_monsterinsights_sitenote_note":"","_monsterinsights_sitenote_category":0},"_links":{"self":[{"href":"https:\/\/wpd.ugr.es\/~fperfect\/index.php\/wp-json\/wp\/v2\/pages\/594"}],"collection":[{"href":"https:\/\/wpd.ugr.es\/~fperfect\/index.php\/wp-json\/wp\/v2\/pages"}],"about":[{"href":"https:\/\/wpd.ugr.es\/~fperfect\/index.php\/wp-json\/wp\/v2\/types\/page"}],"author":[{"embeddable":true,"href":"https:\/\/wpd.ugr.es\/~fperfect\/index.php\/wp-json\/wp\/v2\/users\/1"}],"replies":[{"embeddable":true,"href":"https:\/\/wpd.ugr.es\/~fperfect\/index.php\/wp-json\/wp\/v2\/comments?post=594"}],"version-history":[{"count":2,"href":"https:\/\/wpd.ugr.es\/~fperfect\/index.php\/wp-json\/wp\/v2\/pages\/594\/revisions"}],"predecessor-version":[{"id":611,"href":"https:\/\/wpd.ugr.es\/~fperfect\/index.php\/wp-json\/wp\/v2\/pages\/594\/revisions\/611"}],"wp:featuredmedia":[{"embeddable":true,"href":"https:\/\/wpd.ugr.es\/~fperfect\/index.php\/wp-json\/wp\/v2\/media\/604"}],"wp:attachment":[{"href":"https:\/\/wpd.ugr.es\/~fperfect\/index.php\/wp-json\/wp\/v2\/media?parent=594"}],"curies":[{"name":"wp","href":"https:\/\/api.w.org\/{rel}","templated":true}]}}