{"id":809,"date":"2022-01-17T20:26:19","date_gmt":"2022-01-17T20:26:19","guid":{"rendered":"https:\/\/wpd.ugr.es\/~gervilla\/?page_id=809"},"modified":"2025-11-11T09:00:43","modified_gmt":"2025-11-11T09:00:43","slug":"publications","status":"publish","type":"page","link":"https:\/\/wpd.ugr.es\/~gervilla\/publications\/","title":{"rendered":"Publications"},"content":{"rendered":"<p>[et_pb_section fb_built=\u00bb1&#8243; fullwidth=\u00bbon\u00bb _builder_version=\u00bb4.16&#8243; _module_preset=\u00bbdefault\u00bb global_colors_info=\u00bb{}\u00bb][et_pb_fullwidth_header title=\u00bbRecent publications\u00bb text_orientation=\u00bbcenter\u00bb _builder_version=\u00bb4.16&#8243; _module_preset=\u00bbdefault\u00bb title_font=\u00bb|600||on|||||\u00bb title_text_color=\u00bb#ffffff\u00bb background_enable_color=\u00bboff\u00bb background_image=\u00bbhttps:\/\/wpd.ugr.es\/~gervilla\/wp-content\/uploads\/2020\/10\/Choco88-scaled.jpg\u00bb title_text_shadow_style=\u00bbpreset3&#8243; title_text_shadow_color=\u00bb#000000&#8243; global_colors_info=\u00bb{}\u00bb][\/et_pb_fullwidth_header][\/et_pb_section][et_pb_section fb_built=\u00bb1&#8243; _builder_version=\u00bb4.16&#8243; _module_preset=\u00bbdefault\u00bb custom_padding=\u00bb0px||0px||false|false\u00bb global_colors_info=\u00bb{}\u00bb][et_pb_row column_structure=\u00bb1_4,3_4&#8243; use_custom_gutter=\u00bbon\u00bb gutter_width=\u00bb2&#8243; make_equal=\u00bbon\u00bb _builder_version=\u00bb4.16&#8243; _module_preset=\u00bbdefault\u00bb width=\u00bb100%\u00bb max_width=\u00bb2560px\u00bb custom_margin=\u00bb0px|auto|0px|auto|false|false\u00bb custom_padding=\u00bb0px||0px||false|false\u00bb global_colors_info=\u00bb{}\u00bb][et_pb_column type=\u00bb1_4&#8243; _builder_version=\u00bb4.16&#8243; _module_preset=\u00bbdefault\u00bb background_color=\u00bb#565656&#8243; use_background_color_gradient=\u00bbon\u00bb background_color_gradient_direction=\u00bb90deg\u00bb background_color_gradient_stops=\u00bb#404040 9%|#8b8b8b 86%\u00bb background_color_gradient_start=\u00bb#404040&#8243; background_color_gradient_start_position=\u00bb9%\u00bb background_color_gradient_end=\u00bb#8b8b8b\u00bb background_color_gradient_end_position=\u00bb86%\u00bb global_colors_info=\u00bb{}\u00bb][et_pb_text _builder_version=\u00bb4.16&#8243; _module_preset=\u00bbdefault\u00bb header_2_font=\u00bb|600||on|||||\u00bb header_2_text_align=\u00bbcenter\u00bb header_2_text_color=\u00bb#ffffff\u00bb custom_margin=\u00bb65px||15px||false|false\u00bb global_colors_info=\u00bb{}\u00bb]<\/p>\n<h2>TOPICS<\/h2>\n<p>[\/et_pb_text][et_pb_blurb title=\u00bbRecent publications\u00bb url=\u00bbhttps:\/\/wpd.ugr.es\/~gervilla\/publications\/\u00bb icon_placement=\u00bbleft\u00bb _builder_version=\u00bb4.16&#8243; _module_preset=\u00bbdefault\u00bb header_font=\u00bb|600|||on||||\u00bb header_text_align=\u00bbleft\u00bb header_text_color=\u00bb#ffffff\u00bb header_font_size=\u00bb16px\u00bb header_line_height=\u00bb1.9em\u00bb custom_padding=\u00bb|35px||35px|false|false\u00bb global_colors_info=\u00bb{}\u00bb][\/et_pb_blurb][et_pb_blurb title=\u00bbPeridotites of the Serran\u00eda de Ronda\u00bb url=\u00bbhttps:\/\/wpd.ugr.es\/~gervilla\/peridotites-of-the-serrania-de-ronda\/\u00bb icon_placement=\u00bbleft\u00bb _builder_version=\u00bb4.16&#8243; _module_preset=\u00bbdefault\u00bb header_font=\u00bb|600|||||||\u00bb header_text_align=\u00bbleft\u00bb header_text_color=\u00bb#ffffff\u00bb header_font_size=\u00bb16px\u00bb header_line_height=\u00bb1.3em\u00bb custom_padding=\u00bb|35px||35px|false|false\u00bb global_colors_info=\u00bb{}\u00bb][\/et_pb_blurb][et_pb_blurb title=\u00bbArsenic and PGE\u00bb url=\u00bbhttps:\/\/wpd.ugr.es\/~gervilla\/arsenic-and-pge\/\u00bb icon_placement=\u00bbleft\u00bb _builder_version=\u00bb4.16&#8243; _module_preset=\u00bbdefault\u00bb header_font=\u00bb|600|||||||\u00bb header_text_align=\u00bbleft\u00bb header_text_color=\u00bb#ffffff\u00bb header_font_size=\u00bb16px\u00bb header_line_height=\u00bb1.9em\u00bb custom_padding=\u00bb|35px||35px|false|false\u00bb global_colors_info=\u00bb{}\u00bb][\/et_pb_blurb][et_pb_blurb title=\u00bbPlatinum-group minerals\u00bb url=\u00bbhttps:\/\/wpd.ugr.es\/~gervilla\/platinum-group-minerals\/\u00bb icon_placement=\u00bbleft\u00bb _builder_version=\u00bb4.16&#8243; _module_preset=\u00bbdefault\u00bb header_font=\u00bb|600|||||||\u00bb header_text_align=\u00bbleft\u00bb header_text_color=\u00bb#ffffff\u00bb header_font_size=\u00bb16px\u00bb header_line_height=\u00bb1.9em\u00bb custom_padding=\u00bb|35px||35px|false|false\u00bb global_colors_info=\u00bb{}\u00bb][\/et_pb_blurb][et_pb_blurb title=\u00bbNi-Cu magmatic sulfide deposits\u00bb url=\u00bbhttps:\/\/wpd.ugr.es\/~gervilla\/ni-cu-magmatic-sulfide-deposits\/\u00bb icon_placement=\u00bbleft\u00bb _builder_version=\u00bb4.16&#8243; _module_preset=\u00bbdefault\u00bb header_font=\u00bb|600|||||||\u00bb header_text_align=\u00bbleft\u00bb header_text_color=\u00bb#ffffff\u00bb header_font_size=\u00bb16px\u00bb header_line_height=\u00bb1.9em\u00bb custom_padding=\u00bb|35px||35px|false|false\u00bb global_colors_info=\u00bb{}\u00bb][\/et_pb_blurb][et_pb_blurb title=\u00bbOphiolitic chromitites\u00bb url=\u00bbhttps:\/\/wpd.ugr.es\/~gervilla\/ophiolitic-chromitites\/\u00bb icon_placement=\u00bbleft\u00bb _builder_version=\u00bb4.16&#8243; _module_preset=\u00bbdefault\u00bb header_font=\u00bb|600|||||||\u00bb header_text_align=\u00bbleft\u00bb header_text_color=\u00bb#ffffff\u00bb header_font_size=\u00bb16px\u00bb header_line_height=\u00bb1.9em\u00bb custom_padding=\u00bb|35px||35px|false|false\u00bb global_colors_info=\u00bb{}\u00bb][\/et_pb_blurb][et_pb_blurb title=\u00bbMetamorphism of chromitites\u00bb url=\u00bbhttps:\/\/wpd.ugr.es\/~gervilla\/metamorphism-of-chromitites\/\u00bb icon_placement=\u00bbleft\u00bb _builder_version=\u00bb4.16&#8243; _module_preset=\u00bbdefault\u00bb header_font=\u00bb|600|||||||\u00bb header_text_align=\u00bbleft\u00bb header_text_color=\u00bb#ffffff\u00bb header_font_size=\u00bb16px\u00bb header_line_height=\u00bb1.9em\u00bb custom_padding=\u00bb|35px||35px|false|false\u00bb global_colors_info=\u00bb{}\u00bb][\/et_pb_blurb][et_pb_blurb title=\u00bbCo-Ni arsenides\u00bb url=\u00bbhttps:\/\/wpd.ugr.es\/~gervilla\/co-ni-arsenides\/\u00bb icon_placement=\u00bbleft\u00bb _builder_version=\u00bb4.16&#8243; _module_preset=\u00bbdefault\u00bb header_font=\u00bb|600|||||||\u00bb header_text_align=\u00bbleft\u00bb header_text_color=\u00bb#ffffff\u00bb header_font_size=\u00bb16px\u00bb header_line_height=\u00bb1.9em\u00bb custom_padding=\u00bb|35px||35px|false|false\u00bb global_colors_info=\u00bb{}\u00bb][\/et_pb_blurb][et_pb_blurb title=\u00bbOther publications\u00bb url=\u00bbhttps:\/\/wpd.ugr.es\/~gervilla\/other-publications\/\u00bb icon_placement=\u00bbleft\u00bb _builder_version=\u00bb4.16&#8243; _module_preset=\u00bbdefault\u00bb header_font=\u00bb|600|||||||\u00bb header_text_align=\u00bbleft\u00bb header_text_color=\u00bb#ffffff\u00bb header_font_size=\u00bb16px\u00bb header_line_height=\u00bb1.9em\u00bb custom_padding=\u00bb|35px||35px|false|false\u00bb global_colors_info=\u00bb{}\u00bb][\/et_pb_blurb][\/et_pb_column][et_pb_column type=\u00bb3_4&#8243; _builder_version=\u00bb4.16&#8243; _module_preset=\u00bbdefault\u00bb global_colors_info=\u00bb{}\u00bb][et_pb_text module_class=\u00bbpa-bullet-list-1&#8243; _builder_version=\u00bb4.27.4&#8243; _module_preset=\u00bbdefault\u00bb custom_padding=\u00bb70px|30px|35px|50px|false|false\u00bb hover_enabled=\u00bb0&#8243; global_colors_info=\u00bb{}\u00bb sticky_enabled=\u00bb0&#8243;]<\/p>\n<ul>\n<li>Gonz\u00e1lez-Jim\u00e9nez, J.M., Gonz\u00e1lez-P\u00e9rez, I., Plissart, G., Ferreira, A.R., Schettino, E., Yesares, L., Schilling, M.E., Corgne, A. y <strong>Gervilla, F.<\/strong> (2024). Micron-to-nanoscale investigation of Cu-Fe-Ni sulfide inclusions within laurite (Ru,Os)S<sub>2<\/sub> from chromitites. <strong><em>Mineralium Deposita<\/em><\/strong> 60, 581-604.<br \/><a href=\"https:\/\/doi.org\/10.1007\/s00126-024-01285-0\">https:\/\/doi.org\/10.1007\/s00126-024-01285-0<\/a><\/li>\n<li>Schettino, E., Gonz\u00e1lez-P\u00e9rez, I., Marchesi, C., Gonz\u00e1lez-Jim\u00e9nez, J.M., Gr\u00e9goire, M., <strong>Gervilla, F.<\/strong>, Blanco-Quintero, I.F., Corgne, A. y Schilling, M.E. (2024). Slab melting boosts the mantle wedge contribution to Li-rich magmas. <strong><em>Scientific Reports <\/em><\/strong>14:15168<br \/><a href=\"https:\/\/doi.org\/10.1038\/s41598-024-66174-y\">https:\/\/doi.org\/10.1038\/s41598-024-66174-y<\/a><\/li>\n<li>Gonz\u00e1lez-P\u00e9rez, I., Gonz\u00e1lez-Jim\u00e9nez, J.M., Dare, S.A.S., Schettino, E., Pi\u00f1a, R., Marchesi, C., Yesares, L. y <strong>Gervilla, F.<\/strong> (2024). Li enrichment in peridotites and chromitites tracks mantle-crust interaction. <strong><em>Lithos <\/em><\/strong>488-489, 107819.<br \/><a href=\"https:\/\/doi.org\/10.1016\/j.lithos.2024.107819\">https:\/\/doi.org\/10.1016\/j.lithos.2024.107819<\/a><\/li>\n<li>Gonz\u00e1lez-P\u00e9rez, I., Gonz\u00e1lez-Jim\u00e9nez, J.M., Llopis, J. y <strong>Gervilla, F.<\/strong> (2024). Micro-to-nano-size solid inclusions in magnetite record skarn-reactions. <strong><em>European Journal of Mineralogy<\/em><\/strong> 36, 925-941.<br \/><a href=\"https:\/\/doi.org\/10.5194\/ejm-36-925-2024\">https:\/\/doi.org\/10.5194\/ejm-36-925-2024<\/a><\/li>\n<li>Liu, R., Wan, J., Zhang, P., Wang, Y., Zuo, Lei, Zhang, X., Gonz\u00e1lez-Jim\u00e9nez, J.M. y <strong>Gervilla, F.<\/strong> (2024). Nanomineralogy of thorite in the supergiant Huayangchuan uranium ore deposit: Revealing a new geochemical behaviour of actinide in environment. <strong><em>Journal of Hazarous Materials<\/em><\/strong> 480, 136027.<br \/><a href=\"https:\/\/doi.org\/10.1016\/j.jhazmat.2024.136027\">https:\/\/doi.org\/10.1016\/j.jhazmat.2024.136027<\/a><\/li>\n<li>Cano, N., Gonz\u00e1lez-Jim\u00e9nez, J.M., <strong>Gervilla, F.<\/strong> y Kerestedjian, T.N. (2025). HRTEM Study of Desulfurization of Pt- and Pd-Rich Sulfides from New Caledonia Ophiolite. <strong><em>Minerals <\/em><\/strong>15(1), 66.<br \/><a href=\"https:\/\/doi.org\/10.3390\/min15010066\">https:\/\/doi.org\/10.3390\/min15010066<\/a><\/li>\n<li>Dom\u00ednguez-Carretero, D., Proenza, J.A., Pujol-Sol\u00e1, N., <strong>Gervilla, F.<\/strong>, Villanova-de-Benavent, C., Col\u00e1s, V., Nu\u00f1ez-Cambra, K., Pi\u00f1ero-P\u00e9rez, E. y Garc\u00eda-Casco, A. (2025). The gradual shift from forearc basalt-like to boninite-like magmatism during intra-oceanic subduction-initiation recorded by ophiolitic chromite deposits from Cuba. <strong><em>Mineralium Deposita<\/em><\/strong> 60, 1457-1478.<br \/><span><a href=\"http:\/\/doi.org\/10.1007\/s00126-025-01355-x\">http:\/\/doi.org\/10.1007\/s00126-025-01355-x<\/a><\/span><\/li>\n<li>Gonz\u00e1lez-Jim\u00e9nez, J.M., Blanco-Quintero, I.F., Yesares, L., Marchesi, C., Ferreira, A.R., Gonz\u00e1lez-P\u00e9rez, I., Schettino, E., Cantizano, F.A.J. y <strong>Gervilla, F.<\/strong> (2025). Sulfide mineralogy of igneous basic rocks (ophites) from the external zone of the Betic Cordillera. <strong><em>European Journal of Mineralogy<\/em><\/strong> 37 (2), 191-220.<br \/><span><a href=\"http:\/\/doi.10.5194\/ejm-37-191-2025\">http:\/\/doi.10.5194\/ejm-37-191-2025<\/a><\/span><\/li>\n<li>Wang, Y.Q., Zuo, L., Zhang, P., Su, M., Xu, Y.Z. Liu, R., Gonz\u00e1lez-Jim\u00e9nez, J.M. y <strong>Gervilla, F.<\/strong> (2025). Nanoscale study of Fe-Mn micronodules in deep-sea sediment from the Western Pacific Ocean. <strong><em>Ore Geology Reviews<\/em><\/strong> 185, 106799.<br \/><span><a href=\"http:\/\/doi.10.1016\/j.oregeorev.2025.106799\">http:\/\/doi.10.1016\/j.oregeorev.2025.106799<\/a><\/span><\/li>\n<li>Ferreira, A.R., Gonz\u00e1lez-Jim\u00e9nez, J.M., Yesares, L., Blanco-Quintero, I.F., Pi\u00f1a, R. y <strong>Gervilla, F.<\/strong> (2025). Nanogeochemistry of Ni, Co and Cu zoned marcasite-pyrite crystals. <strong><em>American Mineralogist<\/em><\/strong> 110, 1737-1725.<br \/><span><a href=\"https:\/\/doi.org\/10.2138\/am-2024-9508\">https:\/\/doi.org\/10.2138\/am-2024-9508<\/a><\/span><\/li>\n<li>Hajjar, Z., Fanlo, I., Ilmen, S., Bendaoud, R. y <strong>Gervilla, F.<\/strong> (2025). An overview of the Co-Ni-Fe arsenide ore zoning in the Bou Azzer mining district (Central Anti-Atlas, Morocco). <em><strong>Journal of African Earth Sciences<\/strong><\/em> 234, 105915.<br \/><span><a href=\"https:\/\/doi.org\/10.1016\/j.jafrearsci.2025.105915\">https:\/\/doi.org\/10.1016\/j.jafrearsci.2025.105915<\/a><\/span><\/li>\n<\/ul>\n<p>[\/et_pb_text][\/et_pb_column][\/et_pb_row][\/et_pb_section][et_pb_section fb_built=\u00bb1&#8243; _builder_version=\u00bb4.16&#8243; _module_preset=\u00bbdefault\u00bb background_color=\u00bb#000000&#8243; custom_padding=\u00bb||0px|||\u00bb global_colors_info=\u00bb{}\u00bb][et_pb_row column_structure=\u00bb1_4,1_4,1_4,1_4&#8243; _builder_version=\u00bb4.16&#8243; _module_preset=\u00bbdefault\u00bb global_colors_info=\u00bb{}\u00bb][et_pb_column type=\u00bb1_4&#8243; _builder_version=\u00bb4.16&#8243; _module_preset=\u00bbdefault\u00bb global_colors_info=\u00bb{}\u00bb][\/et_pb_column][et_pb_column type=\u00bb1_4&#8243; _builder_version=\u00bb4.16&#8243; _module_preset=\u00bbdefault\u00bb global_colors_info=\u00bb{}\u00bb][et_pb_image src=\u00bbhttps:\/\/wpd.ugr.es\/~gervilla\/wp-content\/uploads\/2020\/10\/ugr-blanco.png\u00bb title_text=\u00bbugr blanco\u00bb url=\u00bbhttps:\/\/www.ugr.es\/\u00bb url_new_window=\u00bbon\u00bb _builder_version=\u00bb4.16&#8243; _module_preset=\u00bbdefault\u00bb width=\u00bb130%\u00bb width_tablet=\u00bb\u00bb width_phone=\u00bb109%\u00bb width_last_edited=\u00bbon|phone\u00bb custom_margin=\u00bb|||-55px|false|false\u00bb custom_margin_tablet=\u00bb\u00bb custom_margin_phone=\u00bb\u00bb custom_margin_last_edited=\u00bbon|desktop\u00bb module_alignment_tablet=\u00bb\u00bb module_alignment_phone=\u00bbcenter\u00bb module_alignment_last_edited=\u00bbon|desktop\u00bb global_colors_info=\u00bb{}\u00bb][\/et_pb_image][\/et_pb_column][et_pb_column type=\u00bb1_4&#8243; _builder_version=\u00bb4.16&#8243; _module_preset=\u00bbdefault\u00bb global_colors_info=\u00bb{}\u00bb][et_pb_image src=\u00bbhttps:\/\/wpd.ugr.es\/~gervilla\/wp-content\/uploads\/2020\/10\/A9Rkf61lt_z3upt7_61s.png\u00bb title_text=\u00bbA9Rkf61lt_z3upt7_61s\u00bb url=\u00bbhttp:\/\/www.iact.ugr-csic.es\/\u00bb url_new_window=\u00bbon\u00bb _builder_version=\u00bb4.16&#8243; _module_preset=\u00bbdefault\u00bb global_colors_info=\u00bb{}\u00bb][\/et_pb_image][\/et_pb_column][et_pb_column type=\u00bb1_4&#8243; _builder_version=\u00bb4.16&#8243; _module_preset=\u00bbdefault\u00bb global_colors_info=\u00bb{}\u00bb][\/et_pb_column][\/et_pb_row][\/et_pb_section]<\/p>\n","protected":false},"excerpt":{"rendered":"<p>TOPICS Gonz\u00e1lez-Jim\u00e9nez, J.M., Gonz\u00e1lez-P\u00e9rez, I., Plissart, G., Ferreira, A.R., Schettino, E., Yesares, L., Schilling, M.E., Corgne, A. y Gervilla, F. (2024). Micron-to-nanoscale investigation of Cu-Fe-Ni sulfide inclusions within laurite (Ru,Os)S2 from chromitites. Mineralium Deposita 60, 581-604.https:\/\/doi.org\/10.1007\/s00126-024-01285-0 Schettino, E., Gonz\u00e1lez-P\u00e9rez, I., Marchesi, C., Gonz\u00e1lez-Jim\u00e9nez, J.M., Gr\u00e9goire, M., Gervilla, F., Blanco-Quintero, I.F., Corgne, A. y Schilling, M.E. [&hellip;]<\/p>\n","protected":false},"author":1,"featured_media":0,"parent":0,"menu_order":0,"comment_status":"closed","ping_status":"closed","template":"","meta":{"_et_pb_use_builder":"on","_et_pb_old_content":"","_et_gb_content_width":"","footnotes":""},"class_list":["post-809","page","type-page","status-publish","hentry"],"_links":{"self":[{"href":"https:\/\/wpd.ugr.es\/~gervilla\/wp-json\/wp\/v2\/pages\/809","targetHints":{"allow":["GET"]}}],"collection":[{"href":"https:\/\/wpd.ugr.es\/~gervilla\/wp-json\/wp\/v2\/pages"}],"about":[{"href":"https:\/\/wpd.ugr.es\/~gervilla\/wp-json\/wp\/v2\/types\/page"}],"author":[{"embeddable":true,"href":"https:\/\/wpd.ugr.es\/~gervilla\/wp-json\/wp\/v2\/users\/1"}],"replies":[{"embeddable":true,"href":"https:\/\/wpd.ugr.es\/~gervilla\/wp-json\/wp\/v2\/comments?post=809"}],"version-history":[{"count":12,"href":"https:\/\/wpd.ugr.es\/~gervilla\/wp-json\/wp\/v2\/pages\/809\/revisions"}],"predecessor-version":[{"id":1282,"href":"https:\/\/wpd.ugr.es\/~gervilla\/wp-json\/wp\/v2\/pages\/809\/revisions\/1282"}],"wp:attachment":[{"href":"https:\/\/wpd.ugr.es\/~gervilla\/wp-json\/wp\/v2\/media?parent=809"}],"curies":[{"name":"wp","href":"https:\/\/api.w.org\/{rel}","templated":true}]}}