{"id":34,"date":"2024-11-04T17:39:57","date_gmt":"2024-11-04T16:39:57","guid":{"rendered":"https:\/\/wpd.ugr.es\/~hidrogeo\/?page_id=34"},"modified":"2025-05-01T13:21:25","modified_gmt":"2025-05-01T11:21:25","slug":"miembros-del-equipo","status":"publish","type":"page","link":"https:\/\/wpd.ugr.es\/~hidrogeo\/miembros-del-equipo\/","title":{"rendered":"Miembros del equipo"},"content":{"rendered":"\n<div class=\"wp-block-cover alignfull\" style=\"min-height:250px;aspect-ratio:unset;\"><span aria-hidden=\"true\" class=\"wp-block-cover__background has-ast-global-color-4-background-color has-background-dim-60 has-background-dim\"><\/span><img loading=\"lazy\" decoding=\"async\" width=\"2227\" height=\"393\" class=\"wp-block-cover__image-background wp-image-109\" alt=\"\" src=\"https:\/\/wpd.ugr.es\/~hidrogeo\/wp-content\/uploads\/2024\/11\/boat_cut.jpg\" data-object-fit=\"cover\" srcset=\"https:\/\/wpd.ugr.es\/~hidrogeo\/wp-content\/uploads\/2024\/11\/boat_cut.jpg 2227w, https:\/\/wpd.ugr.es\/~hidrogeo\/wp-content\/uploads\/2024\/11\/boat_cut-300x53.jpg 300w, https:\/\/wpd.ugr.es\/~hidrogeo\/wp-content\/uploads\/2024\/11\/boat_cut-1024x181.jpg 1024w, https:\/\/wpd.ugr.es\/~hidrogeo\/wp-content\/uploads\/2024\/11\/boat_cut-768x136.jpg 768w, https:\/\/wpd.ugr.es\/~hidrogeo\/wp-content\/uploads\/2024\/11\/boat_cut-1536x271.jpg 1536w, https:\/\/wpd.ugr.es\/~hidrogeo\/wp-content\/uploads\/2024\/11\/boat_cut-2048x361.jpg 2048w\" sizes=\"auto, (max-width: 2227px) 100vw, 2227px\" \/><div class=\"wp-block-cover__inner-container is-layout-constrained wp-block-cover-is-layout-constrained\">\n<h1 class=\"wp-block-heading has-text-align-center\">Miembros del equipo<\/h1>\n<\/div><\/div>\n\n\n\n<div style=\"height:50px\" aria-hidden=\"true\" class=\"wp-block-spacer\"><\/div>\n\n\n\n<div class=\"wp-block-columns is-layout-flex wp-container-core-columns-is-layout-cda441ea wp-block-columns-is-layout-flex\" style=\"margin-top:var(--wp--preset--spacing--50);margin-bottom:var(--wp--preset--spacing--50);padding-top:var(--wp--preset--spacing--10);padding-bottom:var(--wp--preset--spacing--10)\">\n<div class=\"wp-block-column is-layout-flow wp-block-column-is-layout-flow\" style=\"flex-basis:20%\">\n<figure class=\"wp-block-image size-full\"><img loading=\"lazy\" decoding=\"async\" width=\"1395\" height=\"1749\" src=\"https:\/\/wpd.ugr.es\/~hidrogeo\/wp-content\/uploads\/2024\/12\/6.jpg\" alt=\"\" class=\"wp-image-307\" style=\"aspect-ratio:1;object-fit:cover\" srcset=\"https:\/\/wpd.ugr.es\/~hidrogeo\/wp-content\/uploads\/2024\/12\/6.jpg 1395w, https:\/\/wpd.ugr.es\/~hidrogeo\/wp-content\/uploads\/2024\/12\/6-239x300.jpg 239w, https:\/\/wpd.ugr.es\/~hidrogeo\/wp-content\/uploads\/2024\/12\/6-817x1024.jpg 817w, https:\/\/wpd.ugr.es\/~hidrogeo\/wp-content\/uploads\/2024\/12\/6-768x963.jpg 768w, https:\/\/wpd.ugr.es\/~hidrogeo\/wp-content\/uploads\/2024\/12\/6-1225x1536.jpg 1225w\" sizes=\"auto, (max-width: 1395px) 100vw, 1395px\" \/><\/figure>\n<\/div>\n\n\n\n<div class=\"wp-block-column is-layout-flow wp-block-column-is-layout-flow\" style=\"flex-basis:80%\">\n<h3 class=\"wp-block-heading\"><strong>Mar\u00eda Luisa Calvache Quesada<\/strong><\/h3>\n\n\n\n<p>Catedr\u00e1tica de Universidad y Directora del Departamento de Geodin\u00e1mica de la Universidad de Granada. Su investigaci\u00f3n se centra en acu\u00edferos detr\u00edticos&nbsp; costeros espec\u00edficamente en modelaci\u00f3n matem\u00e1tica del agua subterr\u00e1nea (flujo, transporte, temperatura y edad). Tambi\u00e9n ha llevado a cabo modelaci\u00f3n de aguas de superficie en relaci\u00f3n con la interacci\u00f3n de aguas superficiales y subterr\u00e1neas. Tambi\u00e9n trabaja en gesti\u00f3n de acu\u00edferos y comportamiento del contacto agua dulce-agua salada.<\/p>\n<\/div>\n<\/div>\n\n\n\n<div class=\"wp-block-columns is-layout-flex wp-container-core-columns-is-layout-cda441ea wp-block-columns-is-layout-flex\" style=\"margin-top:var(--wp--preset--spacing--50);margin-bottom:var(--wp--preset--spacing--50);padding-top:var(--wp--preset--spacing--10);padding-bottom:var(--wp--preset--spacing--10)\">\n<div class=\"wp-block-column is-layout-flow wp-block-column-is-layout-flow\" style=\"flex-basis:20%\">\n<figure class=\"wp-block-image size-full\"><img loading=\"lazy\" decoding=\"async\" width=\"262\" height=\"262\" src=\"https:\/\/wpd.ugr.es\/~hidrogeo\/wp-content\/uploads\/2025\/04\/manuel-lopez-chicano.jpg\" alt=\"\" class=\"wp-image-577\" style=\"aspect-ratio:1;object-fit:cover\" srcset=\"https:\/\/wpd.ugr.es\/~hidrogeo\/wp-content\/uploads\/2025\/04\/manuel-lopez-chicano.jpg 262w, https:\/\/wpd.ugr.es\/~hidrogeo\/wp-content\/uploads\/2025\/04\/manuel-lopez-chicano-150x150.jpg 150w\" sizes=\"auto, (max-width: 262px) 100vw, 262px\" \/><\/figure>\n<\/div>\n\n\n\n<div class=\"wp-block-column is-layout-flow wp-block-column-is-layout-flow\" style=\"flex-basis:80%\">\n<h3 class=\"wp-block-heading\"><strong>Manuel L\u00f3pez Chicano<\/strong><\/h3>\n\n\n\n<p>Profesor Titular de Universidad. Sus temas de investigaci\u00f3n versan sobre el comportamiento hidrodin\u00e1mico e hidroqu\u00edmico de los acu\u00edferos k\u00e1rsticos, aspectos morfol\u00f3gicos y ambientales de los terrenos k\u00e1rsticos, impacto de los visitantes en cavidades tur\u00edsticas, relaciones entre aguas subterr\u00e1neas y superficiales, hidrogeolog\u00eda e hidroqu\u00edmica de acu\u00edferos costeros.<\/p>\n<\/div>\n<\/div>\n\n\n\n<div class=\"wp-block-columns is-layout-flex wp-container-core-columns-is-layout-cda441ea wp-block-columns-is-layout-flex\" style=\"margin-top:var(--wp--preset--spacing--50);margin-bottom:var(--wp--preset--spacing--50);padding-top:var(--wp--preset--spacing--10);padding-bottom:var(--wp--preset--spacing--10)\">\n<div class=\"wp-block-column is-layout-flow wp-block-column-is-layout-flow\" style=\"flex-basis:20%\">\n<figure class=\"wp-block-image size-full\"><img loading=\"lazy\" decoding=\"async\" width=\"400\" height=\"400\" src=\"https:\/\/wpd.ugr.es\/~hidrogeo\/wp-content\/uploads\/2024\/11\/Proyecto-nuevo-10.jpg\" alt=\"\" class=\"wp-image-217\" style=\"aspect-ratio:1;object-fit:cover\" srcset=\"https:\/\/wpd.ugr.es\/~hidrogeo\/wp-content\/uploads\/2024\/11\/Proyecto-nuevo-10.jpg 400w, https:\/\/wpd.ugr.es\/~hidrogeo\/wp-content\/uploads\/2024\/11\/Proyecto-nuevo-10-300x300.jpg 300w, https:\/\/wpd.ugr.es\/~hidrogeo\/wp-content\/uploads\/2024\/11\/Proyecto-nuevo-10-150x150.jpg 150w\" sizes=\"auto, (max-width: 400px) 100vw, 400px\" \/><\/figure>\n<\/div>\n\n\n\n<div class=\"wp-block-column is-layout-flow wp-block-column-is-layout-flow\" style=\"flex-basis:80%\">\n<h3 class=\"wp-block-heading\"><strong>Carlos Duque<\/strong><\/h3>\n\n\n\n<p>Investigador Distinguido Mar\u00eda Zambrano S\u00e9nior. Sus temas de investigaci\u00f3n se centran en las interrelaciones aguas superficiales y subterr\u00e1neas mediante el uso de diferentes trazadores (temperatura, is\u00f3topos estables, rad\u00f3n, m\u00e9todos hidr\u00e1ulicos), la aplicaci\u00f3n&nbsp; de modelos num\u00e9ricos de simulaci\u00f3n del funcionamiento de acu\u00edferos el estudio de la descarga subterr\u00e1nea al mar y en avance en las t\u00e9cnicas de gesti\u00f3n de recarga de acu\u00edferos desde el punto de vista hidrogeol\u00f3gico.<\/p>\n<\/div>\n<\/div>\n\n\n\n<div class=\"wp-block-columns is-layout-flex wp-container-core-columns-is-layout-cda441ea wp-block-columns-is-layout-flex\" style=\"margin-top:var(--wp--preset--spacing--50);margin-bottom:var(--wp--preset--spacing--50);padding-top:var(--wp--preset--spacing--10);padding-bottom:var(--wp--preset--spacing--10)\">\n<div class=\"wp-block-column is-layout-flow wp-block-column-is-layout-flow\" style=\"flex-basis:20%\">\n<figure class=\"wp-block-image size-full\"><img loading=\"lazy\" decoding=\"async\" width=\"1760\" height=\"2560\" src=\"https:\/\/wpd.ugr.es\/~hidrogeo\/wp-content\/uploads\/2025\/03\/Angela-scaled.jpg\" alt=\"\" class=\"wp-image-484\" style=\"aspect-ratio:1;object-fit:cover\" srcset=\"https:\/\/wpd.ugr.es\/~hidrogeo\/wp-content\/uploads\/2025\/03\/Angela-scaled.jpg 1760w, https:\/\/wpd.ugr.es\/~hidrogeo\/wp-content\/uploads\/2025\/03\/Angela-206x300.jpg 206w, https:\/\/wpd.ugr.es\/~hidrogeo\/wp-content\/uploads\/2025\/03\/Angela-704x1024.jpg 704w, https:\/\/wpd.ugr.es\/~hidrogeo\/wp-content\/uploads\/2025\/03\/Angela-768x1117.jpg 768w, https:\/\/wpd.ugr.es\/~hidrogeo\/wp-content\/uploads\/2025\/03\/Angela-1056x1536.jpg 1056w, https:\/\/wpd.ugr.es\/~hidrogeo\/wp-content\/uploads\/2025\/03\/Angela-1408x2048.jpg 1408w\" sizes=\"auto, (max-width: 1760px) 100vw, 1760px\" \/><\/figure>\n<\/div>\n\n\n\n<div class=\"wp-block-column is-layout-flow wp-block-column-is-layout-flow\" style=\"flex-basis:80%\">\n<h3 class=\"wp-block-heading\"><strong><strong>\u00c1ngela Blanco Coronas<\/strong><\/strong><\/h3>\n\n\n\n<p>Investigadora Postdoctoral. Sus temas de investigaci\u00f3n se enfocan en los efectos de que tienen los eventos clim\u00e1ticos en la hidrodin\u00e1mica de acu\u00edferos costeros, las interacciones entre las aguas superficiales y las aguas subterr\u00e1neas, la aplicaci\u00f3n de modelos num\u00e9ricos de flujo y de transporte de calor y el avance de t\u00e9cnicas geof\u00edsicas e hidrogeol\u00f3gicas para el estudio de los fen\u00f3menos de descarga de agua subterr\u00e1nea al mar.<\/p>\n<\/div>\n<\/div>\n\n\n\n<div class=\"wp-block-columns is-layout-flex wp-container-core-columns-is-layout-cda441ea wp-block-columns-is-layout-flex\" style=\"margin-top:var(--wp--preset--spacing--50);margin-bottom:var(--wp--preset--spacing--50);padding-top:var(--wp--preset--spacing--10);padding-bottom:var(--wp--preset--spacing--10)\">\n<div class=\"wp-block-column is-layout-flow wp-block-column-is-layout-flow\" style=\"flex-basis:20%\">\n<figure class=\"wp-block-image size-full\"><img loading=\"lazy\" decoding=\"async\" width=\"400\" height=\"400\" src=\"https:\/\/wpd.ugr.es\/~hidrogeo\/wp-content\/uploads\/2024\/11\/Proyecto-nuevo-18.jpg\" alt=\"\" class=\"wp-image-225\" style=\"aspect-ratio:1;object-fit:cover\" srcset=\"https:\/\/wpd.ugr.es\/~hidrogeo\/wp-content\/uploads\/2024\/11\/Proyecto-nuevo-18.jpg 400w, https:\/\/wpd.ugr.es\/~hidrogeo\/wp-content\/uploads\/2024\/11\/Proyecto-nuevo-18-300x300.jpg 300w, https:\/\/wpd.ugr.es\/~hidrogeo\/wp-content\/uploads\/2024\/11\/Proyecto-nuevo-18-150x150.jpg 150w\" sizes=\"auto, (max-width: 400px) 100vw, 400px\" \/><\/figure>\n<\/div>\n\n\n\n<div class=\"wp-block-column is-layout-flow wp-block-column-is-layout-flow\" style=\"flex-basis:80%\">\n<h3 class=\"wp-block-heading\"><strong>Marta Garc\u00eda G\u00e1mez<\/strong><\/h3>\n\n\n\n<p>Investigadora predoctoral. Desarrolla su tesis doctoral en el marco del proyecto <em>T\u00e9cnicas Avanzadas de Control para la Gesti\u00f3n de Recarga de Acu\u00edferos (ATEMAR)<\/em>, enfoc\u00e1ndose tanto en el trabajo de campo como en el desarrollo de modelos num\u00e9ricos. Su investigaci\u00f3n se centra en el estudio de las estrategias para la recarga controlada de acu\u00edferos y la optimizaci\u00f3n de su gesti\u00f3n, con el objetivo de mejorar el conocimiento sobre el comportamiento hidrol\u00f3gico y garantizar una mayor sostenibilidad de los recursos h\u00eddricos.<\/p>\n<\/div>\n<\/div>\n\n\n\n<div class=\"wp-block-columns is-layout-flex wp-container-core-columns-is-layout-cda441ea wp-block-columns-is-layout-flex\" style=\"margin-top:var(--wp--preset--spacing--50);margin-bottom:var(--wp--preset--spacing--50);padding-top:var(--wp--preset--spacing--10);padding-bottom:var(--wp--preset--spacing--10)\">\n<div class=\"wp-block-column is-layout-flow wp-block-column-is-layout-flow\" style=\"flex-basis:20%\">\n<figure class=\"wp-block-image size-full\"><img loading=\"lazy\" decoding=\"async\" width=\"997\" height=\"997\" src=\"https:\/\/wpd.ugr.es\/~hidrogeo\/wp-content\/uploads\/2025\/04\/Christian-Montoro.jpg\" alt=\"\" class=\"wp-image-578\" style=\"aspect-ratio:1;object-fit:cover\" srcset=\"https:\/\/wpd.ugr.es\/~hidrogeo\/wp-content\/uploads\/2025\/04\/Christian-Montoro.jpg 997w, https:\/\/wpd.ugr.es\/~hidrogeo\/wp-content\/uploads\/2025\/04\/Christian-Montoro-300x300.jpg 300w, https:\/\/wpd.ugr.es\/~hidrogeo\/wp-content\/uploads\/2025\/04\/Christian-Montoro-150x150.jpg 150w, https:\/\/wpd.ugr.es\/~hidrogeo\/wp-content\/uploads\/2025\/04\/Christian-Montoro-768x768.jpg 768w\" sizes=\"auto, (max-width: 997px) 100vw, 997px\" \/><\/figure>\n<\/div>\n\n\n\n<div class=\"wp-block-column is-layout-flow wp-block-column-is-layout-flow\" style=\"flex-basis:80%\">\n<h3 class=\"wp-block-heading\"><strong>Christian Montoro Paredes<\/strong><\/h3>\n\n\n\n<p>Investigador predoctoral. Actualmente realiza investigaci\u00f3n en recarga gestionada de acu\u00edferos a trav\u00e9s del proyecto internacional europeo MARSURE incluido dentro del programa Water4All que tiene como objetivo proveer soluciones para la gesti\u00f3n de los recursos de agua dulce frente al cambio clim\u00e1tico a escala global. Cuenta con experiencia aplicada a la modelizaci\u00f3n conceptual y num\u00e9rica en proyectos de gesti\u00f3n disponibilidad y calidad de los recursos h\u00eddricos subterr\u00e1neos as\u00ed como en an\u00e1lisis de impacto ambiental para el sector de la miner\u00eda, administraci\u00f3n p\u00fablica y la investigaci\u00f3n.<\/p>\n<\/div>\n<\/div>\n\n\n\n<div class=\"wp-block-columns is-layout-flex wp-container-core-columns-is-layout-cda441ea wp-block-columns-is-layout-flex\" style=\"margin-top:var(--wp--preset--spacing--50);margin-bottom:var(--wp--preset--spacing--50);padding-top:var(--wp--preset--spacing--10);padding-bottom:var(--wp--preset--spacing--10)\">\n<div class=\"wp-block-column is-layout-flow wp-block-column-is-layout-flow\" style=\"flex-basis:20%\">\n<figure class=\"wp-block-image size-full\"><img loading=\"lazy\" decoding=\"async\" width=\"400\" height=\"400\" src=\"https:\/\/wpd.ugr.es\/~hidrogeo\/wp-content\/uploads\/2024\/11\/Proyecto-nuevo-17.jpg\" alt=\"\" class=\"wp-image-224\" style=\"aspect-ratio:1;object-fit:cover\" srcset=\"https:\/\/wpd.ugr.es\/~hidrogeo\/wp-content\/uploads\/2024\/11\/Proyecto-nuevo-17.jpg 400w, https:\/\/wpd.ugr.es\/~hidrogeo\/wp-content\/uploads\/2024\/11\/Proyecto-nuevo-17-300x300.jpg 300w, https:\/\/wpd.ugr.es\/~hidrogeo\/wp-content\/uploads\/2024\/11\/Proyecto-nuevo-17-150x150.jpg 150w\" sizes=\"auto, (max-width: 400px) 100vw, 400px\" \/><\/figure>\n<\/div>\n\n\n\n<div class=\"wp-block-column is-layout-flow wp-block-column-is-layout-flow\" style=\"flex-basis:80%\">\n<h3 class=\"wp-block-heading\"><strong>Jensen Bautista<\/strong><\/h3>\n\n\n\n<p>Investigador predoctoral. Sus \u00e1reas de investigaci\u00f3n incluyen la integraci\u00f3n de aguas superficiales y subterr\u00e1neas tanto desde el punto de vista hidrodin\u00e1mico como de la gesti\u00f3n. Tambi\u00e9n explora las percepciones p\u00fablicas para fomentar el conocimiento en el uso y conservaci\u00f3n del agua, orientado a mejorar la gobernanza y la resiliencia de los recursos h\u00eddricos en contextos de vulnerabilidad y cambio clim\u00e1tico. Cuenta con experiencia en proyectos de dise\u00f1o y supervisi\u00f3n en agua potable, saneamiento y gesti\u00f3n ambiental, priorizando la sostenibilidad y el aprovechamiento de los recursos naturales.<\/p>\n<\/div>\n<\/div>\n\n\n\n<div class=\"wp-block-columns is-layout-flex wp-container-core-columns-is-layout-faef2ee1 wp-block-columns-is-layout-flex\" style=\"padding-top:var(--wp--preset--spacing--50);padding-bottom:var(--wp--preset--spacing--50)\">\n<div class=\"wp-block-column is-layout-flow wp-block-column-is-layout-flow\" style=\"flex-basis:20%\">\n<figure class=\"wp-block-image size-full\"><img loading=\"lazy\" decoding=\"async\" width=\"400\" height=\"400\" src=\"https:\/\/wpd.ugr.es\/~hidrogeo\/wp-content\/uploads\/2024\/11\/Proyecto-nuevo-16.jpg\" alt=\"\" class=\"wp-image-223\" style=\"aspect-ratio:1;object-fit:cover\" srcset=\"https:\/\/wpd.ugr.es\/~hidrogeo\/wp-content\/uploads\/2024\/11\/Proyecto-nuevo-16.jpg 400w, https:\/\/wpd.ugr.es\/~hidrogeo\/wp-content\/uploads\/2024\/11\/Proyecto-nuevo-16-300x300.jpg 300w, https:\/\/wpd.ugr.es\/~hidrogeo\/wp-content\/uploads\/2024\/11\/Proyecto-nuevo-16-150x150.jpg 150w\" sizes=\"auto, (max-width: 400px) 100vw, 400px\" \/><\/figure>\n<\/div>\n\n\n\n<div class=\"wp-block-column is-layout-flow wp-block-column-is-layout-flow\" style=\"flex-basis:80%\">\n<h3 class=\"wp-block-heading\"><strong>Rhaissa de Souza<\/strong><\/h3>\n\n\n\n<p style=\"margin-right:0;margin-left:0\">Investigadora predoctoral. Sus temas de investigaci\u00f3n se centran en el estudio del comportamiento de compuestos qu\u00edmicos en el agua subterr\u00e1nea, su interrelaci\u00f3n con el uso del suelo analizando los riesgos de los compuestos qu\u00edmicos para la salud humana y t\u00e9cnicas de remediaci\u00f3n del agua subterr\u00e1nea.<\/p>\n<\/div>\n<\/div>\n\n\n\n<div class=\"wp-block-columns is-layout-flex wp-container-core-columns-is-layout-cda441ea wp-block-columns-is-layout-flex\" style=\"margin-top:var(--wp--preset--spacing--50);margin-bottom:var(--wp--preset--spacing--50);padding-top:var(--wp--preset--spacing--10);padding-bottom:var(--wp--preset--spacing--10)\">\n<div class=\"wp-block-column is-layout-flow wp-block-column-is-layout-flow\" style=\"flex-basis:20%\">\n<figure class=\"wp-block-image size-full\"><img loading=\"lazy\" decoding=\"async\" width=\"400\" height=\"400\" src=\"https:\/\/wpd.ugr.es\/~hidrogeo\/wp-content\/uploads\/2024\/11\/Proyecto-nuevo-19.jpg\" alt=\"\" class=\"wp-image-226\" style=\"aspect-ratio:1;object-fit:cover\" srcset=\"https:\/\/wpd.ugr.es\/~hidrogeo\/wp-content\/uploads\/2024\/11\/Proyecto-nuevo-19.jpg 400w, https:\/\/wpd.ugr.es\/~hidrogeo\/wp-content\/uploads\/2024\/11\/Proyecto-nuevo-19-300x300.jpg 300w, https:\/\/wpd.ugr.es\/~hidrogeo\/wp-content\/uploads\/2024\/11\/Proyecto-nuevo-19-150x150.jpg 150w\" sizes=\"auto, (max-width: 400px) 100vw, 400px\" \/><\/figure>\n<\/div>\n\n\n\n<div class=\"wp-block-column is-layout-flow wp-block-column-is-layout-flow\" style=\"flex-basis:80%\">\n<h3 class=\"wp-block-heading\"><strong>Ehab Aldoury<\/strong><\/h3>\n\n\n\n<p>Investigador predoctoral. Sus campos de investigaci\u00f3n cubren desdehidrolog\u00eda y gesti\u00f3n e recursos h\u00eddricos hasta interacciones aguas superficiales-aguas subterr\u00e1neas. Est\u00e1 interesado en el impacto de los cambios de usos del suelo de la variabilidad clim\u00e1tica en la recarga y en estudio integrados para completar el balance h\u00eddrico con modelos hidrol\u00f3gicos. Es el Director del Departamento del Natural Research Centre (NRCC) de la Tikrit University en Iraq.<\/p>\n<\/div>\n<\/div>\n\n\n\n<div style=\"height:50px\" aria-hidden=\"true\" class=\"wp-block-spacer\"><\/div>\n","protected":false},"excerpt":{"rendered":"<p>Mar\u00eda Luisa Calvache Quesada Catedr\u00e1tica de Universidad y Directora del Departamento de Geodin\u00e1mica de la Universidad de Granada. Su investigaci\u00f3n [&hellip;]<\/p>\n","protected":false},"author":1,"featured_media":0,"parent":0,"menu_order":0,"comment_status":"closed","ping_status":"closed","template":"","meta":{"site-sidebar-layout":"default","site-content-layout":"","ast-site-content-layout":"default","site-content-style":"default","site-sidebar-style":"default","ast-global-header-display":"","ast-banner-title-visibility":"","ast-main-header-display":"","ast-hfb-above-header-display":"","ast-hfb-below-header-display":"","ast-hfb-mobile-header-display":"","site-post-title":"","ast-breadcrumbs-content":"","ast-featured-img":"","footer-sml-layout":"","theme-transparent-header-meta":"","adv-header-id-meta":"","stick-header-meta":"","header-above-stick-meta":"","header-main-stick-meta":"","header-below-stick-meta":"","astra-migrate-meta-layouts":"default","ast-page-background-enabled":"default","ast-page-background-meta":{"desktop":{"background-color":"var(--ast-global-color-5)","background-image":"","background-repeat":"repeat","background-position":"center center","background-size":"auto","background-attachment":"scroll","background-type":"","background-media":"","overlay-type":"","overlay-color":"","overlay-opacity":"","overlay-gradient":""},"tablet":{"background-color":"","background-image":"","background-repeat":"repeat","background-position":"center center","background-size":"auto","background-attachment":"scroll","background-type":"","background-media":"","overlay-type":"","overlay-color":"","overlay-opacity":"","overlay-gradient":""},"mobile":{"background-color":"","background-image":"","background-repeat":"repeat","background-position":"center center","background-size":"auto","background-attachment":"scroll","background-type":"","background-media":"","overlay-type":"","overlay-color":"","overlay-opacity":"","overlay-gradient":""}},"ast-content-background-meta":{"desktop":{"background-color":"var(--ast-global-color-4)","background-image":"","background-repeat":"repeat","background-position":"center center","background-size":"auto","background-attachment":"scroll","background-type":"","background-media":"","overlay-type":"","overlay-color":"","overlay-opacity":"","overlay-gradient":""},"tablet":{"background-color":"var(--ast-global-color-4)","background-image":"","background-repeat":"repeat","background-position":"center center","background-size":"auto","background-attachment":"scroll","background-type":"","background-media":"","overlay-type":"","overlay-color":"","overlay-opacity":"","overlay-gradient":""},"mobile":{"background-color":"var(--ast-global-color-4)","background-image":"","background-repeat":"repeat","background-position":"center center","background-size":"auto","background-attachment":"scroll","background-type":"","background-media":"","overlay-type":"","overlay-color":"","overlay-opacity":"","overlay-gradient":""}},"footnotes":""},"class_list":["post-34","page","type-page","status-publish","hentry"],"_links":{"self":[{"href":"https:\/\/wpd.ugr.es\/~hidrogeo\/wp-json\/wp\/v2\/pages\/34","targetHints":{"allow":["GET"]}}],"collection":[{"href":"https:\/\/wpd.ugr.es\/~hidrogeo\/wp-json\/wp\/v2\/pages"}],"about":[{"href":"https:\/\/wpd.ugr.es\/~hidrogeo\/wp-json\/wp\/v2\/types\/page"}],"author":[{"embeddable":true,"href":"https:\/\/wpd.ugr.es\/~hidrogeo\/wp-json\/wp\/v2\/users\/1"}],"replies":[{"embeddable":true,"href":"https:\/\/wpd.ugr.es\/~hidrogeo\/wp-json\/wp\/v2\/comments?post=34"}],"version-history":[{"count":15,"href":"https:\/\/wpd.ugr.es\/~hidrogeo\/wp-json\/wp\/v2\/pages\/34\/revisions"}],"predecessor-version":[{"id":587,"href":"https:\/\/wpd.ugr.es\/~hidrogeo\/wp-json\/wp\/v2\/pages\/34\/revisions\/587"}],"wp:attachment":[{"href":"https:\/\/wpd.ugr.es\/~hidrogeo\/wp-json\/wp\/v2\/media?parent=34"}],"curies":[{"name":"wp","href":"https:\/\/api.w.org\/{rel}","templated":true}]}}