{"id":36,"date":"2024-11-04T18:02:36","date_gmt":"2024-11-04T17:02:36","guid":{"rendered":"https:\/\/wpd.ugr.es\/~hidrogeo\/?page_id=36"},"modified":"2025-03-28T17:39:33","modified_gmt":"2025-03-28T16:39:33","slug":"proyectos","status":"publish","type":"page","link":"https:\/\/wpd.ugr.es\/~hidrogeo\/proyectos\/","title":{"rendered":"Proyectos"},"content":{"rendered":"\n<div class=\"wp-block-cover alignfull\" style=\"min-height:250px;aspect-ratio:unset;\"><span aria-hidden=\"true\" class=\"wp-block-cover__background has-ast-global-color-4-background-color has-background-dim-60 has-background-dim\"><\/span><img loading=\"lazy\" decoding=\"async\" width=\"2560\" height=\"1920\" class=\"wp-block-cover__image-background wp-image-178\" alt=\"\" src=\"https:\/\/wpd.ugr.es\/~hidrogeo\/wp-content\/uploads\/2024\/11\/IMG_20240904_085059-scaled.jpg\" style=\"object-position:57% 53%\" data-object-fit=\"cover\" data-object-position=\"57% 53%\" srcset=\"https:\/\/wpd.ugr.es\/~hidrogeo\/wp-content\/uploads\/2024\/11\/IMG_20240904_085059-scaled.jpg 2560w, https:\/\/wpd.ugr.es\/~hidrogeo\/wp-content\/uploads\/2024\/11\/IMG_20240904_085059-300x225.jpg 300w, https:\/\/wpd.ugr.es\/~hidrogeo\/wp-content\/uploads\/2024\/11\/IMG_20240904_085059-1024x768.jpg 1024w, https:\/\/wpd.ugr.es\/~hidrogeo\/wp-content\/uploads\/2024\/11\/IMG_20240904_085059-768x576.jpg 768w, https:\/\/wpd.ugr.es\/~hidrogeo\/wp-content\/uploads\/2024\/11\/IMG_20240904_085059-1536x1152.jpg 1536w, https:\/\/wpd.ugr.es\/~hidrogeo\/wp-content\/uploads\/2024\/11\/IMG_20240904_085059-2048x1536.jpg 2048w\" sizes=\"auto, (max-width: 2560px) 100vw, 2560px\" \/><div class=\"wp-block-cover__inner-container is-layout-constrained wp-block-cover-is-layout-constrained\">\n<h1 class=\"wp-block-heading has-text-align-center has-x-large-font-size\">Proyectos<\/h1>\n<\/div><\/div>\n\n\n\n<div style=\"height:50px\" aria-hidden=\"true\" class=\"wp-block-spacer\"><\/div>\n\n\n\n<div class=\"wp-block-group is-layout-constrained wp-block-group-is-layout-constrained\">\n<h2 class=\"wp-block-heading\">Proyecto Atemar<\/h2>\n\n\n\n<div class=\"wp-block-columns is-layout-flex wp-container-core-columns-is-layout-28f84493 wp-block-columns-is-layout-flex\">\n<div class=\"wp-block-column is-layout-flow wp-block-column-is-layout-flow\" style=\"flex-basis:20%\">\n<figure class=\"wp-block-image size-full\" style=\"margin-right:var(--wp--preset--spacing--20);margin-left:var(--wp--preset--spacing--20)\"><img loading=\"lazy\" decoding=\"async\" width=\"1472\" height=\"832\" src=\"https:\/\/wpd.ugr.es\/~hidrogeo\/wp-content\/uploads\/2024\/11\/Imagen11.jpg\" alt=\"\" class=\"wp-image-112\" srcset=\"https:\/\/wpd.ugr.es\/~hidrogeo\/wp-content\/uploads\/2024\/11\/Imagen11.jpg 1472w, https:\/\/wpd.ugr.es\/~hidrogeo\/wp-content\/uploads\/2024\/11\/Imagen11-300x170.jpg 300w, https:\/\/wpd.ugr.es\/~hidrogeo\/wp-content\/uploads\/2024\/11\/Imagen11-1024x579.jpg 1024w, https:\/\/wpd.ugr.es\/~hidrogeo\/wp-content\/uploads\/2024\/11\/Imagen11-768x434.jpg 768w\" sizes=\"auto, (max-width: 1472px) 100vw, 1472px\" \/><\/figure>\n<\/div>\n\n\n\n<div class=\"wp-block-column is-layout-flow wp-block-column-is-layout-flow\" style=\"flex-basis:80%\">\n<p>Este proyecto tiene como objetivo desarrollar metodolog\u00edas de estudio y control de la recarga gestionada de acu\u00edferos con el fin de facilitar su implementaci\u00f3n desde un punto de vista t\u00e9cnico, medioambiental y normativo. Ha sido financiado por el Ministerio de Ciencia, Innovaci\u00f3n y Universidades,&nbsp; la Agencia Espa\u00f1ola de Investigaci\u00f3n (MICIU\/AEI\/10.13039\/501100011033\/) y \u201cFEDER\/UE\u201d mediante el proyecto PID2022-137711OB-I00 y estar\u00e1 activo durante el periodo 2023-2027<\/p>\n\n\n\n<figure class=\"wp-block-image aligncenter size-full\"><img loading=\"lazy\" decoding=\"async\" width=\"567\" height=\"109\" src=\"https:\/\/wpd.ugr.es\/~hidrogeo\/wp-content\/uploads\/2024\/11\/Imagen13.jpg\" alt=\"\" class=\"wp-image-122\" srcset=\"https:\/\/wpd.ugr.es\/~hidrogeo\/wp-content\/uploads\/2024\/11\/Imagen13.jpg 567w, https:\/\/wpd.ugr.es\/~hidrogeo\/wp-content\/uploads\/2024\/11\/Imagen13-300x58.jpg 300w\" sizes=\"auto, (max-width: 567px) 100vw, 567px\" \/><\/figure>\n\n\n\n<div class=\"wp-block-buttons is-layout-flex wp-block-buttons-is-layout-flex\">\n<div class=\"wp-block-button\"><a class=\"wp-block-button__link wp-element-button\" href=\"https:\/\/wpd.ugr.es\/~hidrogeo\/proyecto-atemar\/\">Ver m\u00e1s informaci\u00f3n<\/a><\/div>\n<\/div>\n<\/div>\n<\/div>\n\n\n\n<div style=\"height:50px\" aria-hidden=\"true\" class=\"wp-block-spacer\"><\/div>\n\n\n\n<h2 class=\"wp-block-heading\">Proyecto Meta<\/h2>\n\n\n\n<div class=\"wp-block-columns is-layout-flex wp-container-core-columns-is-layout-28f84493 wp-block-columns-is-layout-flex\">\n<div class=\"wp-block-column is-layout-flow wp-block-column-is-layout-flow\" style=\"flex-basis:20%\">\n<figure class=\"wp-block-image aligncenter size-full\" style=\"margin-right:var(--wp--preset--spacing--20);margin-left:var(--wp--preset--spacing--20)\"><img loading=\"lazy\" decoding=\"async\" width=\"115\" height=\"162\" src=\"https:\/\/wpd.ugr.es\/~hidrogeo\/wp-content\/uploads\/2024\/11\/Imagen12.jpg\" alt=\"\" class=\"wp-image-114\"\/><\/figure>\n<\/div>\n\n\n\n<div class=\"wp-block-column is-layout-flow wp-block-column-is-layout-flow\" style=\"flex-basis:80%\">\n<p>Este proyecto tiene como objetivo conocer las reservas de agua dulce que atesoran los acu\u00edferos costeros en la provincia de Granada mediante la implementaci\u00f3n de metodolog\u00edas combinadas entre tierra y mar. A partir de ellas se llevar\u00e1 a cabo por primera vez un estudio de la descarga submarina en estas zonas lo que permitir\u00e1 considerar las reservas de agua dulce en periodos de sequ\u00eda. Ha sido financiado por la Junta de Andaluc\u00eda, la Consejer\u00eda de Universidad, Investigaci\u00f3n e Innovaci\u00f3n y el Gobierno de Espa\u00f1a y&nbsp; por la Uni\u00f3n Europea \u2013 NextGenerationEU mediante el proyecto PCM_00018 y estar\u00e1 activo durante el periodo 2024-2026.<\/p>\n\n\n\n<figure class=\"wp-block-image aligncenter size-full\"><img decoding=\"async\" src=\"https:\/\/wpd.ugr.es\/~hidrogeo\/wp-content\/uploads\/2024\/11\/Imagen14.png\" alt=\"\" class=\"wp-image-138\"\/><\/figure>\n\n\n\n<div class=\"wp-block-buttons is-layout-flex wp-block-buttons-is-layout-flex\">\n<div class=\"wp-block-button\"><a class=\"wp-block-button__link wp-element-button\" href=\"https:\/\/wpd.ugr.es\/~hidrogeo\/proyecto-meta\/\">Ver m\u00e1s informaci\u00f3n<\/a><\/div>\n<\/div>\n<\/div>\n<\/div>\n\n\n\n<div style=\"height:50px\" aria-hidden=\"true\" class=\"wp-block-spacer\"><\/div>\n\n\n\n<h2 class=\"wp-block-heading\">Proyecto Marsure<\/h2>\n\n\n\n<div class=\"wp-block-columns is-layout-flex wp-container-core-columns-is-layout-28f84493 wp-block-columns-is-layout-flex\">\n<div class=\"wp-block-column is-layout-flow wp-block-column-is-layout-flow\" style=\"flex-basis:20%\">\n<figure class=\"wp-block-image size-full\" style=\"margin-right:var(--wp--preset--spacing--20);margin-left:var(--wp--preset--spacing--20)\"><img loading=\"lazy\" decoding=\"async\" width=\"625\" height=\"145\" src=\"https:\/\/wpd.ugr.es\/~hidrogeo\/wp-content\/uploads\/2024\/11\/Imagen13.png\" alt=\"\" class=\"wp-image-115\" srcset=\"https:\/\/wpd.ugr.es\/~hidrogeo\/wp-content\/uploads\/2024\/11\/Imagen13.png 625w, https:\/\/wpd.ugr.es\/~hidrogeo\/wp-content\/uploads\/2024\/11\/Imagen13-300x70.png 300w\" sizes=\"auto, (max-width: 625px) 100vw, 625px\" \/><\/figure>\n<\/div>\n\n\n\n<div class=\"wp-block-column is-layout-flow wp-block-column-is-layout-flow\" style=\"flex-basis:80%\">\n<p>Este proyecto tiene como objetivo desarrollar t\u00e9cnicas h\u00edbridas de gesti\u00f3n de recarga de acu\u00edferos para aumentar su aplicabilidad e incrementar la cantidad de contaminantes que puedan ser eliminados durante la recarga. A partir de este conocimiento se investigar\u00e1 los efectos que puede tener la recarga para ampliar los efectos del cambio clim\u00e1tico y las sequ\u00edas.<\/p>\n\n\n\n<p>Fue seleccionado en la convocatoria Water4All y&nbsp; financiado por MICIU\/AEI \/10.13039\/501100011033 y Cofinanciado por la Uni\u00f3n Europea mediante el Proyecto de investigaci\u00f3n PCI2024-153503 durante el periodo 2024-2027<\/p>\n\n\n\n<figure class=\"wp-block-image aligncenter size-full\"><img loading=\"lazy\" decoding=\"async\" width=\"567\" height=\"109\" src=\"https:\/\/wpd.ugr.es\/~hidrogeo\/wp-content\/uploads\/2024\/11\/Imagen13.jpg\" alt=\"\" class=\"wp-image-122\" srcset=\"https:\/\/wpd.ugr.es\/~hidrogeo\/wp-content\/uploads\/2024\/11\/Imagen13.jpg 567w, https:\/\/wpd.ugr.es\/~hidrogeo\/wp-content\/uploads\/2024\/11\/Imagen13-300x58.jpg 300w\" sizes=\"auto, (max-width: 567px) 100vw, 567px\" \/><\/figure>\n\n\n\n<div class=\"wp-block-buttons is-layout-flex wp-block-buttons-is-layout-flex\">\n<div class=\"wp-block-button\"><a class=\"wp-block-button__link wp-element-button\" href=\"https:\/\/wpd.ugr.es\/~hidrogeo\/proyecto-marsure\/\">Ver m\u00e1s informaci\u00f3n<\/a><\/div>\n<\/div>\n<\/div>\n<\/div>\n<\/div>\n\n\n\n<div style=\"height:50px\" aria-hidden=\"true\" class=\"wp-block-spacer\"><\/div>\n\n\n\n<div class=\"wp-block-group is-layout-constrained wp-block-group-is-layout-constrained\">\n<h2 class=\"wp-block-heading\">Proyecto de colaboraci\u00f3n ciudadana Conoce tus fuentes<\/h2>\n\n\n\n<div class=\"wp-block-columns is-layout-flex wp-container-core-columns-is-layout-28f84493 wp-block-columns-is-layout-flex\">\n<div class=\"wp-block-column is-layout-flow wp-block-column-is-layout-flow\" style=\"flex-basis:20%\">\n<figure class=\"wp-block-image size-large\" style=\"margin-right:var(--wp--preset--spacing--20);margin-left:var(--wp--preset--spacing--20)\"><img loading=\"lazy\" decoding=\"async\" width=\"1024\" height=\"768\" src=\"https:\/\/wpd.ugr.es\/~hidrogeo\/wp-content\/uploads\/2024\/11\/DSC05042-1024x768.jpg\" alt=\"\" class=\"wp-image-116\" srcset=\"https:\/\/wpd.ugr.es\/~hidrogeo\/wp-content\/uploads\/2024\/11\/DSC05042-1024x768.jpg 1024w, https:\/\/wpd.ugr.es\/~hidrogeo\/wp-content\/uploads\/2024\/11\/DSC05042-300x225.jpg 300w, https:\/\/wpd.ugr.es\/~hidrogeo\/wp-content\/uploads\/2024\/11\/DSC05042-768x576.jpg 768w, https:\/\/wpd.ugr.es\/~hidrogeo\/wp-content\/uploads\/2024\/11\/DSC05042-1536x1152.jpg 1536w, https:\/\/wpd.ugr.es\/~hidrogeo\/wp-content\/uploads\/2024\/11\/DSC05042-2048x1536.jpg 2048w\" sizes=\"auto, (max-width: 1024px) 100vw, 1024px\" \/><\/figure>\n<\/div>\n\n\n\n<div class=\"wp-block-column is-layout-flow wp-block-column-is-layout-flow\" style=\"flex-basis:80%\">\n<div class=\"wp-block-group is-nowrap is-layout-flex wp-container-core-group-is-layout-6c531013 wp-block-group-is-layout-flex\">\n<p style=\"border-style:none;border-width:0px;border-radius:0px\">Este proyecto consiste en la realizaci\u00f3n del primer cat\u00e1logo de manantiales y fuentes de Andaluc\u00eda participativo y online. Tambi\u00e9n se incluye otro apartado para el inventario de otros puntos de inter\u00e9s relacionados con el agua, como infraestructuras hidr\u00e1ulicas (canales, presas, pozos, molinos, acueductos, etc.), yacimientos arqueol\u00f3gicos, elementos naturales, humedales, etc.<\/p>\n<\/div>\n\n\n\n<div class=\"wp-block-buttons is-layout-flex wp-block-buttons-is-layout-flex\">\n<div class=\"wp-block-button\"><a class=\"wp-block-button__link wp-element-button\" href=\"https:\/\/wpd.ugr.es\/~hidrogeo\/proyecto-de-colaboracion-ciudadana-conoce-tus-fuentes\/\">Ver m\u00e1s informaci\u00f3n<\/a><\/div>\n<\/div>\n<\/div>\n<\/div>\n<\/div>\n\n\n\n<div style=\"height:50px\" aria-hidden=\"true\" class=\"wp-block-spacer\"><\/div>\n","protected":false},"excerpt":{"rendered":"<p>Proyecto Atemar Este proyecto tiene como objetivo desarrollar metodolog\u00edas de estudio y control de la recarga gestionada de acu\u00edferos con [&hellip;]<\/p>\n","protected":false},"author":1,"featured_media":0,"parent":0,"menu_order":0,"comment_status":"closed","ping_status":"closed","template":"","meta":{"site-sidebar-layout":"default","site-content-layout":"","ast-site-content-layout":"default","site-content-style":"default","site-sidebar-style":"default","ast-global-header-display":"","ast-banner-title-visibility":"","ast-main-header-display":"","ast-hfb-above-header-display":"","ast-hfb-below-header-display":"","ast-hfb-mobile-header-display":"","site-post-title":"","ast-breadcrumbs-content":"","ast-featured-img":"","footer-sml-layout":"","theme-transparent-header-meta":"","adv-header-id-meta":"","stick-header-meta":"","header-above-stick-meta":"","header-main-stick-meta":"","header-below-stick-meta":"","astra-migrate-meta-layouts":"default","ast-page-background-enabled":"default","ast-page-background-meta":{"desktop":{"background-color":"var(--ast-global-color-5)","background-image":"","background-repeat":"repeat","background-position":"center center","background-size":"auto","background-attachment":"scroll","background-type":"","background-media":"","overlay-type":"","overlay-color":"","overlay-opacity":"","overlay-gradient":""},"tablet":{"background-color":"","background-image":"","background-repeat":"repeat","background-position":"center center","background-size":"auto","background-attachment":"scroll","background-type":"","background-media":"","overlay-type":"","overlay-color":"","overlay-opacity":"","overlay-gradient":""},"mobile":{"background-color":"","background-image":"","background-repeat":"repeat","background-position":"center center","background-size":"auto","background-attachment":"scroll","background-type":"","background-media":"","overlay-type":"","overlay-color":"","overlay-opacity":"","overlay-gradient":""}},"ast-content-background-meta":{"desktop":{"background-color":"var(--ast-global-color-4)","background-image":"","background-repeat":"repeat","background-position":"center center","background-size":"auto","background-attachment":"scroll","background-type":"","background-media":"","overlay-type":"","overlay-color":"","overlay-opacity":"","overlay-gradient":""},"tablet":{"background-color":"var(--ast-global-color-4)","background-image":"","background-repeat":"repeat","background-position":"center center","background-size":"auto","background-attachment":"scroll","background-type":"","background-media":"","overlay-type":"","overlay-color":"","overlay-opacity":"","overlay-gradient":""},"mobile":{"background-color":"var(--ast-global-color-4)","background-image":"","background-repeat":"repeat","background-position":"center center","background-size":"auto","background-attachment":"scroll","background-type":"","background-media":"","overlay-type":"","overlay-color":"","overlay-opacity":"","overlay-gradient":""}},"footnotes":""},"class_list":["post-36","page","type-page","status-publish","hentry"],"_links":{"self":[{"href":"https:\/\/wpd.ugr.es\/~hidrogeo\/wp-json\/wp\/v2\/pages\/36","targetHints":{"allow":["GET"]}}],"collection":[{"href":"https:\/\/wpd.ugr.es\/~hidrogeo\/wp-json\/wp\/v2\/pages"}],"about":[{"href":"https:\/\/wpd.ugr.es\/~hidrogeo\/wp-json\/wp\/v2\/types\/page"}],"author":[{"embeddable":true,"href":"https:\/\/wpd.ugr.es\/~hidrogeo\/wp-json\/wp\/v2\/users\/1"}],"replies":[{"embeddable":true,"href":"https:\/\/wpd.ugr.es\/~hidrogeo\/wp-json\/wp\/v2\/comments?post=36"}],"version-history":[{"count":17,"href":"https:\/\/wpd.ugr.es\/~hidrogeo\/wp-json\/wp\/v2\/pages\/36\/revisions"}],"predecessor-version":[{"id":523,"href":"https:\/\/wpd.ugr.es\/~hidrogeo\/wp-json\/wp\/v2\/pages\/36\/revisions\/523"}],"wp:attachment":[{"href":"https:\/\/wpd.ugr.es\/~hidrogeo\/wp-json\/wp\/v2\/media?parent=36"}],"curies":[{"name":"wp","href":"https:\/\/api.w.org\/{rel}","templated":true}]}}