{"id":284,"date":"2015-05-03T21:35:12","date_gmt":"2015-05-03T21:35:12","guid":{"rendered":"http:\/\/wpd.ugr.es\/~icufop\/?page_id=284"},"modified":"2015-05-06T17:59:05","modified_gmt":"2015-05-06T17:59:05","slug":"elisa-hernandez-merayo","status":"publish","type":"page","link":"https:\/\/wpd.ugr.es\/~icufop\/miembros-icufop\/elisa-hernandez-merayo\/","title":{"rendered":"Elisa Hern\u00e1ndez Merayo"},"content":{"rendered":"<div id=\"pl-284\"  class=\"panel-layout\" ><div id=\"pg-284-0\"  class=\"panel-grid panel-no-style\" ><div id=\"pgc-284-0-0\"  class=\"panel-grid-cell\" ><div id=\"panel-284-0-0-0\" class=\"so-panel widget widget_black-studio-tinymce widget_black_studio_tinymce panel-first-child panel-last-child\" data-index=\"0\" ><div class=\"textwidget\"><p><a href=\"http:\/\/wpd.ugr.es\/~icufop\/wp-content\/uploads\/Screen-Shot-2015-05-03-at-23.21.48.png\"><img loading=\"lazy\" decoding=\"async\" class=\"alignleft size-thumbnail wp-image-285\" src=\"http:\/\/wpd.ugr.es\/~icufop\/wp-content\/uploads\/Screen-Shot-2015-05-03-at-23.21.48-150x150.png\" alt=\"Elisa Hern\u00e1ndez\" width=\"150\" height=\"150\" \/><\/a><\/p>\n<\/div><\/div><\/div><div id=\"pgc-284-0-1\"  class=\"panel-grid-cell\" ><div id=\"panel-284-0-1-0\" class=\"so-panel widget widget_black-studio-tinymce widget_black_studio_tinymce panel-first-child panel-last-child\" data-index=\"1\" ><div class=\"panel-widget-style panel-widget-style-for-284-0-1-0\" ><h3 class=\"widget-title\">Elisa Hern\u00e1ndez Merayo<\/h3><div class=\"textwidget\"><h4>Investigadora<\/h4>\n<p>Doctoranda en Ciencias Sociales Aplicadas y becaria FPU del departamento de Did\u00e1ctica y Organizaci\u00f3n Escolar en la <a href=\"http:\/\/fcce.ugr.es\">Facultad de Ciencias de Educaci\u00f3n<\/a>\u00a0de la <a href=\"http:\/\/www.ugr.es\">Universidad de Granada<\/a>. Maestra de Educaci\u00f3n Infantil (premio extraordinario por la Universidad de Valladolid y menci\u00f3n especial en premios fin de carrera nacional), Licenciada en Psicopedagog\u00eda (premio extraordinario por la Universidad de Ja\u00e9n y segundo premio nacional fin de carrera) y M\u00e1ster en Estudios Migratorios, Desarrollo e Intervenci\u00f3n Social.<\/p>\n<\/div><\/div><\/div><\/div><\/div><div id=\"pg-284-1\"  class=\"panel-grid panel-no-style\" ><div id=\"pgc-284-1-0\"  class=\"panel-grid-cell panel-grid-cell-empty\" ><\/div><div id=\"pgc-284-1-1\"  class=\"panel-grid-cell panel-grid-cell-mobile-last\" ><div id=\"panel-284-1-1-0\" class=\"so-panel widget widget_black-studio-tinymce widget_black_studio_tinymce panel-first-child panel-last-child\" data-index=\"2\" ><div class=\"textwidget\"><table><tbody><tr><td>Correo electr\u00f3nico<\/td><td><a href=\"mailto:ehm@ugr.es\">ehm@ugr.es<\/a><\/td><\/tr><tr><td>Titulaci\u00f3n<\/td><td>Licenciada en Psicopedagog\u00eda<\/td><\/tr><tr><td>Puesto de trabajo<\/td><td>Becaria FPU<\/td><\/tr><tr><td>Departamento<\/td><td>Did\u00e1ctica y Organizaci\u00f3n Escolar<\/td><\/tr><tr><td>Universidad<\/td><td>Facultad de Ciencias de la Educaci\u00f3n. Universidad de Granada<\/td><\/tr><tr><td>P\u00e1gina web<\/td><td><a href=\"https:\/\/elisamerayo.wordpress.com\">https:\/\/elisamerayo.wordpress.com<\/a><\/td><\/tr><tr><td>Twitter<\/td><td><a href=\"http:\/\/twitter.com\/ehmerayo\">@ehmerayo<\/a><\/td><\/tr><tr><td>L\u00edneas de trabajo y especializaci\u00f3n<\/td><td>Ciudadan\u00eda, j\u00f3venes, curr\u00edculum<\/td><\/tr><\/tbody><\/table><p>\u00a0<\/p><\/div><\/div><\/div><div id=\"pgc-284-1-2\"  class=\"panel-grid-cell panel-grid-cell-empty\" ><\/div><\/div><div id=\"pg-284-2\"  class=\"panel-grid panel-no-style\" ><div id=\"pgc-284-2-0\"  class=\"panel-grid-cell\" ><div id=\"panel-284-2-0-0\" class=\"so-panel widget widget_black-studio-tinymce widget_black_studio_tinymce panel-first-child panel-last-child\" data-index=\"3\" ><div class=\"textwidget\"><h4>Publicaciones recientes destacadas:<\/h4>\n<ul>\n<li>Hern\u00e1ndez-Merayo, Elisa (2014). <a href=\"http:\/\/www.octaedro.com\/OCTart.asp?libro=16053&amp;id=es&amp;txt=Movimientos%20e%20instituciones%20y%20la%20calidad%20de%20la%20democracia\">El movimiento 15M en Espa\u00f1a: la democracia de las plazas<\/a>. En Giorgio Alberti y Jose Luis Villena <i><a href=\"http:\/\/wpd.ugr.es\/~icufop\/movimientos-e-instituciones-y-la-calidad-de-la-democracia\/\">Movimientos e instituciones y la calidad de la democracia. An\u00e1lisis de casos en Am\u00e9rica Latina y la Uni\u00f3n Europea<\/a><\/i>. Barcelona: Octaedro.<\/li>\n<li>Hern\u00e1ndez\u2010Merayo,Elisa (2013). <a href=\"http:\/\/www.aufop.com\/aufop\/uploaded_files\/articulos\/1388411823.pdf\">Acampar sin permiso, pensar sin l\u00edmite. Evaluaci\u00f3n del proceso de un estudio de caso sobre el 15M (Granada)<\/a>. Revista Electr\u00f3nica Interuniversitaria de Formaci\u00f3n del Profesorado, 16 (3), 171-183.<\/li>\n<li>Hern\u00e1ndez-Merayo, Elisa, Robles V\u00edlchez, M\u00aa Carmen y Mart\u00ednez Rodr\u00edguez, Juan Bautista (2013) <a href=\"http:\/\/www.revistacomunicar.com\/index.php?contenido=detalles&amp;numero=40&amp;articulo=40-2013-08\">J\u00f3venes interactivos y culturas c\u00edvicas: sentido educativo, medi\u00e1tico y pol\u00edtico del 15M<\/a>. <i>Comunicar <\/i><i>40 (XX) 59-67<\/i><\/li>\n<li>Perez Heredia, David y Hern\u00e1ndez Merayo Elisa (2013) <a href=\"http:\/\/dialnet.unirioja.es\/servlet\/articulo?codigo=4514777\">El teatro de lo posible<\/a>. <i>Cuadernos de pedagog\u00eda,<\/i> 440, 58-62<\/li>\n<li>Hern\u00e1ndez-Merayo, Elisa<i> (2011). <\/i><a href=\"http:\/\/www.redalyc.org\/articulo.oa?id=27422047006\">El compromiso c\u00edvico y pol\u00edtico de los j\u00f3venes y el rol de las nuevas tecnolog\u00edas en educaci\u00f3n: Modelos de e-democracia\u201d<\/a>.<i> Revista Interuniversitaria de Formaci\u00f3n del Profesorado, 25 (2)<\/i><\/li>\n<li>Hern\u00e1ndez-Merayo, Elisa (2011). <a href=\"http:\/\/www.redalyc.org\/pdf\/274\/27422047012.pdf\">Internet, j\u00f3venes y participaci\u00f3n civico-pol\u00edtica<\/a>. (Rese\u00f1a de Albero Andr\u00e9s, 2010).<i> Revista Interuniversitaria de Formaci\u00f3n del Profesorado, 25 (2)<\/i><\/li>\n<\/ul>\n<\/div><\/div><\/div><\/div><div id=\"pg-284-3\"  class=\"panel-grid panel-no-style\" ><div id=\"pgc-284-3-0\"  class=\"panel-grid-cell panel-grid-cell-empty\" ><\/div><div id=\"pgc-284-3-1\"  class=\"panel-grid-cell panel-grid-cell-mobile-last\" ><div id=\"panel-284-3-1-0\" class=\"so-panel widget widget_black-studio-tinymce widget_black_studio_tinymce panel-first-child panel-last-child\" data-index=\"4\" ><div class=\"panel-widget-style panel-widget-style-for-284-3-1-0\" ><div class=\"textwidget\"><h4 style=\"text-align: center;\"><a href=\"https:\/\/granada.academia.edu\/ElisaHern\u00e1ndezMerayo\">Perfil de Academia.edu<\/a><\/h4>\n<\/div><\/div><\/div><\/div><div id=\"pgc-284-3-2\"  class=\"panel-grid-cell panel-grid-cell-empty\" ><\/div><\/div><\/div>","protected":false},"excerpt":{"rendered":"<p>InvestigadoraDoctoranda en Ciencias Sociales Aplicadas y becaria FPU del departamento de Did\u00e1ctica y Organizaci\u00f3n Escolar en la Facultad de Ciencias de Educaci\u00f3n\u00a0de la Universidad de Granada. Maestra de Educaci\u00f3n Infantil (premio extraordinario por la Universidad de Valladolid y menci\u00f3n especial en premios fin de carrera nacional), Licenciada en Psicopedagog\u00eda (premio extraordinario por la Universidad de [&hellip;]<\/p>\n","protected":false},"author":1,"featured_media":0,"parent":10,"menu_order":0,"comment_status":"open","ping_status":"closed","template":"custom-page.php","meta":{"_acf_changed":false,"jetpack_post_was_ever_published":false,"footnotes":""},"acf":[],"jetpack_sharing_enabled":true,"jetpack_shortlink":"https:\/\/wp.me\/P64Oaw-4A","_links":{"self":[{"href":"https:\/\/wpd.ugr.es\/~icufop\/wp-json\/wp\/v2\/pages\/284"}],"collection":[{"href":"https:\/\/wpd.ugr.es\/~icufop\/wp-json\/wp\/v2\/pages"}],"about":[{"href":"https:\/\/wpd.ugr.es\/~icufop\/wp-json\/wp\/v2\/types\/page"}],"author":[{"embeddable":true,"href":"https:\/\/wpd.ugr.es\/~icufop\/wp-json\/wp\/v2\/users\/1"}],"replies":[{"embeddable":true,"href":"https:\/\/wpd.ugr.es\/~icufop\/wp-json\/wp\/v2\/comments?post=284"}],"version-history":[{"count":1,"href":"https:\/\/wpd.ugr.es\/~icufop\/wp-json\/wp\/v2\/pages\/284\/revisions"}],"predecessor-version":[{"id":286,"href":"https:\/\/wpd.ugr.es\/~icufop\/wp-json\/wp\/v2\/pages\/284\/revisions\/286"}],"up":[{"embeddable":true,"href":"https:\/\/wpd.ugr.es\/~icufop\/wp-json\/wp\/v2\/pages\/10"}],"wp:attachment":[{"href":"https:\/\/wpd.ugr.es\/~icufop\/wp-json\/wp\/v2\/media?parent=284"}],"curies":[{"name":"wp","href":"https:\/\/api.w.org\/{rel}","templated":true}]}}