{"id":291,"date":"2015-05-04T09:25:39","date_gmt":"2015-05-04T09:25:39","guid":{"rendered":"http:\/\/wpd.ugr.es\/~icufop\/?page_id=291"},"modified":"2015-05-04T09:25:39","modified_gmt":"2015-05-04T09:25:39","slug":"teresa-garcia-gomez","status":"publish","type":"page","link":"https:\/\/wpd.ugr.es\/~icufop\/miembros-icufop\/teresa-garcia-gomez\/","title":{"rendered":"Teresa Garc\u00eda G\u00f3mez"},"content":{"rendered":"<div id=\"pl-291\"  class=\"panel-layout\" ><div id=\"pg-291-0\"  class=\"panel-grid panel-no-style\" ><div id=\"pgc-291-0-0\"  class=\"panel-grid-cell\" ><div id=\"panel-291-0-0-0\" class=\"so-panel widget widget_black-studio-tinymce widget_black_studio_tinymce panel-first-child panel-last-child\" data-index=\"0\" ><div class=\"textwidget\"><p><a href=\"http:\/\/wpd.ugr.es\/~icufop\/wp-content\/uploads\/teresa_garc\u00eda.jpg\"><img loading=\"lazy\" decoding=\"async\" class=\"alignleft size-thumbnail wp-image-107\" src=\"http:\/\/wpd.ugr.es\/~icufop\/wp-content\/uploads\/teresa_garc\u00eda-150x150.jpg\" alt=\"Teresa Garc\u00eda\" width=\"150\" height=\"150\" \/><\/a><\/p>\n<\/div><\/div><\/div><div id=\"pgc-291-0-1\"  class=\"panel-grid-cell\" ><div id=\"panel-291-0-1-0\" class=\"so-panel widget widget_black-studio-tinymce widget_black_studio_tinymce panel-first-child panel-last-child\" data-index=\"1\" ><div class=\"panel-widget-style panel-widget-style-for-291-0-1-0\" ><h3 class=\"widget-title\">Teresa Garc\u00eda G\u00f3mez<\/h3><div class=\"textwidget\"><h4>Investigadora<\/h4>\n<p>Profesora del Dpto. de Educaci\u00f3n en la <a href=\"http:\/\/cms.ual.es\/UAL\/universidad\/centros\/cienciasdelaeducacion\/index.htm\">Facultad de Ciencias de la Educaci\u00f3n, Enfermer\u00eda y Fisoterapia<\/a> de la <a href=\"http:\/\/www.ual.es\">Universidad de Almer\u00eda<\/a> (Espa\u00f1a), en la que imparte varias materias (Did\u00e1ctica y Organizaci\u00f3n Escolar y La innovaci\u00f3n educativa) en el Grado de Magisterio de Educaci\u00f3n Primaria y participa en el desarrollo de distintas asignaturas (Metodolog\u00eda de investigaci\u00f3n did\u00e1ctica y Fundamentos de la evaluaci\u00f3n did\u00e1ctica para el desarrollo profesional) en el M\u00e1ster en Investigaci\u00f3n y Evaluaci\u00f3n Did\u00e1ctica en el Aula para el Desarrollo Profesional Docente. Licenciada en Filosof\u00eda y Letras (secci\u00f3n Pedagog\u00eda) por la Universidad de Granada (1994) y Doctora en Pedagog\u00eda (2002) por la Universidad de Granada. Es coordinadora del <a href=\"http:\/\/centrodedocumentacioncritica.org\/areas\/educacion\/archivo-cedap\/\">Centro de Documentaci\u00f3n del las Alternativas Pedag\u00f3gicas Democr\u00e1ticas [CEDAP]<\/a>.<\/p>\n<\/div><\/div><\/div><\/div><\/div><div id=\"pg-291-1\"  class=\"panel-grid panel-no-style\" ><div id=\"pgc-291-1-0\"  class=\"panel-grid-cell panel-grid-cell-empty\" ><\/div><div id=\"pgc-291-1-1\"  class=\"panel-grid-cell panel-grid-cell-mobile-last\" ><div id=\"panel-291-1-1-0\" class=\"so-panel widget widget_black-studio-tinymce widget_black_studio_tinymce panel-first-child panel-last-child\" data-index=\"2\" ><div class=\"textwidget\"><table><tbody><tr><td>Correo electr\u00f3nico<\/td><td><a href=\"mailto:tgarcia@ual.es\">tgarcia@ual.es<\/a><\/td><\/tr><tr><td>Titulaci\u00f3n<\/td><td>Doctora en Pedagog\u00eda<\/td><\/tr><tr><td>Puesto de trabajo<\/td><td>Profesora Contratada Doctora<\/td><\/tr><tr><td>Departamento<\/td><td>Educaci\u00f3n<\/td><\/tr><tr><td>Universidad<\/td><td>Facultad de Ciencias de la Educaci\u00f3n, Enfermer\u00eda y Fisoterapia. Universidad de Almer\u00eda<\/td><\/tr><tr><td>L\u00edneas de trabajo y especializaci\u00f3n<\/td><td>Coeducaci\u00f3n; relaciones de poder, educaci\u00f3n y g\u00e9nero; alternativas pedag\u00f3gicas democr\u00e1ticas; educaci\u00f3n democr\u00e1tica e innovaci\u00f3n educativa.<\/td><\/tr><\/tbody><\/table><p>\u00a0<\/p><\/div><\/div><\/div><div id=\"pgc-291-1-2\"  class=\"panel-grid-cell panel-grid-cell-empty\" ><\/div><\/div><div id=\"pg-291-2\"  class=\"panel-grid panel-no-style\" ><div id=\"pgc-291-2-0\"  class=\"panel-grid-cell\" ><div id=\"panel-291-2-0-0\" class=\"so-panel widget widget_black-studio-tinymce widget_black_studio_tinymce panel-first-child panel-last-child\" data-index=\"3\" ><div class=\"textwidget\"><h4>Publicaciones recientes destacadas:<\/h4>\n<ul>\n<li>\n<p>GARC\u00cdA G\u00d3MEZ, Teresa Edici\u00f3n de FREIRE, Paulo (2015). <em><a href=\"http:\/\/wpd.ugr.es\/~icufop\/pedagogia-liberadora\/\">Pedagog\u00eda liberadora<\/a><\/em>. Madrid: Los Libros de la Catarata.<\/p>\n<\/li>\n<li>\n<p>GARC\u00cdA G\u00d3MEZ, Teresa; S\u00c1CHEZ MOR\u00c1N, M\u00aa Socorro y MAYOR PAREDES, Domingo (2014): \u201cAprendizaje Servicio Comunitario para la transformaci\u00f3n. Un proyecto pol\u00edtico de formaci\u00f3n inicial de maestras y maestros\u201d. En RUBIO, Laura; MOLINER, Lid\u00f3n y FRANCISCO, Andrea. <em><a href=\"http:\/\/www.icariaeditorial.com\/libros.php?id=1498\">Construyendo ciudadan\u00eda cr\u00edtica y activa<\/a>.<\/em> Barcelona: Icaria, pp. 99-122.<\/p>\n<\/li>\n<li>\n<p>GARC\u00cdA G\u00d3MEZ, Teresa y CARMONA, Juan J. (2014): <a href=\"http:\/\/revistas.um.es\/rie\/article\/view\/171801\">Profesor y alumnado conectados en una red p\u00fablica compartida<\/a>, <em>Revista de Investigaci\u00f3n Educativa <\/em>(RIE), 32 (2), 463-478.<\/p>\n<\/li>\n<li>\n<p>GARC\u00cdA G\u00d3MEZ, Teresa (2013): <a href=\"http:\/\/revistas.ucr.ac.cr\/index.php\/gestedu\/article\/view\/10649\">Las maestras no existen: los mecanismos de la invisibilidad. La segregaci\u00f3n por defecto en los inicios del siglo XXI<\/a><em>. Revista Gesti\u00f3n de la Educaci\u00f3n<\/em>, Vol. 3, n\u00ba 2, pp. 69-95.<\/p>\n<\/li>\n<li>\n<p>S\u00c1NCHEZ MOR\u00c1N, M\u00aa Socorro, GARC\u00cdA G\u00d3MEZ, Teresa y MAYOR PAREDES, Domingo (2013): <a href=\"https:\/\/www.google.es\/url?sa=t&amp;rct=j&amp;q=&amp;esrc=s&amp;source=web&amp;cd=1&amp;ved=0CCIQFjAA&amp;url=http%3A%2F%2Fwww.juntadeandalucia.es%2Faverroes%2F~cepal2%2Fmoodle%2Ffile.php%2F213%2Fmateriales%2Fdia2%2Fingenio%2FDomingo_Mayor.pdf&amp;ei=7TlHVfueM_KN7Aay3IHACg&amp;usg=AFQjCNEfgUnhnavjxVss96MfPwsSzJnoAw&amp;sig2=M4770a-zwVwRjet9XzOMpg&amp;bvm=bv.92291466,d.ZGU\">El Programa Socioeducativo para la Recuperaci\u00f3n de El Ingenio-El Puche: promoviendo sinergias en el \u00e1mbito comunitario<\/a>. <em>Aula de <\/em><em>Innovaci\u00f3n Educativa<\/em>, n\u00ba 219, pp. 64-67.<\/p>\n<\/li>\n<li>\n<p>GARC\u00cdA G\u00d3MEZ, Teresa y CARMONA, Juan J. (2013): <a href=\"http:\/\/dialnet.unirioja.es\/servlet\/articulo?codigo=4514763\">Un profesor que provoca\u00a0con las TIC: resistencias, seguimientos y controversias en un estudio de caso<\/a>. <em>Cuadernos de Pedagog\u00eda<\/em>, n\u00ba 440, pp. 42-45<\/p>\n<\/li>\n<li>\n<p>GARC\u00cdA G\u00d3MEZ, Teresa (2013): <a href=\"http:\/\/aufop.blogspot.com.es\/2014\/02\/experiencias-y-posibilidades-de.html\">Experiencias y Posibilidades de articulaci\u00f3n entre Universidad-Escuela-Comunidad<\/a>. <em>Revista Interuniversitaria de Formaci\u00f3n del Profesorado<\/em>, 78, (27, 3), pp. 201-206.<\/p>\n<\/li>\n<li>\n<p>GARC\u00cdA G\u00d3MEZ, Teresa; S\u00c1CHEZ MOR\u00c1N, M\u00aa Socorro y MAYOR PAREDES, Domingo (2012): <a href=\"http:\/\/dialnet.unirioja.es\/servlet\/articulo?codigo=4105316\">La vinculaci\u00f3n teor\u00eda-pr\u00e1ctica en un espacio inclusivo: escuela-comunidad-universidad<\/a>. <em>Revista de Educaci\u00f3n Inclusiva<\/em>, Vol. 5, n\u00ba 1, pp. 107-120.<\/p>\n<\/li>\n<li>\n<p>GARC\u00cdA G\u00d3MEZ, Teresa (2011): De la autoevaluaci\u00f3n a la coevaluaci\u00f3n. En SICILIA, \u00c1lvaro (Coord.) <em><a href=\"http:\/\/www.hipatiapress.com\/hpjournals\/index.php\/qre\/article\/view\/280\">La Evaluaci\u00f3n y Calificaci\u00f3n en la Universidad: Relatos Autobiogr\u00e1ficos durante la b\u00fasqueda de alternativas<\/a>. <\/em>Barcelona: Hipatia, pp. 111-149.<\/p>\n<\/li>\n<li>\n<p>GARC\u00cdA G\u00d3MEZ, Teresa (2011): <a href=\"http:\/\/www.redalyc.org\/articulo.oa?id=27422047007\">Aportaciones ciudadanas desde el aprendizaje servicio. Universidad, escuela y comunidad conectadas<\/a>. <em>Revista Interuniversitaria de Formaci\u00f3n del Profesorado<\/em>, 71, pp.125-141.<\/p>\n<\/li>\n<li>\n<p>GARC\u00cdA G\u00d3MEZ, Teresa (2011): <a href=\"http:\/\/www.redalyc.org\/articulo.oa?id=217019031005\">Rompiendo muros. La educaci\u00f3n democr\u00e1tica: proyecto comunal de ciudadan\u00eda<\/a>. <em>Revista Electr\u00f3nica Interuniversitaria de Formaci\u00f3n del Profesorado<\/em>, 14 (2), 57\u201369.<\/p>\n<\/li>\n<\/ul>\n<p>\u00a0<\/p>\n<\/div><\/div><\/div><\/div><\/div>","protected":false},"excerpt":{"rendered":"<p>InvestigadoraProfesora del Dpto. de Educaci\u00f3n en la Facultad de Ciencias de la Educaci\u00f3n, Enfermer\u00eda y Fisoterapia de la Universidad de Almer\u00eda (Espa\u00f1a), en la que imparte varias materias (Did\u00e1ctica y Organizaci\u00f3n Escolar y La innovaci\u00f3n educativa) en el Grado de Magisterio de Educaci\u00f3n Primaria y participa en el desarrollo de distintas asignaturas (Metodolog\u00eda de investigaci\u00f3n [&hellip;]<\/p>\n","protected":false},"author":1,"featured_media":0,"parent":10,"menu_order":0,"comment_status":"open","ping_status":"closed","template":"custom-page.php","meta":{"_acf_changed":false,"jetpack_post_was_ever_published":false,"footnotes":""},"acf":[],"jetpack_sharing_enabled":true,"jetpack_shortlink":"https:\/\/wp.me\/P64Oaw-4H","_links":{"self":[{"href":"https:\/\/wpd.ugr.es\/~icufop\/wp-json\/wp\/v2\/pages\/291"}],"collection":[{"href":"https:\/\/wpd.ugr.es\/~icufop\/wp-json\/wp\/v2\/pages"}],"about":[{"href":"https:\/\/wpd.ugr.es\/~icufop\/wp-json\/wp\/v2\/types\/page"}],"author":[{"embeddable":true,"href":"https:\/\/wpd.ugr.es\/~icufop\/wp-json\/wp\/v2\/users\/1"}],"replies":[{"embeddable":true,"href":"https:\/\/wpd.ugr.es\/~icufop\/wp-json\/wp\/v2\/comments?post=291"}],"version-history":[{"count":1,"href":"https:\/\/wpd.ugr.es\/~icufop\/wp-json\/wp\/v2\/pages\/291\/revisions"}],"predecessor-version":[{"id":292,"href":"https:\/\/wpd.ugr.es\/~icufop\/wp-json\/wp\/v2\/pages\/291\/revisions\/292"}],"up":[{"embeddable":true,"href":"https:\/\/wpd.ugr.es\/~icufop\/wp-json\/wp\/v2\/pages\/10"}],"wp:attachment":[{"href":"https:\/\/wpd.ugr.es\/~icufop\/wp-json\/wp\/v2\/media?parent=291"}],"curies":[{"name":"wp","href":"https:\/\/api.w.org\/{rel}","templated":true}]}}