{"id":304,"date":"2015-05-05T17:23:05","date_gmt":"2015-05-05T17:23:05","guid":{"rendered":"http:\/\/wpd.ugr.es\/~icufop\/?page_id=304"},"modified":"2015-05-05T17:23:05","modified_gmt":"2015-05-05T17:23:05","slug":"ines-ruiz-requies","status":"publish","type":"page","link":"https:\/\/wpd.ugr.es\/~icufop\/miembros-icufop\/ines-ruiz-requies\/","title":{"rendered":"In\u00e9s Ruiz Requies"},"content":{"rendered":"<div id=\"pl-304\"  class=\"panel-layout\" ><div id=\"pg-304-0\"  class=\"panel-grid panel-no-style\" ><div id=\"pgc-304-0-0\"  class=\"panel-grid-cell\" ><div id=\"panel-304-0-0-0\" class=\"so-panel widget widget_black-studio-tinymce widget_black_studio_tinymce panel-first-child panel-last-child\" data-index=\"0\" ><div class=\"textwidget\"><p><a href=\"http:\/\/wpd.ugr.es\/~icufop\/wp-content\/uploads\/ines-ruiz.jpg\"><img loading=\"lazy\" decoding=\"async\" class=\"alignleft size-thumbnail wp-image-305\" src=\"http:\/\/wpd.ugr.es\/~icufop\/wp-content\/uploads\/ines-ruiz-150x150.jpg\" alt=\"ines ruiz\" width=\"150\" height=\"150\" srcset=\"https:\/\/wpd.ugr.es\/~icufop\/wp-content\/uploads\/ines-ruiz-150x150.jpg 150w, https:\/\/wpd.ugr.es\/~icufop\/wp-content\/uploads\/ines-ruiz.jpg 180w\" sizes=\"(max-width: 150px) 100vw, 150px\" \/><\/a><\/p>\n<\/div><\/div><\/div><div id=\"pgc-304-0-1\"  class=\"panel-grid-cell\" ><div id=\"panel-304-0-1-0\" class=\"so-panel widget widget_black-studio-tinymce widget_black_studio_tinymce panel-first-child panel-last-child\" data-index=\"1\" ><div class=\"panel-widget-style panel-widget-style-for-304-0-1-0\" ><h3 class=\"widget-title\">In\u00e9s Ruiz Requies<\/h3><div class=\"textwidget\"><h4>Investigador<\/h4>\n<p>Profesora del Departamento de Pedagog\u00eda de la <a href=\"http:\/\/www.feyts.uva.es\/\">Facultad de Educaci\u00f3n y Trabajo Social<\/a> en Valladolid (Espa\u00f1a). Actualmente imparte las asignaturas de Did\u00e1ctica General y Curr\u00edculo y Sistema Educativo en la Formaci\u00f3n Inicial de maestros\/as. Licenciada en Psicopedagog\u00eda y Diplomada en Magisterio por la Universidad de Valladolid. Doctora por la misma Universidad desde el 2009. Ha participado en la organizaci\u00f3n de numerosas actividades e investigaciones I+D. Sus l\u00edneas de investigaci\u00f3n est\u00e1n relacionadas con el Aprendizaje Colaborativo Apoyado por ordenador, la innovaci\u00f3n educativa en Educaci\u00f3n Superior y las TICs en los procesos de ense\u00f1anza-aprendizaje. <\/p>\n<\/div><\/div><\/div><\/div><\/div><div id=\"pg-304-1\"  class=\"panel-grid panel-no-style\" ><div id=\"pgc-304-1-0\"  class=\"panel-grid-cell panel-grid-cell-empty\" ><\/div><div id=\"pgc-304-1-1\"  class=\"panel-grid-cell panel-grid-cell-mobile-last\" ><div id=\"panel-304-1-1-0\" class=\"so-panel widget widget_black-studio-tinymce widget_black_studio_tinymce panel-first-child panel-last-child\" data-index=\"2\" ><div class=\"textwidget\"><table><tbody><tr><td>Correo electr\u00f3nico<\/td><td><a href=\"mailto:inesrure@pdg.uva.es\">inesrure@pdg.uva.es<\/a><\/td><\/tr><tr><td>Titulaci\u00f3n<\/td><td>Doctora en Educaci\u00f3n<\/td><\/tr><tr><td>Puesto de trabajo<\/td><td>Profesora Contratada Doctor<\/td><\/tr><tr><td>Departamento<\/td><td>Did\u00e1ctica y Organizaci\u00f3n Escolar<\/td><\/tr><tr><td>Universidad<\/td><td>Facultad Educaci\u00f3n y Trabajo Social. Universidad de Valladolid<\/td><\/tr><tr><td>L\u00edneas de trabajo y especializaci\u00f3n<\/td><td>Tecnolog\u00eda Educativa, eLearning, TIC y Educaci\u00f3n, Alfabetizaci\u00f3n y competencia digital, CSCL.<\/td><\/tr><\/tbody><\/table><p>\u00a0<\/p><\/div><\/div><\/div><div id=\"pgc-304-1-2\"  class=\"panel-grid-cell panel-grid-cell-empty\" ><\/div><\/div><div id=\"pg-304-2\"  class=\"panel-grid panel-no-style\" ><div id=\"pgc-304-2-0\"  class=\"panel-grid-cell\" ><div id=\"panel-304-2-0-0\" class=\"so-panel widget widget_black-studio-tinymce widget_black_studio_tinymce panel-first-child panel-last-child\" data-index=\"3\" ><div class=\"textwidget\"><h4 class=\"gs_gray\">Publicaciones recientes destacadas:<\/h4>\n<ul>\n<li class=\"gs_gray\">Calleja, M.A. y Ruiz Requies, I. <a href=\"http:\/\/revistas.um.es\/reifop\/article\/view\/179411\">La experiencia de coordinaci\u00f3n en el Grado de Maestro de Educaci\u00f3n Infantil<\/a>. Revista:Revista Electr\u00f3nica interuniversitaria de Formaci\u00f3n de Profesorado ISSS: 1575-0965 Volumen: 16 (1) P\u00e1ginas, inicial: 15 final: 24 A\u00f1o de la publicaci\u00f3n: 2013<\/li>\n<li class=\"gs_gray\">Ruiz Requies, I. (2012) El desarrollo de competencias en la formaci\u00f3n inicial del profesorado. An\u00e1lisis de los dise\u00f1os educativos CSCL a partir de un estudio de casos m\u00faltiple. ISBN: 978-3-659-031007<strong>. <\/strong>Academic Publishing GmbH &amp; Co. KG.<\/li>\n<li>Bartolom\u00e9 Rubia Avi; In\u00e9s Ruiz Requies; Iv\u00e1n Manuel Jorrin Avellan; Mar\u00eda Del Roc\u00edo Anguita Martinez. (2011) La investigaci\u00f3n en innovaci\u00f3n educativa desde una peque\u00f1a perspectiva colaborativa.El marco CSCL y la cultura de la innovaci\u00f3n. Roig Vila, R. &amp; Laneve, C.. La pr\u00e1ctica educativa en la Sociedad de la Informaci\u00f3n: Innovaci\u00f3n a trav\u00e9s de la investigaci\u00f3n. pp. 357 - 368. (Espa\u00f1a): Marfil. ISBN 978-84-268-1563-7<\/li>\n<li>Ines Ruiz-Requies, Rocio Anguita-Mart\u00ednez, Ivan Jorr\u00edn-Abell\u00e1n, Henar Rodr\u00edguez-Navarro. (2011). Action-Research as a remedy to overcome schizophrenia among university professors. It is difficult to work without it\" Action research at work in countering hegemonic education policies. CARN BULLETIN 14.. University of Glasgow. ISBN 978-1-905476-60-2 p\u00e1ginas 13-22.<\/li>\n<li>Henar Rodr\u00edguez Navarro, Alfonso Garc\u00eda Monge, In\u00e9s Ruiz, Roberto Santos, Roc\u00edo Anguita Mart\u00ednez Fern\u00e1ndez. (2011). <a href=\"http:\/\/www.esri.mmu.ac.uk\/carnnew\/bulletins\/bulletin14.pdf#page=11\">Learning to live a new life: the integration process of three immigrant pupils in a school in Spain<\/a>. It is difficult to work without it\" Action research at work in countering hegemonic education policies. CARN BULLETIN 14. University of Glasgow. ISBN 978-1-905476-60-2<\/li>\n<li>Ruiz Requies, I.; Rubia Avi, B.; Anguita Mart\u00ednez, R.; Fern\u00e1ndez, E. (2010) Formar al profesorado inicialmente en habilidades y competencias en TIC: perfiles de una experiencia colaborativa. Revista Educaci\u00f3n. ISSN: 0034-8082. Volumen: 352 Lugar de publicaci\u00f3n: Madrid.<\/li>\n<li>Rubia Avi, B.; Anguita Mart\u00ednez, R.; Jorr\u00edn Abell\u00e1n, I.; Ruiz Requies, I. (2010). Los procesos de innovaci\u00f3n educativa en la formaci\u00f3n universitaria, nuevos generadores de buenas pr\u00e1cticas en tecnolog\u00eda educativa. Teor\u00eda de la educaci\u00f3n. Educaci\u00f3n y Cultura en la sociedad de la informaci\u00f3n. ISSN: 1138-9737. Volumen: 11 (1) Lugar de publicaci\u00f3n: Salamanca<\/li>\n<li>Marcos, J.A., Mart\u00ednez, A., Dimitriadis, Y., Anguita, R., Ruiz Requies, I., Rubia, B. (2009) <a href=\"http:\/\/springerlink.com\/content\/d760100w7731w7rq\/?p=998eb28b18fc4b1e801f1fdaed53604e&amp;pi=8\">Detecting and Solving Negative Situations in Real CSCL Experiences with a Role-Based Interaction Analysis Approach<\/a>. Intelligent Collaborative e-Learning Systems and Applications, ISBN: 978-3-642-04000-9 Editores: T. Daradoumis, J. Feldman, M. Kordaki, S. Caballe, D. Thaw. Editorial: Springer Verlag Lugar de publicaci\u00f3n: Berl\u00edn, Alemania.<\/li>\n<\/ul>\n<\/div><\/div><\/div><\/div><div id=\"pg-304-3\"  class=\"panel-grid panel-no-style\" ><div id=\"pgc-304-3-0\"  class=\"panel-grid-cell panel-grid-cell-empty\" ><\/div><div id=\"pgc-304-3-1\"  class=\"panel-grid-cell panel-grid-cell-mobile-last\" ><div id=\"panel-304-3-1-0\" class=\"so-panel widget widget_black-studio-tinymce widget_black_studio_tinymce panel-first-child panel-last-child\" data-index=\"4\" ><div class=\"panel-widget-style panel-widget-style-for-304-3-1-0\" ><div class=\"textwidget\"><h4 style=\"text-align: center;\"><a href=\"https:\/\/scholar.google.es\/citations?hl=es&amp;user=brGRrFoAAAAJ&amp;view_op=list_works\">Perfil de Google Acad\u00e9mico<\/a><\/h4>\n<\/div><\/div><\/div><\/div><div id=\"pgc-304-3-2\"  class=\"panel-grid-cell panel-grid-cell-empty\" ><\/div><\/div><\/div>","protected":false},"excerpt":{"rendered":"<p>InvestigadorProfesora del Departamento de Pedagog\u00eda de la Facultad de Educaci\u00f3n y Trabajo Social en Valladolid (Espa\u00f1a). Actualmente imparte las asignaturas de Did\u00e1ctica General y Curr\u00edculo y Sistema Educativo en la Formaci\u00f3n Inicial de maestros\/as. Licenciada en Psicopedagog\u00eda y Diplomada en Magisterio por la Universidad de Valladolid. Doctora por la misma Universidad desde el 2009. Ha [&hellip;]<\/p>\n","protected":false},"author":1,"featured_media":0,"parent":10,"menu_order":0,"comment_status":"open","ping_status":"closed","template":"custom-page.php","meta":{"_acf_changed":false,"jetpack_post_was_ever_published":false,"footnotes":""},"acf":[],"jetpack_sharing_enabled":true,"jetpack_shortlink":"https:\/\/wp.me\/P64Oaw-4U","_links":{"self":[{"href":"https:\/\/wpd.ugr.es\/~icufop\/wp-json\/wp\/v2\/pages\/304"}],"collection":[{"href":"https:\/\/wpd.ugr.es\/~icufop\/wp-json\/wp\/v2\/pages"}],"about":[{"href":"https:\/\/wpd.ugr.es\/~icufop\/wp-json\/wp\/v2\/types\/page"}],"author":[{"embeddable":true,"href":"https:\/\/wpd.ugr.es\/~icufop\/wp-json\/wp\/v2\/users\/1"}],"replies":[{"embeddable":true,"href":"https:\/\/wpd.ugr.es\/~icufop\/wp-json\/wp\/v2\/comments?post=304"}],"version-history":[{"count":1,"href":"https:\/\/wpd.ugr.es\/~icufop\/wp-json\/wp\/v2\/pages\/304\/revisions"}],"predecessor-version":[{"id":306,"href":"https:\/\/wpd.ugr.es\/~icufop\/wp-json\/wp\/v2\/pages\/304\/revisions\/306"}],"up":[{"embeddable":true,"href":"https:\/\/wpd.ugr.es\/~icufop\/wp-json\/wp\/v2\/pages\/10"}],"wp:attachment":[{"href":"https:\/\/wpd.ugr.es\/~icufop\/wp-json\/wp\/v2\/media?parent=304"}],"curies":[{"name":"wp","href":"https:\/\/api.w.org\/{rel}","templated":true}]}}

Inés Ruiz Requies

<div id="pl-304"  class="panel-layout" ><div id="pg-304-0"  class="panel-grid panel-no-style" ><div id="pgc-304-0-0"  class="panel-grid-cell" ><div id="panel-304-0-0-0" class="so-panel widget widget_black-studio-tinymce widget_black_studio_tinymce panel-first-child panel-last-child" data-index="0" ><div class="textwidget"><p><a href="http://wpd.ugr.es/~icufop/wp-content/uploads/ines-ruiz.jpg"><img loading="lazy" decoding="async" class="alignleft size-thumbnail wp-image-305" src="http://wpd.ugr.es/~icufop/wp-content/uploads/ines-ruiz-150x150.jpg" alt="ines ruiz" width="150" height="150" srcset="https://wpd.ugr.es/~icufop/wp-content/uploads/ines-ruiz-150x150.jpg 150w, https://wpd.ugr.es/~icufop/wp-content/uploads/ines-ruiz.jpg 180w" sizes="(max-width: 150px) 100vw, 150px" /></a></p>
</div></div></div><div id="pgc-304-0-1"  class="panel-grid-cell" ><div id="panel-304-0-1-0" class="so-panel widget widget_black-studio-tinymce widget_black_studio_tinymce panel-first-child panel-last-child" data-index="1" ><div class="panel-widget-style panel-widget-style-for-304-0-1-0" ><h3 class="widget-title">Inés Ruiz Requies</h3><div class="textwidget"><h4>Investigador</h4>
<p>Profesora del Departamento de Pedagogía de la <a href="http://www.feyts.uva.es/">Facultad de Educación y Trabajo Social</a> en Valladolid (España). Actualmente imparte las asignaturas de Didáctica General y Currículo y Sistema Educativo en la Formación Inicial de maestros/as. Licenciada en Psicopedagogía y Diplomada en Magisterio por la Universidad de Valladolid. Doctora por la misma Universidad desde el 2009. Ha participado en la organización de numerosas actividades e investigaciones I+D. Sus líneas de investigación están relacionadas con el Aprendizaje Colaborativo Apoyado por ordenador, la innovación educativa en Educación Superior y las TICs en los procesos de enseñanza-aprendizaje. </p>
</div></div></div></div></div><div id="pg-304-1"  class="panel-grid panel-no-style" ><div id="pgc-304-1-0"  class="panel-grid-cell panel-grid-cell-empty" ></div><div id="pgc-304-1-1"  class="panel-grid-cell panel-grid-cell-mobile-last" ><div id="panel-304-1-1-0" class="so-panel widget widget_black-studio-tinymce widget_black_studio_tinymce panel-first-child panel-last-child" data-index="2" ><div class="textwidget"><table><tbody><tr><td>Correo electrónico</td><td><a href="mailto:inesrure@pdg.uva.es">inesrure@pdg.uva.es</a></td></tr><tr><td>Titulación</td><td>Doctora en Educación</td></tr><tr><td>Puesto de trabajo</td><td>Profesora Contratada Doctor</td></tr><tr><td>Departamento</td><td>Didáctica y Organización Escolar</td></tr><tr><td>Universidad</td><td>Facultad Educación y Trabajo Social. Universidad de Valladolid</td></tr><tr><td>Líneas de trabajo y especialización</td><td>Tecnología Educativa, eLearning, TIC y Educación, Alfabetización y competencia digital, CSCL.</td></tr></tbody></table><p> </p></div></div></div><div id="pgc-304-1-2"  class="panel-grid-cell panel-grid-cell-empty" ></div></div><div id="pg-304-2"  class="panel-grid panel-no-style" ><div id="pgc-304-2-0"  class="panel-grid-cell" ><div id="panel-304-2-0-0" class="so-panel widget widget_black-studio-tinymce widget_black_studio_tinymce panel-first-child panel-last-child" data-index="3" ><div class="textwidget"><h4 class="gs_gray">Publicaciones recientes destacadas:</h4>
<ul>
<li class="gs_gray">Calleja, M.A. y Ruiz Requies, I. <a href="http://revistas.um.es/reifop/article/view/179411">La experiencia de coordinación en el Grado de Maestro de Educación Infantil</a>. Revista:Revista Electrónica interuniversitaria de Formación de Profesorado ISSS: 1575-0965 Volumen: 16 (1) Páginas, inicial: 15 final: 24 Año de la publicación: 2013</li>
<li class="gs_gray">Ruiz Requies, I. (2012) El desarrollo de competencias en la formación inicial del profesorado. Análisis de los diseños educativos CSCL a partir de un estudio de casos múltiple. ISBN: 978-3-659-031007<strong>. </strong>Academic Publishing GmbH &amp; Co. KG.</li>
<li>Bartolomé Rubia Avi; Inés Ruiz Requies; Iván Manuel Jorrin Avellan; María Del Rocío Anguita Martinez. (2011) La investigación en innovación educativa desde una pequeña perspectiva colaborativa.El marco CSCL y la cultura de la innovación. Roig Vila, R. &amp; Laneve, C.. La práctica educativa en la Sociedad de la Información: Innovación a través de la investigación. pp. 357 - 368. (España): Marfil. ISBN 978-84-268-1563-7</li>
<li>Ines Ruiz-Requies, Rocio Anguita-Martínez, Ivan Jorrín-Abellán, Henar Rodríguez-Navarro. (2011). Action-Research as a remedy to overcome schizophrenia among university professors. It is difficult to work without it" Action research at work in countering hegemonic education policies. CARN BULLETIN 14.. University of Glasgow. ISBN 978-1-905476-60-2 páginas 13-22.</li>
<li>Henar Rodríguez Navarro, Alfonso García Monge, Inés Ruiz, Roberto Santos, Rocío Anguita Martínez Fernández. (2011). <a href="http://www.esri.mmu.ac.uk/carnnew/bulletins/bulletin14.pdf#page=11">Learning to live a new life: the integration process of three immigrant pupils in a school in Spain</a>. It is difficult to work without it" Action research at work in countering hegemonic education policies. CARN BULLETIN 14. University of Glasgow. ISBN 978-1-905476-60-2</li>
<li>Ruiz Requies, I.; Rubia Avi, B.; Anguita Martínez, R.; Fernández, E. (2010) Formar al profesorado inicialmente en habilidades y competencias en TIC: perfiles de una experiencia colaborativa. Revista Educación. ISSN: 0034-8082. Volumen: 352 Lugar de publicación: Madrid.</li>
<li>Rubia Avi, B.; Anguita Martínez, R.; Jorrín Abellán, I.; Ruiz Requies, I. (2010). Los procesos de innovación educativa en la formación universitaria, nuevos generadores de buenas prácticas en tecnología educativa. Teoría de la educación. Educación y Cultura en la sociedad de la información. ISSN: 1138-9737. Volumen: 11 (1) Lugar de publicación: Salamanca</li>
<li>Marcos, J.A., Martínez, A., Dimitriadis, Y., Anguita, R., Ruiz Requies, I., Rubia, B. (2009) <a href="http://springerlink.com/content/d760100w7731w7rq/?p=998eb28b18fc4b1e801f1fdaed53604e&amp;pi=8">Detecting and Solving Negative Situations in Real CSCL Experiences with a Role-Based Interaction Analysis Approach</a>. Intelligent Collaborative e-Learning Systems and Applications, ISBN: 978-3-642-04000-9 Editores: T. Daradoumis, J. Feldman, M. Kordaki, S. Caballe, D. Thaw. Editorial: Springer Verlag Lugar de publicación: Berlín, Alemania.</li>
</ul>
</div></div></div></div><div id="pg-304-3"  class="panel-grid panel-no-style" ><div id="pgc-304-3-0"  class="panel-grid-cell panel-grid-cell-empty" ></div><div id="pgc-304-3-1"  class="panel-grid-cell panel-grid-cell-mobile-last" ><div id="panel-304-3-1-0" class="so-panel widget widget_black-studio-tinymce widget_black_studio_tinymce panel-first-child panel-last-child" data-index="4" ><div class="panel-widget-style panel-widget-style-for-304-3-1-0" ><div class="textwidget"><h4 style="text-align: center;"><a href="https://scholar.google.es/citations?hl=es&amp;user=brGRrFoAAAAJ&amp;view_op=list_works">Perfil de Google Académico</a></h4>
</div></div></div></div><div id="pgc-304-3-2"  class="panel-grid-cell panel-grid-cell-empty" ></div></div></div>

<p>InvestigadorProfesora del Departamento de Pedagogía de la Facultad de Educación y Trabajo Social en Valladolid (España). Actualmente imparte las asignaturas de Didáctica General y Currículo y Sistema Educativo en la Formación Inicial de maestros/as. Licenciada en Psicopedagogía y Diplomada en Magisterio por la Universidad de Valladolid. Doctora por la misma Universidad desde el 2009. Ha [&hellip;]</p>
