{"id":385,"date":"2015-06-29T09:12:32","date_gmt":"2015-06-29T09:12:32","guid":{"rendered":"http:\/\/wpd.ugr.es\/~icufop\/?page_id=385"},"modified":"2015-06-29T09:12:32","modified_gmt":"2015-06-29T09:12:32","slug":"beatriz-muros-ruiz","status":"publish","type":"page","link":"https:\/\/wpd.ugr.es\/~icufop\/miembros-icufop\/beatriz-muros-ruiz\/","title":{"rendered":"Beatriz Muros Ruiz"},"content":{"rendered":"<div id=\"pl-385\"  class=\"panel-layout\" ><div id=\"pg-385-0\"  class=\"panel-grid panel-no-style\" ><div id=\"pgc-385-0-0\"  class=\"panel-grid-cell\" ><div id=\"panel-385-0-0-0\" class=\"so-panel widget widget_black-studio-tinymce widget_black_studio_tinymce panel-first-child panel-last-child\" data-index=\"0\" ><div class=\"textwidget\"><p><a href=\"http:\/\/wpd.ugr.es\/~icufop\/wp-content\/uploads\/beatriz_muros.jpg\"><img loading=\"lazy\" decoding=\"async\" class=\"alignleft size-thumbnail wp-image-211\" src=\"http:\/\/wpd.ugr.es\/~icufop\/wp-content\/uploads\/beatriz_muros-150x150.jpg\" alt=\"beatriz_muros\" width=\"150\" height=\"150\" \/><\/a><\/p>\n<\/div><\/div><\/div><div id=\"pgc-385-0-1\"  class=\"panel-grid-cell\" ><div id=\"panel-385-0-1-0\" class=\"so-panel widget widget_black-studio-tinymce widget_black_studio_tinymce panel-first-child panel-last-child\" data-index=\"1\" ><div class=\"panel-widget-style panel-widget-style-for-385-0-1-0\" ><h3 class=\"widget-title\">Beatriz Muros Ruiz<\/h3><div class=\"textwidget\"><h4>Investigadora<\/h4>\n<p>Profesora Titular de Universidad del departamento de Educaci\u00f3n en la <a href=\"http:\/\/www.uah.es\">Universidad de Alcal\u00e1 de Henares<\/a>, Madrid (Espa\u00f1a). Con anterioridad, en los a\u00f1os 2002-2004, fue docente en Estados Unidos, m\u00e1s concretamente en <a href=\"http:\/\/www.montclair.edu\">Montclair State University<\/a>. Tras doctorarse en la Universidad de Granada ha desarrollado diversas investigaciones as\u00ed como publicaciones en revistas tanto nacionales como internacionales centr\u00e1ndose en la formaci\u00f3n del profesorado universitario y en la Pedagog\u00eda Cr\u00edtica.\u00a0Se\u00f1alar, adem\u00e1s, su faceta de ponente en diversos congresos nacionales e internacionales centrando sus colaboraciones en la l\u00ednea de metodolog\u00edas activas y evaluaci\u00f3n formativa.<\/p>\n<p>Tambi\u00e9n es miembro del comit\u00e9 cient\u00edfico de revistas tales como como, Qualitative and Research in Sport and Exercise, Revista de Motricidad, ADAL de formaci\u00f3n del profesorado, etc. Desde 2010, ha estado vinculada al grupo de investigaci\u00f3n denominado ICUFOP y dirigido por Juan Bautista Mart\u00ednez Rodr\u00edguez. Este grupo ha ido centrando su trayectoria investigadora en aspectos relacionados con la formaci\u00f3n del profesorado, el curr\u00edculum y la comprensi\u00f3n de los procesos educativos m\u00e1s complejos que permitan a la ciudadan\u00eda el desarrollo m\u00e1s amplio del derecho a la educaci\u00f3n, a la independencia y a la autonom\u00eda.<\/p>\n<\/div><\/div><\/div><\/div><\/div><div id=\"pg-385-1\"  class=\"panel-grid panel-no-style\" ><div id=\"pgc-385-1-0\"  class=\"panel-grid-cell panel-grid-cell-empty\" ><\/div><div id=\"pgc-385-1-1\"  class=\"panel-grid-cell panel-grid-cell-mobile-last\" ><div id=\"panel-385-1-1-0\" class=\"so-panel widget widget_black-studio-tinymce widget_black_studio_tinymce panel-first-child panel-last-child\" data-index=\"2\" ><div class=\"textwidget\"><table><tbody><tr><td>Correo electr\u00f3nico<\/td><td>beatriz.muros@uah.es<\/td><\/tr><tr><td>Titulaci\u00f3n<\/td><td>Doctora en Educaci\u00f3n<\/td><\/tr><tr><td>Puesto de trabajo<\/td><td>Profesora Titular de Universidad<\/td><\/tr><tr><td>Departamento<\/td><td>Educaci\u00f3n<\/td><\/tr><tr><td>Universidad<\/td><td>Facultad de Medicina y Ciencias de la Salud. Universidad de Alcal\u00e1 de Henares, Madrid<\/td><\/tr><tr><td>L\u00edneas de trabajo y especializaci\u00f3n<\/td><td>Formaci\u00f3n del profesorado, Educaci\u00f3n democr\u00e1tica, TIC y Educaci\u00f3n, Educaci\u00f3n f\u00edsica, Cuerpo y movimiento.<\/td><\/tr><\/tbody><\/table><p>\u00a0<\/p><\/div><\/div><\/div><div id=\"pgc-385-1-2\"  class=\"panel-grid-cell panel-grid-cell-empty\" ><\/div><\/div><div id=\"pg-385-2\"  class=\"panel-grid panel-no-style\" ><div id=\"pgc-385-2-0\"  class=\"panel-grid-cell\" ><div id=\"panel-385-2-0-0\" class=\"so-panel widget widget_black-studio-tinymce widget_black_studio_tinymce panel-first-child panel-last-child\" data-index=\"3\" ><div class=\"textwidget\"><h4>Publicaciones recientes destacadas:<\/h4>\n<ul>\n<li>Muros, B., (2009). La autoevaluaci\u00f3n y la democracia radical o espec\u00edfica: deconstrucci\u00f3n y Universidad. Revista de Ciencias de la Educaci\u00f3n, 219, 363-370.<\/li>\n<li>Muros, B., (2009, octubre-diciembre). \u00bfYo soy yo?: algunas reflexiones sobre el concepto de autonom\u00eda. Revista Espa\u00f1ola de Educaci\u00f3n F\u00edsica y Deportes, 13, 9-16.<\/li>\n<li>Muros, B. (2011). El concepto de identidad en el mundo virtual: el yo on-line. Revista Interuniversitaria del Profesorado, 37 (14, 2), 49-56.<\/li>\n<li>Muros, B. (2013). Cuerpo y Educaci\u00f3n F\u00edsica. VIREF (Revista de Educaci\u00f3n F\u00edsica), 2(1), 119-126.<\/li>\n<li>Muros, B. (2013). Autoevaluaci\u00f3n: Bases epistemol\u00f3gicas y autoconocimiento. Una experiencia en el aula universitaria. REVALUE (Revista de Evaluaci\u00f3n Educativa),2(1).<\/li>\n<li>Muros, B. y Luis Pascual, J.C. (2012). Aprendizaje, capacidades cognitivas y evaluaci\u00f3n formativa en formaci\u00f3n inicial del profesorado. Revista Ciencias de la Educaci\u00f3n, 230, 171, 182.<\/li>\n<li>Muros, B., Arag\u00f3n, Y. y Bustos, A. (2013). La ocupaci\u00f3n del tiempo libre de j\u00f3venes en el uso de videojuegos y redes. Revista Comunicar, (35-39).<\/li>\n<li>L\u00f3pez-Pastor, V. M., Pintor, P. Muros, B. y Webb, G. (2013). Formative assessment strategies and their effect on student performance and on student and tutor workload: the results of research projects undertaken in preparation for greater convergence of universities in Spain within the European Higher Education Area (EHEA). Journal of Further and Higher Education, 37(2), 163-180.<\/li>\n<\/ul>\n<p>\u00a0<\/p>\n<\/div><\/div><\/div><\/div><div id=\"pg-385-3\"  class=\"panel-grid panel-no-style\" ><div id=\"pgc-385-3-0\"  class=\"panel-grid-cell panel-grid-cell-empty\" ><\/div><div id=\"pgc-385-3-1\"  class=\"panel-grid-cell panel-grid-cell-mobile-last\" ><div id=\"panel-385-3-1-0\" class=\"so-panel widget widget_black-studio-tinymce widget_black_studio_tinymce panel-first-child panel-last-child\" data-index=\"4\" ><div class=\"panel-widget-style panel-widget-style-for-385-3-1-0\" ><div class=\"textwidget\"><h4 style=\"text-align: center;\"><a href=\"https:\/\/scholar.google.es\/citations?user=Iodv2msAAAAJ&amp;hl=es\">Perfil de Google Acad\u00e9mico<\/a><\/h4>\n<\/div><\/div><\/div><\/div><div id=\"pgc-385-3-2\"  class=\"panel-grid-cell panel-grid-cell-empty\" ><\/div><\/div><\/div>","protected":false},"excerpt":{"rendered":"<p>InvestigadoraProfesora Titular de Universidad del departamento de Educaci\u00f3n en la Universidad de Alcal\u00e1 de Henares, Madrid (Espa\u00f1a). Con anterioridad, en los a\u00f1os 2002-2004, fue docente en Estados Unidos, m\u00e1s concretamente en Montclair State University. Tras doctorarse en la Universidad de Granada ha desarrollado diversas investigaciones as\u00ed como publicaciones en revistas tanto nacionales como internacionales centr\u00e1ndose [&hellip;]<\/p>\n","protected":false},"author":1,"featured_media":0,"parent":10,"menu_order":0,"comment_status":"open","ping_status":"closed","template":"custom-page.php","meta":{"_acf_changed":false,"jetpack_post_was_ever_published":false,"footnotes":""},"acf":[],"jetpack_sharing_enabled":true,"jetpack_shortlink":"https:\/\/wp.me\/P64Oaw-6d","_links":{"self":[{"href":"https:\/\/wpd.ugr.es\/~icufop\/wp-json\/wp\/v2\/pages\/385"}],"collection":[{"href":"https:\/\/wpd.ugr.es\/~icufop\/wp-json\/wp\/v2\/pages"}],"about":[{"href":"https:\/\/wpd.ugr.es\/~icufop\/wp-json\/wp\/v2\/types\/page"}],"author":[{"embeddable":true,"href":"https:\/\/wpd.ugr.es\/~icufop\/wp-json\/wp\/v2\/users\/1"}],"replies":[{"embeddable":true,"href":"https:\/\/wpd.ugr.es\/~icufop\/wp-json\/wp\/v2\/comments?post=385"}],"version-history":[{"count":1,"href":"https:\/\/wpd.ugr.es\/~icufop\/wp-json\/wp\/v2\/pages\/385\/revisions"}],"predecessor-version":[{"id":386,"href":"https:\/\/wpd.ugr.es\/~icufop\/wp-json\/wp\/v2\/pages\/385\/revisions\/386"}],"up":[{"embeddable":true,"href":"https:\/\/wpd.ugr.es\/~icufop\/wp-json\/wp\/v2\/pages\/10"}],"wp:attachment":[{"href":"https:\/\/wpd.ugr.es\/~icufop\/wp-json\/wp\/v2\/media?parent=385"}],"curies":[{"name":"wp","href":"https:\/\/api.w.org\/{rel}","templated":true}]}}