{"id":10523,"date":"2023-07-25T13:16:33","date_gmt":"2023-07-25T11:16:33","guid":{"rendered":"https:\/\/wpd.ugr.es\/~imag\/?page_id=10523"},"modified":"2023-07-27T11:43:19","modified_gmt":"2023-07-27T09:43:19","slug":"100xciencia-abierto","status":"publish","type":"page","link":"https:\/\/wpd.ugr.es\/~imag\/100xciencia-abierto\/","title":{"rendered":"100xCiencia abierto"},"content":{"rendered":"<p>El pr\u00f3ximo <strong>24 de Octubre<\/strong> tendr\u00e1 lugar en nuestra ciudad la s\u00e9ptima edici\u00f3n del <strong>&#8216;100xCiencia&#8217;<\/strong>, encuentro anual de la alianza SOMMa que re\u00fane a la comunidad cient\u00edfica de los <strong>Centros de Excelencia Severo Ochoa y Unidades de Excelencia Mar\u00eda de Maeztu<\/strong>, que en esta edici\u00f3n acoger\u00e1 a representantes de las 65 entidades que actualmente forman parte de la alianza. <\/p>\n<p>El evento bajo el t\u00edtulo <strong>&#8220;Siete preguntas que cambiar\u00e1n el mundo (El estado del Arte de la Ciencia del Futuro)&#8221;<\/strong>, trata de imaginar qu\u00e9 nos deparar\u00e1 la ciencia dentro de diez, veinte, cincuenta a\u00f1os: &#8216;\u00bfQu\u00e9 retos tendr\u00e1 que asumir?&#8217; &#8216;\u00bfQu\u00e9 capacidades alcanzaremos?&#8217;<br \/>\nSurgir\u00e1n nuevas tecnolog\u00edas disruptivas, cambiar\u00e1n paradigmas, caer\u00e1n fundamentos aparentemente inamovibles, se har\u00e1n descubrimientos inesperados, se materializar\u00e1n escenas que pens\u00e1bamos que solo pod\u00edan ser ficci\u00f3n&#8230; o quiz\u00e1s, no suceda nada. Si algo nos ha demostrado la historia de la ciencia y el desarrollo tecnol\u00f3gico es que es imposible vaticinar nada. Lo \u00fanico claro es que el horizonte se presenta con un halo de incertidumbre, en el que la ciencia y la tecnolog\u00eda van a ser los protagonistas. <\/p>\n<p><a href=\"https:\/\/wpd.ugr.es\/~imag\/cms\/wp-content\/uploads\/100x.jpg\"><img loading=\"lazy\" decoding=\"async\" src=\"https:\/\/wpd.ugr.es\/~imag\/cms\/wp-content\/uploads\/100x.jpg\" alt=\"\" width=\"1260\" height=\"917\" class=\"aligncenter size-full wp-image-10526\" srcset=\"https:\/\/wpd.ugr.es\/~imag\/cms\/wp-content\/uploads\/100x.jpg 1260w, https:\/\/wpd.ugr.es\/~imag\/cms\/wp-content\/uploads\/100x-300x218.jpg 300w, https:\/\/wpd.ugr.es\/~imag\/cms\/wp-content\/uploads\/100x-1024x745.jpg 1024w, https:\/\/wpd.ugr.es\/~imag\/cms\/wp-content\/uploads\/100x-768x559.jpg 768w, https:\/\/wpd.ugr.es\/~imag\/cms\/wp-content\/uploads\/100x-465x338.jpg 465w, https:\/\/wpd.ugr.es\/~imag\/cms\/wp-content\/uploads\/100x-687x500.jpg 687w\" sizes=\"(max-width: 1260px) 100vw, 1260px\" \/><\/a><\/p>\n<p>Por ello, ocho voces expertas hablar\u00e1n en el presente de la ciencia del futuro. Intentar\u00e1n responder siete preguntas clave que marcar\u00e1n el camino de lo que est\u00e1 por venir, del futuro que nos espera. Todo ello envuelto por una esfera musical que emerge desde el pasado m\u00e1s tradicional y cl\u00e1sico hasta el presente. Una fusi\u00f3n entre el arte de siempre, la ciencia y la tecnolog\u00eda del futuro. <\/p>\n<p>El evento, que se articula en <strong>tres bloques cient\u00edficos<\/strong>, se ir\u00e1 sumergiendo en las siete preguntas clave dando inicio con una <strong>mesa redonda sobre la futura habitabilidad del planeta<\/strong>, continuar\u00e1 con una <strong>entrevista a tres sobre tecnolog\u00eda y sociedad que llevar\u00e1 a cabo la periodista Susana Escudero<\/strong>, y concluir\u00e1 con una <strong>charla a d\u00fao sobre la energ\u00eda del futuro.<\/strong> <\/p>\n<p><strong>Las siete preguntas que ponen t\u00edtulo a este evento cient\u00edfico son:<\/strong><\/p>\n<ul>\n<li>Pregunta 1: \u00bfC\u00f3mo de habitable ser\u00e1 la Tierra? (cambio global)<\/li>\n<li>Pregunta 2: \u00bfCu\u00e1nto tiempo viviremos? (salud y envejecimiento)<\/li>\n<li>Pregunta 3: \u00bfC\u00f3mo alimentaremos a 10000 millones de personas?<\/li>\n<li>Pregunta 4: \u00bfQu\u00e9 tecnolog\u00edas marcar\u00e1n nuestra sociedad del futuro?<\/li>\n<li>Pregunta 5: \u00bfC\u00f3mo evolucionar\u00e1 nuestra sociedad?<\/li>\n<li>Pregunta 6: \u00bfCu\u00e1les ser\u00e1n las fuentes de energ\u00eda?<\/li>\n<li>Pregunta 7: \u00bfQu\u00e9 nos deparar\u00e1 el Cosmos?<\/li>\n<\/ul>\n<p><strong>Se dar\u00e1n cita expertos como:<\/strong> <\/p>\n<p>Antonio Turiel (Instituto de Ciencias del Mar), Mar\u00eda Luisa Cayuela (Instituto Murciano de Investigaci\u00f3n Biosanitaria), Josep M\u00aa Casacuberta (Center for Research in Agricultural Genomics), Jos\u00e9 Antonio Carrillo de la Plata (Universidad de Oxford), Roc\u00edo Romero (Universidad de Granada), Txetxu Ausin (Centro de Ciencias Humanas y Sociales del CSIC), Mar\u00eda Luque (proyecto IFMIF-DONES), Luis Bellot (Instituto de Astrof\u00edsica de Andaluc\u00eda).<\/p>\n<p>Se trata de un evento<strong> abierto al p\u00fablico y gratuito<\/strong> hasta completar aforo, que se celebrar\u00e1 en el <strong>Parque de las Ciencias<\/strong> a partir de las <strong>19:00h.<\/strong> <\/p>\n<p>Para m\u00e1s informaci\u00f3n se puede consultar el siguiente enlace: <a href=\"https:\/\/www.granadacongresos.com\/100xciencia7\" rel=\"noopener\" target=\"_blank\">https:\/\/www.granadacongresos.com\/100xciencia7<\/a><\/p>\n<p><p><strong><em>El evento 100xCiencia.7 est\u00e1 organizado por el Instituto de Astrof\u00edsica de Andaluc\u00eda (IAA-CSIC) y por el Instituto de Matem\u00e1ticas de la Universidad de Granada (IMAG-UGR)<\/em>.<\/strong><\/p>\n<p>Parte de la financiaci\u00f3n de  este evento proviene de la Unidad de Excelencia Mar\u00eda de Maeztu-IMAG (proyecto CEX2020-001105-M, financiado por MCIN\/AEI\/10.13039\/501100011033).<\/p>\n<p><a href=\"https:\/\/wpd.ugr.es\/~imag\/cms\/wp-content\/uploads\/dibujo-3-1-e1690278443171.png\"><img loading=\"lazy\" decoding=\"async\" src=\"https:\/\/wpd.ugr.es\/~imag\/cms\/wp-content\/uploads\/dibujo-3-1-e1690278443171-1024x138.png\" alt=\"\" width=\"1024\" height=\"138\" class=\"alignnone size-large wp-image-10507\" srcset=\"https:\/\/wpd.ugr.es\/~imag\/cms\/wp-content\/uploads\/dibujo-3-1-e1690278443171-1024x138.png 1024w, https:\/\/wpd.ugr.es\/~imag\/cms\/wp-content\/uploads\/dibujo-3-1-e1690278443171-300x40.png 300w, https:\/\/wpd.ugr.es\/~imag\/cms\/wp-content\/uploads\/dibujo-3-1-e1690278443171-768x104.png 768w, https:\/\/wpd.ugr.es\/~imag\/cms\/wp-content\/uploads\/dibujo-3-1-e1690278443171-465x63.png 465w, https:\/\/wpd.ugr.es\/~imag\/cms\/wp-content\/uploads\/dibujo-3-1-e1690278443171-695x94.png 695w, https:\/\/wpd.ugr.es\/~imag\/cms\/wp-content\/uploads\/dibujo-3-1-e1690278443171.png 1052w\" sizes=\"(max-width: 1024px) 100vw, 1024px\" \/><\/a><a href=\"https:\/\/wpd.ugr.es\/~imag\/cms\/wp-content\/uploads\/iaa.png\"><img loading=\"lazy\" decoding=\"async\" src=\"https:\/\/wpd.ugr.es\/~imag\/cms\/wp-content\/uploads\/iaa.png\" alt=\"\" width=\"606\" height=\"158\" class=\"alignnone size-full wp-image-10508\" srcset=\"https:\/\/wpd.ugr.es\/~imag\/cms\/wp-content\/uploads\/iaa.png 606w, https:\/\/wpd.ugr.es\/~imag\/cms\/wp-content\/uploads\/iaa-300x78.png 300w, https:\/\/wpd.ugr.es\/~imag\/cms\/wp-content\/uploads\/iaa-465x121.png 465w\" sizes=\"(max-width: 606px) 100vw, 606px\" \/><\/a><a href=\"https:\/\/wpd.ugr.es\/~imag\/cms\/wp-content\/uploads\/severoochoa.jpg\"><img loading=\"lazy\" decoding=\"async\" src=\"https:\/\/wpd.ugr.es\/~imag\/cms\/wp-content\/uploads\/severoochoa-300x129.jpg\" alt=\"\" width=\"300\" height=\"129\" class=\"alignnone size-medium wp-image-10509\" srcset=\"https:\/\/wpd.ugr.es\/~imag\/cms\/wp-content\/uploads\/severoochoa-300x129.jpg 300w, https:\/\/wpd.ugr.es\/~imag\/cms\/wp-content\/uploads\/severoochoa.jpg 413w\" sizes=\"(max-width: 300px) 100vw, 300px\" \/><\/a><a href=\"https:\/\/wpd.ugr.es\/~imag\/cms\/wp-content\/uploads\/fundacion-general.png\"><img loading=\"lazy\" decoding=\"async\" src=\"https:\/\/wpd.ugr.es\/~imag\/cms\/wp-content\/uploads\/fundacion-general-150x150.png\" alt=\"\" width=\"150\" height=\"150\" class=\"alignnone size-thumbnail wp-image-10510\" srcset=\"https:\/\/wpd.ugr.es\/~imag\/cms\/wp-content\/uploads\/fundacion-general-150x150.png 150w, https:\/\/wpd.ugr.es\/~imag\/cms\/wp-content\/uploads\/fundacion-general.png 225w\" sizes=\"(max-width: 150px) 100vw, 150px\" \/><\/a><a href=\"https:\/\/wpd.ugr.es\/~imag\/cms\/wp-content\/uploads\/SOMMa.png\"><img loading=\"lazy\" decoding=\"async\" src=\"https:\/\/wpd.ugr.es\/~imag\/cms\/wp-content\/uploads\/SOMMa-300x154.png\" alt=\"\" width=\"300\" height=\"154\" class=\"alignnone size-medium wp-image-10511\" srcset=\"https:\/\/wpd.ugr.es\/~imag\/cms\/wp-content\/uploads\/SOMMa-300x154.png 300w, https:\/\/wpd.ugr.es\/~imag\/cms\/wp-content\/uploads\/SOMMa.png 313w\" sizes=\"(max-width: 300px) 100vw, 300px\" \/><\/a><a href=\"https:\/\/wpd.ugr.es\/~imag\/cms\/wp-content\/uploads\/ministerio.png\"><img loading=\"lazy\" decoding=\"async\" src=\"https:\/\/wpd.ugr.es\/~imag\/cms\/wp-content\/uploads\/ministerio.png\" alt=\"\" width=\"550\" height=\"140\" class=\"alignnone size-full wp-image-10512\" srcset=\"https:\/\/wpd.ugr.es\/~imag\/cms\/wp-content\/uploads\/ministerio.png 550w, https:\/\/wpd.ugr.es\/~imag\/cms\/wp-content\/uploads\/ministerio-300x76.png 300w, https:\/\/wpd.ugr.es\/~imag\/cms\/wp-content\/uploads\/ministerio-465x118.png 465w\" sizes=\"(max-width: 550px) 100vw, 550px\" \/><\/a><\/p>\n","protected":false},"excerpt":{"rendered":"<p>El pr\u00f3ximo 24 de Octubre tendr\u00e1 lugar en nuestra ciudad la s\u00e9ptima edici\u00f3n del &#8216;100xCiencia&#8217;, encuentro anual de la alianza SOMMa que re\u00fane a la comunidad cient\u00edfica de los Centros de Excelencia Severo Ochoa y Unidades de Excelencia Mar\u00eda de Maeztu, que en esta edici\u00f3n acoger\u00e1 a representantes de las<span class=\"more-link\"><a href=\"https:\/\/wpd.ugr.es\/~imag\/100xciencia-abierto\/\">Continue Reading<\/a><\/span><\/p>\n","protected":false},"author":1,"featured_media":0,"parent":0,"menu_order":0,"comment_status":"closed","ping_status":"closed","template":"","meta":{"footnotes":""},"translation":{"provider":"WPGlobus","version":"3.0.0","language":"en","enabled_languages":["en"],"languages":{"en":{"title":true,"content":true,"excerpt":false}}},"_links":{"self":[{"href":"https:\/\/wpd.ugr.es\/~imag\/wp-json\/wp\/v2\/pages\/10523"}],"collection":[{"href":"https:\/\/wpd.ugr.es\/~imag\/wp-json\/wp\/v2\/pages"}],"about":[{"href":"https:\/\/wpd.ugr.es\/~imag\/wp-json\/wp\/v2\/types\/page"}],"author":[{"embeddable":true,"href":"https:\/\/wpd.ugr.es\/~imag\/wp-json\/wp\/v2\/users\/1"}],"replies":[{"embeddable":true,"href":"https:\/\/wpd.ugr.es\/~imag\/wp-json\/wp\/v2\/comments?post=10523"}],"version-history":[{"count":5,"href":"https:\/\/wpd.ugr.es\/~imag\/wp-json\/wp\/v2\/pages\/10523\/revisions"}],"predecessor-version":[{"id":10525,"href":"https:\/\/wpd.ugr.es\/~imag\/wp-json\/wp\/v2\/pages\/10523\/revisions\/10525"}],"wp:attachment":[{"href":"https:\/\/wpd.ugr.es\/~imag\/wp-json\/wp\/v2\/media?parent=10523"}],"curies":[{"name":"wp","href":"https:\/\/api.w.org\/{rel}","templated":true}]}}

<p>El próximo <strong>24 de Octubre</strong> tendrá lugar en nuestra ciudad la séptima edición del <strong>&#8216;100xCiencia&#8217;</strong>, encuentro anual de la alianza SOMMa que reúne a la comunidad científica de los <strong>Centros de Excelencia Severo Ochoa y Unidades de Excelencia María de Maeztu</strong>, que en esta edición acogerá a representantes de las 65 entidades que actualmente forman parte de la alianza. </p>
<p>El evento bajo el título <strong>&#8220;Siete preguntas que cambiarán el mundo (El estado del Arte de la Ciencia del Futuro)&#8221;</strong>, trata de imaginar qué nos deparará la ciencia dentro de diez, veinte, cincuenta años: &#8216;¿Qué retos tendrá que asumir?&#8217; &#8216;¿Qué capacidades alcanzaremos?&#8217;<br />
Surgirán nuevas tecnologías disruptivas, cambiarán paradigmas, caerán fundamentos aparentemente inamovibles, se harán descubrimientos inesperados, se materializarán escenas que pensábamos que solo podían ser ficción&#8230; o quizás, no suceda nada. Si algo nos ha demostrado la historia de la ciencia y el desarrollo tecnológico es que es imposible vaticinar nada. Lo único claro es que el horizonte se presenta con un halo de incertidumbre, en el que la ciencia y la tecnología van a ser los protagonistas. </p>
<p><a href="https://wpd.ugr.es/~imag/cms/wp-content/uploads/100x.jpg"><img loading="lazy" decoding="async" src="https://wpd.ugr.es/~imag/cms/wp-content/uploads/100x.jpg" alt="" width="1260" height="917" class="aligncenter size-full wp-image-10526" srcset="https://wpd.ugr.es/~imag/cms/wp-content/uploads/100x.jpg 1260w, https://wpd.ugr.es/~imag/cms/wp-content/uploads/100x-300x218.jpg 300w, https://wpd.ugr.es/~imag/cms/wp-content/uploads/100x-1024x745.jpg 1024w, https://wpd.ugr.es/~imag/cms/wp-content/uploads/100x-768x559.jpg 768w, https://wpd.ugr.es/~imag/cms/wp-content/uploads/100x-465x338.jpg 465w, https://wpd.ugr.es/~imag/cms/wp-content/uploads/100x-687x500.jpg 687w" sizes="(max-width: 1260px) 100vw, 1260px" /></a></p>
<p>Por ello, ocho voces expertas hablarán en el presente de la ciencia del futuro. Intentarán responder siete preguntas clave que marcarán el camino de lo que está por venir, del futuro que nos espera. Todo ello envuelto por una esfera musical que emerge desde el pasado más tradicional y clásico hasta el presente. Una fusión entre el arte de siempre, la ciencia y la tecnología del futuro. </p>
<p>El evento, que se articula en <strong>tres bloques científicos</strong>, se irá sumergiendo en las siete preguntas clave dando inicio con una <strong>mesa redonda sobre la futura habitabilidad del planeta</strong>, continuará con una <strong>entrevista a tres sobre tecnología y sociedad que llevará a cabo la periodista Susana Escudero</strong>, y concluirá con una <strong>charla a dúo sobre la energía del futuro.</strong> </p>
<p><strong>Las siete preguntas que ponen título a este evento científico son:</strong></p>
<ul>
<li>Pregunta 1: ¿Cómo de habitable será la Tierra? (cambio global)</li>
<li>Pregunta 2: ¿Cuánto tiempo viviremos? (salud y envejecimiento)</li>
<li>Pregunta 3: ¿Cómo alimentaremos a 10000 millones de personas?</li>
<li>Pregunta 4: ¿Qué tecnologías marcarán nuestra sociedad del futuro?</li>
<li>Pregunta 5: ¿Cómo evolucionará nuestra sociedad?</li>
<li>Pregunta 6: ¿Cuáles serán las fuentes de energía?</li>
<li>Pregunta 7: ¿Qué nos deparará el Cosmos?</li>
</ul>
<p><strong>Se darán cita expertos como:</strong> </p>
<p>Antonio Turiel (Instituto de Ciencias del Mar), María Luisa Cayuela (Instituto Murciano de Investigación Biosanitaria), Josep Mª Casacuberta (Center for Research in Agricultural Genomics), José Antonio Carrillo de la Plata (Universidad de Oxford), Rocío Romero (Universidad de Granada), Txetxu Ausin (Centro de Ciencias Humanas y Sociales del CSIC), María Luque (proyecto IFMIF-DONES), Luis Bellot (Instituto de Astrofísica de Andalucía).</p>
<p>Se trata de un evento<strong> abierto al público y gratuito</strong> hasta completar aforo, que se celebrará en el <strong>Parque de las Ciencias</strong> a partir de las <strong>19:00h.</strong> </p>
<p>Para más información se puede consultar el siguiente enlace: <a href="https://www.granadacongresos.com/100xciencia7" rel="noopener" target="_blank">https://www.granadacongresos.com/100xciencia7</a></p>
<p><p><strong><em>El evento 100xCiencia.7 está organizado por el Instituto de Astrofísica de Andalucía (IAA-CSIC) y por el Instituto de Matemáticas de la Universidad de Granada (IMAG-UGR)</em>.</strong></p>
<p>Parte de la financiación de  este evento proviene de la Unidad de Excelencia María de Maeztu-IMAG (proyecto CEX2020-001105-M, financiado por MCIN/AEI/10.13039/501100011033).</p>
<p><a href="https://wpd.ugr.es/~imag/cms/wp-content/uploads/dibujo-3-1-e1690278443171.png"><img loading="lazy" decoding="async" src="https://wpd.ugr.es/~imag/cms/wp-content/uploads/dibujo-3-1-e1690278443171-1024x138.png" alt="" width="1024" height="138" class="alignnone size-large wp-image-10507" srcset="https://wpd.ugr.es/~imag/cms/wp-content/uploads/dibujo-3-1-e1690278443171-1024x138.png 1024w, https://wpd.ugr.es/~imag/cms/wp-content/uploads/dibujo-3-1-e1690278443171-300x40.png 300w, https://wpd.ugr.es/~imag/cms/wp-content/uploads/dibujo-3-1-e1690278443171-768x104.png 768w, https://wpd.ugr.es/~imag/cms/wp-content/uploads/dibujo-3-1-e1690278443171-465x63.png 465w, https://wpd.ugr.es/~imag/cms/wp-content/uploads/dibujo-3-1-e1690278443171-695x94.png 695w, https://wpd.ugr.es/~imag/cms/wp-content/uploads/dibujo-3-1-e1690278443171.png 1052w" sizes="(max-width: 1024px) 100vw, 1024px" /></a><a href="https://wpd.ugr.es/~imag/cms/wp-content/uploads/iaa.png"><img loading="lazy" decoding="async" src="https://wpd.ugr.es/~imag/cms/wp-content/uploads/iaa.png" alt="" width="606" height="158" class="alignnone size-full wp-image-10508" srcset="https://wpd.ugr.es/~imag/cms/wp-content/uploads/iaa.png 606w, https://wpd.ugr.es/~imag/cms/wp-content/uploads/iaa-300x78.png 300w, https://wpd.ugr.es/~imag/cms/wp-content/uploads/iaa-465x121.png 465w" sizes="(max-width: 606px) 100vw, 606px" /></a><a href="https://wpd.ugr.es/~imag/cms/wp-content/uploads/severoochoa.jpg"><img loading="lazy" decoding="async" src="https://wpd.ugr.es/~imag/cms/wp-content/uploads/severoochoa-300x129.jpg" alt="" width="300" height="129" class="alignnone size-medium wp-image-10509" srcset="https://wpd.ugr.es/~imag/cms/wp-content/uploads/severoochoa-300x129.jpg 300w, https://wpd.ugr.es/~imag/cms/wp-content/uploads/severoochoa.jpg 413w" sizes="(max-width: 300px) 100vw, 300px" /></a><a href="https://wpd.ugr.es/~imag/cms/wp-content/uploads/fundacion-general.png"><img loading="lazy" decoding="async" src="https://wpd.ugr.es/~imag/cms/wp-content/uploads/fundacion-general-150x150.png" alt="" width="150" height="150" class="alignnone size-thumbnail wp-image-10510" srcset="https://wpd.ugr.es/~imag/cms/wp-content/uploads/fundacion-general-150x150.png 150w, https://wpd.ugr.es/~imag/cms/wp-content/uploads/fundacion-general.png 225w" sizes="(max-width: 150px) 100vw, 150px" /></a><a href="https://wpd.ugr.es/~imag/cms/wp-content/uploads/SOMMa.png"><img loading="lazy" decoding="async" src="https://wpd.ugr.es/~imag/cms/wp-content/uploads/SOMMa-300x154.png" alt="" width="300" height="154" class="alignnone size-medium wp-image-10511" srcset="https://wpd.ugr.es/~imag/cms/wp-content/uploads/SOMMa-300x154.png 300w, https://wpd.ugr.es/~imag/cms/wp-content/uploads/SOMMa.png 313w" sizes="(max-width: 300px) 100vw, 300px" /></a><a href="https://wpd.ugr.es/~imag/cms/wp-content/uploads/ministerio.png"><img loading="lazy" decoding="async" src="https://wpd.ugr.es/~imag/cms/wp-content/uploads/ministerio.png" alt="" width="550" height="140" class="alignnone size-full wp-image-10512" srcset="https://wpd.ugr.es/~imag/cms/wp-content/uploads/ministerio.png 550w, https://wpd.ugr.es/~imag/cms/wp-content/uploads/ministerio-300x76.png 300w, https://wpd.ugr.es/~imag/cms/wp-content/uploads/ministerio-465x118.png 465w" sizes="(max-width: 550px) 100vw, 550px" /></a></p>

<p>El próximo 24 de Octubre tendrá lugar en nuestra ciudad la séptima edición del &#8216;100xCiencia&#8217;, encuentro anual de la alianza SOMMa que reúne a la comunidad científica de los Centros de Excelencia Severo Ochoa y Unidades de Excelencia María de Maeztu, que en esta edición acogerá a representantes de las<span class="more-link"><a href="https://wpd.ugr.es/~imag/100xciencia-abierto/">Continue Reading</a></span></p>
