{"id":13094,"date":"2025-07-07T11:56:57","date_gmt":"2025-07-07T09:56:57","guid":{"rendered":"https:\/\/wpd.ugr.es\/~imag\/?page_id=13094"},"modified":"2025-07-07T12:07:45","modified_gmt":"2025-07-07T10:07:45","slug":"visita-de-antonio-posadas-secretario-general-de-investigacion-e-innovacion-de-la-junta-de-andalucia","status":"publish","type":"page","link":"https:\/\/wpd.ugr.es\/~imag\/visita-de-antonio-posadas-secretario-general-de-investigacion-e-innovacion-de-la-junta-de-andalucia\/","title":{"rendered":"Visita de Antonio Posadas, secretario general de Investigaci\u00f3n e Innovaci\u00f3n de la Junta de Andaluc\u00eda"},"content":{"rendered":"<p>El pasado d\u00eda 3 de julio nos visit\u00f3 Antonio Posadas Chinchilla, secretario general de Investigaci\u00f3n e Innovaci\u00f3n de la Junta de Andaluc\u00eda, acompa\u00f1ado por la delegada territorial de Desarrollo Educativo y Formaci\u00f3n Profesional y de Universidad, Investigaci\u00f3n e Innovaci\u00f3n en Granada, Mar\u00eda Jos\u00e9 Mart\u00edn, y la secretaria\u00a0general provincial de la\u00a0Consejer\u00eda de Universidad, Investigaci\u00f3n e Innovaci\u00f3n,\u00a0Roc\u00edo Linares.<\/p>\n<p>Durante la visita, Antonio Posadas se reuni\u00f3 con el equipo directivo del IMAG e inform\u00f3 que la Junta de Andaluc\u00eda publicar\u00e1\u00a0en las pr\u00f3ximas semanas\u00a0la primera convocatoria de las ayudas por valor de 27 millones de euros para financiar la acreditaci\u00f3n y la actividad de las unidades de excelencia. Igualmente, destac\u00f3 que se contempla unas ayudas puente en torno a 400.000 euros para el IMAG y el CABD, los cuales han solicitado la renovaci\u00f3n de la acreditaci\u00f3n \u2018Mar\u00eda de Maeztu\u2019 que lograron en 2020.<\/p>\n<p>Durante la visita, el equipo directivo del IMAG inform\u00f3 a nuestros visitantes de las actividades que se vienen realizando en el Instituto, poniendo de relieve la importancia del IMAG a nivel nacional e internacional. Adem\u00e1s, pudieron visitar nuestras instalaciones y saludar a los miembros del IMAG e invitados que ese d\u00eda estaban trabajabando all\u00ed.<\/p>\n<p>M\u00e1s informaci\u00f3n:<\/p>\n<p><a href=\"https:\/\/www.juntadeandalucia.es\/organismos\/universidadinvestigacioneinnovacion\/servicios\/actualidad\/noticias\/detalle\/596641.html\">https:\/\/www.juntadeandalucia.es\/organismos\/universidadinvestigacioneinnovacion\/servicios\/actualidad\/noticias\/detalle\/596641.html<\/a><\/p>\n<p>Fotos del encuentro:<br \/>\n<a href=\"https:\/\/wpd.ugr.es\/~imag\/cms\/wp-content\/uploads\/20250704-Visita-IMAG_original-scaled.jpeg\"><img loading=\"lazy\" decoding=\"async\" src=\"https:\/\/wpd.ugr.es\/~imag\/cms\/wp-content\/uploads\/20250704-Visita-IMAG_original-1024x704.jpeg\" alt=\"\" width=\"1024\" height=\"704\" class=\"aligncenter size-large wp-image-13099\" srcset=\"https:\/\/wpd.ugr.es\/~imag\/cms\/wp-content\/uploads\/20250704-Visita-IMAG_original-1024x704.jpeg 1024w, https:\/\/wpd.ugr.es\/~imag\/cms\/wp-content\/uploads\/20250704-Visita-IMAG_original-300x206.jpeg 300w, https:\/\/wpd.ugr.es\/~imag\/cms\/wp-content\/uploads\/20250704-Visita-IMAG_original-768x528.jpeg 768w, https:\/\/wpd.ugr.es\/~imag\/cms\/wp-content\/uploads\/20250704-Visita-IMAG_original-1536x1056.jpeg 1536w, https:\/\/wpd.ugr.es\/~imag\/cms\/wp-content\/uploads\/20250704-Visita-IMAG_original-2048x1408.jpeg 2048w, https:\/\/wpd.ugr.es\/~imag\/cms\/wp-content\/uploads\/20250704-Visita-IMAG_original-465x320.jpeg 465w, https:\/\/wpd.ugr.es\/~imag\/cms\/wp-content\/uploads\/20250704-Visita-IMAG_original-695x478.jpeg 695w\" sizes=\"(max-width: 1024px) 100vw, 1024px\" \/><\/a><\/p>\n<p><a href=\"https:\/\/wpd.ugr.es\/~imag\/cms\/wp-content\/uploads\/Foto1.jpg\"><img loading=\"lazy\" decoding=\"async\" src=\"https:\/\/wpd.ugr.es\/~imag\/cms\/wp-content\/uploads\/Foto1-1024x576.jpg\" alt=\"\" width=\"1024\" height=\"576\" class=\"aligncenter size-large wp-image-13100\" srcset=\"https:\/\/wpd.ugr.es\/~imag\/cms\/wp-content\/uploads\/Foto1-1024x576.jpg 1024w, https:\/\/wpd.ugr.es\/~imag\/cms\/wp-content\/uploads\/Foto1-300x169.jpg 300w, https:\/\/wpd.ugr.es\/~imag\/cms\/wp-content\/uploads\/Foto1-768x432.jpg 768w, https:\/\/wpd.ugr.es\/~imag\/cms\/wp-content\/uploads\/Foto1-465x261.jpg 465w, https:\/\/wpd.ugr.es\/~imag\/cms\/wp-content\/uploads\/Foto1-695x391.jpg 695w, https:\/\/wpd.ugr.es\/~imag\/cms\/wp-content\/uploads\/Foto1.jpg 1350w\" sizes=\"(max-width: 1024px) 100vw, 1024px\" \/><\/a><\/p>\n<p><a href=\"https:\/\/wpd.ugr.es\/~imag\/cms\/wp-content\/uploads\/Foto2.jpg\"><img loading=\"lazy\" decoding=\"async\" src=\"https:\/\/wpd.ugr.es\/~imag\/cms\/wp-content\/uploads\/Foto2-1024x576.jpg\" alt=\"\" width=\"1024\" height=\"576\" class=\"aligncenter size-large wp-image-13101\" srcset=\"https:\/\/wpd.ugr.es\/~imag\/cms\/wp-content\/uploads\/Foto2-1024x576.jpg 1024w, https:\/\/wpd.ugr.es\/~imag\/cms\/wp-content\/uploads\/Foto2-300x169.jpg 300w, https:\/\/wpd.ugr.es\/~imag\/cms\/wp-content\/uploads\/Foto2-768x432.jpg 768w, https:\/\/wpd.ugr.es\/~imag\/cms\/wp-content\/uploads\/Foto2-465x261.jpg 465w, https:\/\/wpd.ugr.es\/~imag\/cms\/wp-content\/uploads\/Foto2-695x391.jpg 695w, https:\/\/wpd.ugr.es\/~imag\/cms\/wp-content\/uploads\/Foto2.jpg 1350w\" sizes=\"(max-width: 1024px) 100vw, 1024px\" \/><\/a><\/p>\n<p><a href=\"https:\/\/wpd.ugr.es\/~imag\/cms\/wp-content\/uploads\/Foto3.jpg\"><img loading=\"lazy\" decoding=\"async\" src=\"https:\/\/wpd.ugr.es\/~imag\/cms\/wp-content\/uploads\/Foto3-1024x576.jpg\" alt=\"\" width=\"1024\" height=\"576\" class=\"aligncenter size-large wp-image-13103\" srcset=\"https:\/\/wpd.ugr.es\/~imag\/cms\/wp-content\/uploads\/Foto3-1024x576.jpg 1024w, https:\/\/wpd.ugr.es\/~imag\/cms\/wp-content\/uploads\/Foto3-300x169.jpg 300w, https:\/\/wpd.ugr.es\/~imag\/cms\/wp-content\/uploads\/Foto3-768x432.jpg 768w, https:\/\/wpd.ugr.es\/~imag\/cms\/wp-content\/uploads\/Foto3-465x261.jpg 465w, https:\/\/wpd.ugr.es\/~imag\/cms\/wp-content\/uploads\/Foto3-695x391.jpg 695w, https:\/\/wpd.ugr.es\/~imag\/cms\/wp-content\/uploads\/Foto3.jpg 1350w\" sizes=\"(max-width: 1024px) 100vw, 1024px\" \/><\/a><\/p>\n<p><a href=\"https:\/\/wpd.ugr.es\/~imag\/cms\/wp-content\/uploads\/Foto4.jpg\"><img loading=\"lazy\" decoding=\"async\" src=\"https:\/\/wpd.ugr.es\/~imag\/cms\/wp-content\/uploads\/Foto4-1024x576.jpg\" alt=\"\" width=\"1024\" height=\"576\" class=\"aligncenter size-large wp-image-13104\" srcset=\"https:\/\/wpd.ugr.es\/~imag\/cms\/wp-content\/uploads\/Foto4-1024x576.jpg 1024w, https:\/\/wpd.ugr.es\/~imag\/cms\/wp-content\/uploads\/Foto4-300x169.jpg 300w, https:\/\/wpd.ugr.es\/~imag\/cms\/wp-content\/uploads\/Foto4-768x432.jpg 768w, https:\/\/wpd.ugr.es\/~imag\/cms\/wp-content\/uploads\/Foto4-465x261.jpg 465w, https:\/\/wpd.ugr.es\/~imag\/cms\/wp-content\/uploads\/Foto4-695x391.jpg 695w, https:\/\/wpd.ugr.es\/~imag\/cms\/wp-content\/uploads\/Foto4.jpg 1350w\" sizes=\"(max-width: 1024px) 100vw, 1024px\" \/><\/a><\/p>\n<p><a href=\"https:\/\/wpd.ugr.es\/~imag\/cms\/wp-content\/uploads\/Foto5.jpg\"><img loading=\"lazy\" decoding=\"async\" src=\"https:\/\/wpd.ugr.es\/~imag\/cms\/wp-content\/uploads\/Foto5-1024x576.jpg\" alt=\"\" width=\"1024\" height=\"576\" class=\"aligncenter size-large wp-image-13105\" srcset=\"https:\/\/wpd.ugr.es\/~imag\/cms\/wp-content\/uploads\/Foto5-1024x576.jpg 1024w, https:\/\/wpd.ugr.es\/~imag\/cms\/wp-content\/uploads\/Foto5-300x169.jpg 300w, https:\/\/wpd.ugr.es\/~imag\/cms\/wp-content\/uploads\/Foto5-768x432.jpg 768w, https:\/\/wpd.ugr.es\/~imag\/cms\/wp-content\/uploads\/Foto5-465x261.jpg 465w, https:\/\/wpd.ugr.es\/~imag\/cms\/wp-content\/uploads\/Foto5-695x391.jpg 695w, https:\/\/wpd.ugr.es\/~imag\/cms\/wp-content\/uploads\/Foto5.jpg 1350w\" sizes=\"(max-width: 1024px) 100vw, 1024px\" \/><\/a><\/p>\n","protected":false},"excerpt":{"rendered":"<p>El pasado d\u00eda 3 de julio nos visit\u00f3 Antonio Posadas Chinchilla, secretario general de Investigaci\u00f3n e Innovaci\u00f3n de la Junta de Andaluc\u00eda, acompa\u00f1ado por la delegada territorial de Desarrollo Educativo y Formaci\u00f3n Profesional y de Universidad, Investigaci\u00f3n e Innovaci\u00f3n en Granada, Mar\u00eda Jos\u00e9 Mart\u00edn, y la secretaria\u00a0general provincial de la\u00a0Consejer\u00eda<span class=\"more-link\"><a href=\"https:\/\/wpd.ugr.es\/~imag\/visita-de-antonio-posadas-secretario-general-de-investigacion-e-innovacion-de-la-junta-de-andalucia\/\">Continue Reading<\/a><\/span><\/p>\n","protected":false},"author":1,"featured_media":13092,"parent":0,"menu_order":0,"comment_status":"closed","ping_status":"closed","template":"","meta":{"footnotes":""},"translation":{"provider":"WPGlobus","version":"3.0.0","language":"en","enabled_languages":["en"],"languages":{"en":{"title":true,"content":true,"excerpt":false}}},"_links":{"self":[{"href":"https:\/\/wpd.ugr.es\/~imag\/wp-json\/wp\/v2\/pages\/13094"}],"collection":[{"href":"https:\/\/wpd.ugr.es\/~imag\/wp-json\/wp\/v2\/pages"}],"about":[{"href":"https:\/\/wpd.ugr.es\/~imag\/wp-json\/wp\/v2\/types\/page"}],"author":[{"embeddable":true,"href":"https:\/\/wpd.ugr.es\/~imag\/wp-json\/wp\/v2\/users\/1"}],"replies":[{"embeddable":true,"href":"https:\/\/wpd.ugr.es\/~imag\/wp-json\/wp\/v2\/comments?post=13094"}],"version-history":[{"count":5,"href":"https:\/\/wpd.ugr.es\/~imag\/wp-json\/wp\/v2\/pages\/13094\/revisions"}],"predecessor-version":[{"id":13096,"href":"https:\/\/wpd.ugr.es\/~imag\/wp-json\/wp\/v2\/pages\/13094\/revisions\/13096"}],"wp:featuredmedia":[{"embeddable":true,"href":"https:\/\/wpd.ugr.es\/~imag\/wp-json\/wp\/v2\/media\/13092"}],"wp:attachment":[{"href":"https:\/\/wpd.ugr.es\/~imag\/wp-json\/wp\/v2\/media?parent=13094"}],"curies":[{"name":"wp","href":"https:\/\/api.w.org\/{rel}","templated":true}]}}