{"id":1667,"date":"2015-12-18T12:53:13","date_gmt":"2015-12-18T12:53:13","guid":{"rendered":"http:\/\/iemath.ugr.es\/?page_id=1667"},"modified":"2020-11-19T22:08:18","modified_gmt":"2020-11-19T21:08:18","slug":"charlas-abiertas-de-matematicas","status":"publish","type":"page","link":"https:\/\/wpd.ugr.es\/~imag\/charlas-abiertas-de-matematicas\/","title":{"rendered":"Charlas abiertas de Matem\u00e1ticas"},"content":{"rendered":"<p>Las conferencias dentro del ciclo de Charlas Abiertas de Matem\u00e1ticas est\u00e1n orientadas a especialistas en cualquier \u00e1rea de las matem\u00e1ticas, y esperamos que sean tambi\u00e9n accesibles a estudiantes. Esta serie de charlas se organiza dentro del Coloquio &#8220;Jos\u00e9 Mendoza R\u00edos&#8221; en colaboraci\u00f3n con el Instituto de Matem\u00e1ticas de la Universidad de Sevilla (IMUS). En esta p\u00e1gina incluimos las charlas que tienen lugar en el <a href=\"http:\/\/wpd.ugr.es\/~imag\/\">Instituto de Matem\u00e1ticas de la Universidad de Granada<\/a> y las que se celebran en el <a href=\"https:\/\/www.imus.us.es\/\">IMUS-Sevilla<\/a>.<\/p>\n<p><a href=\"http:\/\/www.imus.us.es\/es\/actividades\/Coloquio\">Enlace a la p\u00e1gina del ciclo en IMUS-Sevilla<\/a><\/p>\n<h2><b>Conferencias previas:<\/b><\/h2>\n<p><b>15\/06\/2020.<\/b> Perteneciente al Ciclo de Coloquios Matem\u00e1ticos JOS\u00c9 MENDOZA R\u00cdOS<br \/>\n<b>Conferenciante:<\/b> Barbara Niethammer<br \/>\n<b>T\u00edtulo:<\/b> <em> The classical coagulation equation: gelation, self-similarity and oscillations<\/em><br \/>\n<b>ONLINE:<\/b> <a href=\"https:\/\/ugr.zoom.us\/my\/mastermat1\">https:\/\/ugr.zoom.us\/my\/mastermat1<\/a> (password 8L4ruu)<br \/>\nM\u00e1s informaci\u00f3n sobre la conferencia <a href=\"http:\/\/wpd.ugr.es\/~imag\/events\/event\/6830\/\"> aqu\u00ed<\/a>.<\/p>\n<p><b>29\/01\/2020.<\/b> Perteneciente al Ciclo de Coloquios Matem\u00e1ticos JOS\u00c9 MENDOZA R\u00cdOS<br \/>\n<b>Conferenciante:<\/b> Antonio Viruel <br \/>\n<b>T\u00edtulo:<\/b> <em> \u00bfQu\u00e9 es un grupo? \u00bfCu\u00e1ndo un grupo abstracto es realmente un grupo de simetr\u00edas?<\/em><br \/>\n<b>Lugar:<\/b> <a href=\"https:\/\/www.imus.us.es\/\">IMUS &#8211; Sevilla<\/a><br \/>\nM\u00e1s informaci\u00f3n sobre la conferencia <a href=\"https:\/\/www.imus.us.es\/es\/actividad\/2404\"> aqu\u00ed<\/a>.<\/p>\n<p><b>20\/11\/2019.<\/b> Perteneciente al Ciclo de Coloquios Matem\u00e1ticos JOS\u00c9 MENDOZA R\u00cdOS<br \/>\n<b>Conferenciante:<\/b> Teresa P\u00e9rez <br \/>\n<b>T\u00edtulo:<\/b> <em> De Hermite a Zernike. Polinomios ortogonales bivariados sobre el disco unidad.<\/em><br \/>\n<b>Lugar:<\/b> <a href=\"https:\/\/www.imus.us.es\/\">IMUS &#8211; Sevilla<\/a><br \/>\nM\u00e1s informaci\u00f3n sobre la conferencia <a href=\"https:\/\/www.imus.us.es\/es\/actividad\/2360\"> aqu\u00ed<\/a>.<\/p>\n<p><b>24\/04\/2019.<\/b> Perteneciente al Ciclo de Coloquios Matem\u00e1ticos JOS\u00c9 MENDOZA R\u00cdOS<br \/>\n<b>Conferenciante:<\/b> Antonio Alarc\u00f3n <br \/>\n<b>T\u00edtulo:<\/b> <em> El problema de Yang sobre subvariedades complejas.<\/em><br \/>\n<b>Lugar:<\/b> <a href=\"https:\/\/www.imus.us.es\/\">IMUS &#8211; Sevilla<\/a><br \/>\nM\u00e1s informaci\u00f3n sobre la conferencia <a href=\"https:\/\/www.imus.us.es\/es\/actividad\/2189\"> aqu\u00ed<\/a>.<\/p>\n<p><b>23\/01\/2019.<\/b> Perteneciente al Ciclo de Coloquios Matem\u00e1ticos JOS\u00c9 MENDOZA R\u00cdOS<br \/>\n<b>Conferenciante:<\/b> Joaqu\u00edn Ortega <br \/>\n<b>T\u00edtulo:<\/b> <em> Cuadraturas de Chebyshev en variedades algebraicas.<\/em><br \/>\n<b>Lugar:<\/b> <a href=\"https:\/\/www.imus.us.es\/\">IMUS &#8211; Sevilla<\/a><br \/>\nM\u00e1s informaci\u00f3n sobre la conferencia <a href=\"https:\/\/www.imus.us.es\/es\/actividad\/2225\"> aqu\u00ed<\/a>.<\/p>\n<p><b>18\/01\/2019.<\/b> Perteneciente al Ciclo de Coloquios Matem\u00e1ticos JOS\u00c9 MENDOZA R\u00cdOS<br \/>\n<b>Conferenciante:<\/b> Laurent Hauswirth<br \/>\n<b>T\u00edtulo:<\/b> <em> Geometr\u00eda en arquitectura<\/em><br \/>\n<b>Lugar:<\/b> <a href=\"http:\/\/wpd.ugr.es\/~imag\/\">Instituto de Matem\u00e1ticas de la Universidad de Granada<\/a><br \/>\nM\u00e1s informaci\u00f3n sobre la conferencia <a href=\"https:\/\/wpd.ugr.es\/~iemath\/events\/event\/charlas-abiertas-de-matematicas-coloquio-jose-mendoza-rios\/\"> aqu\u00ed<\/a>.<\/p>\n<p><b>28\/11\/2018.<\/b> Perteneciente al Ciclo de Coloquios Matem\u00e1ticos JOS\u00c9 MENDOZA R\u00cdOS<br \/>\n<b>Conferenciante:<\/b> Pablo Pedregal <br \/>\n<b>T\u00edtulo:<\/b> <em> M\u00e9todos variacionales y sistemas din\u00e1micos. El problema 16 de Hilbert.<\/em><br \/>\n<b>Lugar:<\/b> <a href=\"https:\/\/www.imus.us.es\/\">IMUS &#8211; Sevilla<\/a><br \/>\nM\u00e1s informaci\u00f3n sobre la conferencia <a href=\"https:\/\/www.imus.us.es\/es\/actividad\/2178\"> aqu\u00ed<\/a>.<\/p>\n<p><b>19\/10\/2018.<\/b> Perteneciente al Ciclo de Coloquios Matem\u00e1ticos JOS\u00c9 MENDOZA R\u00cdOS<br \/>\n<b>Conferenciante:<\/b> Nassif Ghoussoub<br \/>\n<b>T\u00edtulo:<\/b> <em> A Theory of Mass Transfers and its ramifications<\/em><br \/>\n<b>Lugar:<\/b> <a href=\"http:\/\/wpd.ugr.es\/~imag\/\">Instituto de Matem\u00e1ticas de la UGR<\/a><br \/>\nM\u00e1s informaci\u00f3n sobre la conferencia <a href=\"https:\/\/wpd.ugr.es\/~iemath\/events\/event\/ciclo-jose-mendoza-de-los-rios-nassif-ghoussoub\/\"> aqu\u00ed<\/a>.<\/p>\n<p><b>06\/06\/2018.<\/b> Perteneciente al Ciclo de Coloquios Matem\u00e1ticos JOS\u00c9 MENDOZA R\u00cdOS<br \/>\n<b>Conferenciante:<\/b> Javier Parcet <br \/>\n<b>T\u00edtulo:<\/b> <em> Multiplicadores de Fourier en \\(SL_n(\\mathbf{R})\\)<\/em><br \/>\n<b>Lugar:<\/b> <a href=\"https:\/\/www.imus.us.es\/\">IMUS &#8211; Sevilla<\/a><br \/>\nM\u00e1s informaci\u00f3n sobre la conferencia <a href=\"https:\/\/www.imus.us.es\/es\/actividad\/2128\"> aqu\u00ed<\/a>.<\/p>\n<p><b>16\/02\/2018.<\/b> Perteneciente al Ciclo de Coloquios Matem\u00e1ticos JOS\u00c9 MENDOZA R\u00cdOS<br \/>\n<b>Conferenciante:<\/b> Ulrich Pinkall<br \/>\n<b>T\u00edtulo:<\/b> <em> Schr\u00f6dinger&#8217;s smoke <\/em><br \/>\n<b>Lugar:<\/b> <a href=\"http:\/\/wpd.ugr.es\/~imag\/\">Instituto de Matem\u00e1ticas de la UGR<\/a><br \/>\nM\u00e1s informaci\u00f3n sobre la conferencia <a href=\"https:\/\/wpd.ugr.es\/~iemath\/events\/event\/ciclo-jose-mendoza-de-los-rios-ulrich-pinkall\/\"> aqu\u00ed<\/a>.<\/p>\n<p><b>22\/11\/2017.<\/b> Perteneciente al Ciclo de Coloquios Matem\u00e1ticos JOS\u00c9 MENDOZA R\u00cdOS<br \/>\n<b>Conferenciante:<\/b> Carlos V\u00e1zquez Cend\u00f3n <br \/>\n<b>T\u00edtulo:<\/b> <em> Planes de pensiones con beneficios dependientes del salario: algunas matem\u00e1ticas para su valoraci\u00f3n<\/em><br \/>\n<b>Lugar:<\/b> <a href=\"https:\/\/www.imus.us.es\/\">IMUS &#8211; Sevilla<\/a><br \/>\nM\u00e1s informaci\u00f3n sobre la conferencia <a href=\"https:\/\/www.imus.us.es\/es\/actividad\/2072\"> aqu\u00ed<\/a>.<\/p>\n<p><b>22\/11\/2017.<\/b> Perteneciente al Ciclo de Coloquios Matem\u00e1ticos JOS\u00c9 MENDOZA R\u00cdOS<br \/>\n<b>Conferenciante:<\/b> David Ruiz Aguilar <br \/>\n<b>T\u00edtulo:<\/b> <em>The prescribed Gaussian curvature problem<\/em><br \/>\n<b>Lugar:<\/b> <a href=\"https:\/\/www.imus.us.es\/\">IMUS &#8211; Sevilla<\/a><br \/>\nM\u00e1s informaci\u00f3n sobre la conferencia <a href=\"https:\/\/www.imus.us.es\/es\/actividad\/2048\"> aqu\u00ed<\/a>.<\/p>\n<p><b>13\/10\/2017.<\/b> Perteneciente al Ciclo de Coloquios Matem\u00e1ticos JOS\u00c9 MENDOZA R\u00cdOS<br \/>\n<b>Conferenciante:<\/b> Michael Struwe<br \/>\n<b>T\u00edtulo:<\/b> <em>&#8220;Bubbling&#8221; solutions of Liouville&#8217;s equation<\/em><br \/>\n<b>Lugar:<\/b> <a href=\"http:\/\/wpd.ugr.es\/~imag\/\">Instituto de Matem\u00e1ticas de la UGR<\/a><br \/>\nM\u00e1s informaci\u00f3n sobre la conferencia <a href=\"https:\/\/wpd.ugr.es\/~iemath\/events\/event\/ciclo-jose-mendoza-de-los-rios-michael-struwe\/\"> aqu\u00ed<\/a>.<\/p>\n<p><b>23\/06\/2017.<\/b> Perteneciente al Ciclo de Coloquios Matem\u00e1ticos JOS\u00c9 MENDOZA R\u00cdOS<br \/>\n<b>Conferenciante:<\/b> Irene M. Gamba<br \/>\n<b>T\u00edtulo:<\/b> <em>Modelos cin\u00e9ticos de interacciones de tipo colisional: an\u00e1lisis y simulaciones num\u00e9ricas<\/em><br \/>\n<b>Lugar:<\/b> <a href=\"http:\/\/wpd.ugr.es\/~imag\/\">Instituto de Matem\u00e1ticas de la UGR<\/a><br \/>\nM\u00e1s informaci\u00f3n sobre la conferencia <a href=\"http:\/\/wpd.ugr.es\/~imag\/events\/event\/charlas-abiertas-de-matematicas-jose-mendoza-rios\/\"> aqu\u00ed<\/a>.<\/p>\n<p><b>07\/06\/2017.<\/b> Perteneciente al Ciclo de Coloquios Matem\u00e1ticos JOS\u00c9 MENDOZA R\u00cdOS<br \/>\n<b>Conferenciante:<\/b> David P\u00e9rez Garc\u00eda <br \/>\n<b>T\u00edtulo:<\/b> <em>Undecidability in Quantum Physics: Hilbert&#8217;s Second and Sixth Problems Meet<\/em><br \/>\n<b>Lugar:<\/b> <a href=\"https:\/\/www.imus.us.es\/\">IMUS &#8211; Sevilla<\/a><br \/>\nM\u00e1s informaci\u00f3n sobre la conferencia <a href=\"https:\/\/www.imus.us.es\/es\/actividad\/1887\"> aqu\u00ed<\/a>.<\/p>\n<p><b>22\/03\/2017.<\/b> Perteneciente al Ciclo de Coloquios Matem\u00e1ticos JOS\u00c9 MENDOZA R\u00cdOS<br \/>\n<b>Conferenciante:<\/b> Luis Vega Gonz\u00e1lez<br \/>\n<b>T\u00edtulo:<\/b> <em>El efecto Talbot y la din\u00e1mica de los filamentos de vorticidad: transferencia de momento y energ\u00eda<\/em><br \/>\n<b>Lugar:<\/b> <a href=\"https:\/\/www.imus.us.es\/\">IMUS &#8211; Sevilla<\/a><br \/>\nM\u00e1s informaci\u00f3n sobre la conferencia <a href=\"https:\/\/www.imus.us.es\/es\/actividad\/1886\"> aqu\u00ed<\/a>.<\/p>\n<p><b>10\/02\/2017.<\/b> Perteneciente al Ciclo de Coloquios Matem\u00e1ticos JOS\u00c9 MENDOZA R\u00cdOS<br \/>\n<b>Conferenciante:<\/b> Pieter Moree (Max Planck Institute for Mathematics, Bonn)<br \/>\n<b>T\u00edtulo:<\/b> <em>The multiplicative order<\/em><br \/>\n<b>Lugar:<\/b> <a href=\"http:\/\/wpd.ugr.es\/~imag\/\">Instituto de Matem\u00e1ticas de la UGR<\/a><br \/>\nM\u00e1s informaci\u00f3n sobre la conferencia <a href=\"http:\/\/wpd.ugr.es\/~imag\/es\/events\/event\/charlas-abiertas-de-matematicas\/\"> aqu\u00ed<\/a>.<\/p>\n<p><b>13\/01\/2017.<\/b> Perteneciente al Ciclo de Coloquios Matem\u00e1ticos JOS\u00c9 MENDOZA R\u00cdOS<br \/>\n<b>Conferenciante:<\/b> Francisco Herrera (Universidad de Granada)<br \/>\n<b>T\u00edtulo:<\/b> <em>Big Data: Datos y tecnolog\u00eda, aprendizaje autom\u00e1tico y modelos matem\u00e1ticos<\/em><br \/>\n<b>Lugar:<\/b> <a href=\"http:\/\/wpd.ugr.es\/~imag\/\">Instituto de Matem\u00e1ticas de la UGR<\/a><br \/>\nM\u00e1s informaci\u00f3n sobre la conferencia <a href=\"http:\/\/wpd.ugr.es\/~imag\/es\/events\/event\/charlas-abiertas-iemath-gr-coloquio-jose-mendoza-rios\/\"> aqu\u00ed<\/a>.<\/p>\n<p><b>14\/12\/2016.<\/b> Perteneciente al Ciclo de Coloquios Matem\u00e1ticos JOS\u00c9 MENDOZA R\u00cdOS<br \/>\n<b>Conferenciante:<\/b> Rafael Ortega R\u00edos (Universidad de Granada)<br \/>\n<b>T\u00edtulo:<\/b> <em>El eterno retorno<\/em><br \/>\n<b>Lugar:<\/b> <a href=\"https:\/\/www.imus.us.es\/\">IMUS &#8211; Sevilla<\/a><br \/>\nM\u00e1s informaci\u00f3n sobre la conferencia <a href=\"https:\/\/www.imus.us.es\/es\/actividad\/1885\"> aqu\u00ed<\/a>.<\/p>\n<p><b>3\/11\/2016.<\/b> Perteneciente al Ciclo de Coloquios Matem\u00e1ticos JOS\u00c9 MENDOZA R\u00cdOS<br \/>\n<b>Conferenciante:<\/b> Emilio Carrizosa (Universidad de Sevilla \/ IMUS)<br \/>\n<b>T\u00edtulo:<\/b> <em>Herramientas de Optimizaci\u00f3n Matem\u00e1tica para Visualizaci\u00f3n<\/em><br \/>\n<b>Lugar:<\/b> <a href=\"http:\/\/wpd.ugr.es\/~imag\/\">Instituto de Matem\u00e1ticas de la UGR<\/a><br \/>\nM\u00e1s informaci\u00f3n sobre la conferencia <a href=\"http:\/\/wpd.ugr.es\/~imag\/events\/event\/ciclo-jose-mendoza-de-los-rios-emilio-carrizosa\/\"> aqu\u00ed<\/a>.<\/p>\n<p><b>15\/06\/2016.<\/b> Perteneciente al Ciclo de Coloquios Matem\u00e1ticos JOS\u00c9 MENDOZA R\u00cdOS<br \/>\n<b>Conferenciante:<\/b> Ram\u00f3n Flores (Universidad de Sevilla)<br \/>\n<b>T\u00edtulo:<\/b> <em>\u00bfPor qu\u00e9 es interesante localizar?<\/em><br \/>\n<b>Lugar:<\/b> <a href=\"https:\/\/www.imus.us.es\/\">IMUS &#8211; Sevilla<\/a><br \/>\nM\u00e1s informaci\u00f3n sobre la conferencia <a href=\"https:\/\/www.imus.us.es\/es\/actividad\/1747\"> aqu\u00ed<\/a>.<\/p>\n<p><b>20\/05\/2016.<\/b> Perteneciente al Ciclo de Coloquios Matem\u00e1ticos JOS\u00c9 MENDOZA R\u00cdOS<br \/>\n<b>Conferenciante:<\/b> Jean Mahwin (Universit\u00e9 Catholique de Louvain)<br \/>\n<b>T\u00edtulo:<\/b> <em>Difference vs differential equations: some case stories<\/em><br \/>\n<b>Lugar:<\/b> <a href=\"http:\/\/wpd.ugr.es\/~imag\/\">Instituto de Matem\u00e1ticas de la UGR<\/a><br \/>\nM\u00e1s informaci\u00f3n sobre la conferencia <a href=\"http:\/\/wpd.ugr.es\/~imag\/events\/event\/ciclo-jose-mendoza-de-los-rios-jean-mahwin\/\"> aqu\u00ed<\/a>.<\/p>\n<p><b>1\/04\/2016.<\/b> Perteneciente al Ciclo de Coloquios Matem\u00e1ticos JOS\u00c9 MENDOZA R\u00cdOS<br \/>\n<b>Conferenciante:<\/b> Francisco Gancedo (Universidad de Sevilla \/ IMUS)<br \/>\n<b>T\u00edtulo:<\/b> <em>Qui\u00e9n dijo que las mates no son fluidas<\/em><br \/>\n<b>Lugar:<\/b> <a href=\"http:\/\/wpd.ugr.es\/~imag\/\">Instituto de Matem\u00e1ticas de la UGR<\/a><br \/>\nM\u00e1s informaci\u00f3n sobre la conferencia <a href=\"http:\/\/wpd.ugr.es\/~imag\/events\/event\/ciclo-jose-mendoza-de-los-rios-francisco-gancedo\/\"> aqu\u00ed<\/a>.<\/p>\n<p><b>2\/03\/2016.<\/b> Perteneciente al Ciclo de Coloquios Matem\u00e1ticos JOS\u00c9 MENDOZA R\u00cdOS<br \/>\n<b>Conferenciante:<\/b> Jos\u00e9 Luis Fen\u00e1ndez P\u00e9rez (Universidad Aut\u00f3noma de Madrid)<br \/>\n<b>T\u00edtulo:<\/b> <em>Equidistribuci\u00f3n y ceros de polinomios.<\/em><br \/>\n<b>Lugar:<\/b> <a href=\"https:\/\/www.imus.us.es\/\">IMUS &#8211; Sevilla<\/a><br \/>\nM\u00e1s informaci\u00f3n sobre la conferencia <a href=\"https:\/\/www.imus.us.es\/es\/actividad\/1746\"> aqu\u00ed<\/a>.<\/p>\n<p><b>15\/01\/2016.<\/b> Perteneciente al Ciclo de Coloquios Matem\u00e1ticos JOS\u00c9 MENDOZA R\u00cdOS<br \/>\n<b>Conferenciante:<\/b> Camillo De Lellis (Universit\u00e4t Z\u00fcrich)<br \/>\n<b>T\u00edtulo:<\/b> <em>Regularity and singularity of area-minimizing surfaces<\/em><br \/>\n<b>Lugar:<\/b> <a href=\"http:\/\/wpd.ugr.es\/~imag\/\">Instituto de Matem\u00e1ticas de la UGR<\/a><br \/>\nM\u00e1s informaci\u00f3n sobre la conferencia <a href=\"http:\/\/wpd.ugr.es\/~imag\/events\/event\/charlas-abiertas-de-matematicas-camilo-de-lellis\/\"> aqu\u00ed<\/a>.<\/p>\n<p><b>16\/12\/2015.<\/b> Perteneciente al Ciclo de Coloquios Matem\u00e1ticos JOS\u00c9 MENDOZA R\u00cdOS<br \/>\n<b>Conferenciante:<\/b> Antonio Ros (Universidad de Granada)<br \/>\n<b>T\u00edtulo:<\/b> <em>Superficies: geometr\u00eda y ecuaciones diferenciales<\/em><br \/>\n<b>Lugar:<\/b> <a href=\"https:\/\/www.imus.us.es\/\">IMUS &#8211; Sevilla<\/a><br \/>\nM\u00e1s informaci\u00f3n sobre la conferencia <a href=\"https:\/\/www.imus.us.es\/es\/actividad\/1732\"> aqu\u00ed<\/a>.<\/p>\n<p><b>20\/11\/2015.<\/b>Perteneciente al Ciclo de Coloquios Matem\u00e1ticos JOS\u00c9 MENDOZA R\u00cdOS<br \/>\n<b>Conferenciante:<\/b> Jos\u00e9 A. Carrillo (Imperial College London, Reino Unido)<br \/>\n<b>T\u00edtulo:<\/b> <em>Modelos de Comportamiento Colectivo: Perspectivas Matem\u00e1ticas <\/em><br \/>\n<b>Lugar:<\/b> <a href=\"http:\/\/wpd.ugr.es\/~imag\/\">Instituto de Matem\u00e1ticas de la UGR<\/a><br \/>\nM\u00e1s informaci\u00f3n sobre la conferencia <a href=\"http:\/\/wpd.ugr.es\/~imag\/events\/event\/charlas-abiertas-del-iemath-gr-jose-a-carrillo\/\"> aqu\u00ed<\/a>.<\/p>\n","protected":false},"excerpt":{"rendered":"<p>Las conferencias dentro del ciclo de Charlas Abiertas de Matem\u00e1ticas est\u00e1n orientadas a especialistas en cualquier \u00e1rea de las matem\u00e1ticas, y esperamos que sean tambi\u00e9n accesibles a estudiantes. Esta serie de charlas se organiza dentro del Coloquio &#8220;Jos\u00e9 Mendoza R\u00edos&#8221; en colaboraci\u00f3n con el Instituto de Matem\u00e1ticas de la Universidad<span class=\"more-link\"><a href=\"https:\/\/wpd.ugr.es\/~imag\/charlas-abiertas-de-matematicas\/\">Continue Reading<\/a><\/span><\/p>\n","protected":false},"author":1,"featured_media":0,"parent":0,"menu_order":0,"comment_status":"closed","ping_status":"open","template":"","meta":{"footnotes":""},"translation":{"provider":"WPGlobus","version":"3.0.0","language":"en","enabled_languages":["en"],"languages":{"en":{"title":true,"content":true,"excerpt":false}}},"_links":{"self":[{"href":"https:\/\/wpd.ugr.es\/~imag\/wp-json\/wp\/v2\/pages\/1667"}],"collection":[{"href":"https:\/\/wpd.ugr.es\/~imag\/wp-json\/wp\/v2\/pages"}],"about":[{"href":"https:\/\/wpd.ugr.es\/~imag\/wp-json\/wp\/v2\/types\/page"}],"author":[{"embeddable":true,"href":"https:\/\/wpd.ugr.es\/~imag\/wp-json\/wp\/v2\/users\/1"}],"replies":[{"embeddable":true,"href":"https:\/\/wpd.ugr.es\/~imag\/wp-json\/wp\/v2\/comments?post=1667"}],"version-history":[{"count":74,"href":"https:\/\/wpd.ugr.es\/~imag\/wp-json\/wp\/v2\/pages\/1667\/revisions"}],"predecessor-version":[{"id":1671,"href":"https:\/\/wpd.ugr.es\/~imag\/wp-json\/wp\/v2\/pages\/1667\/revisions\/1671"}],"wp:attachment":[{"href":"https:\/\/wpd.ugr.es\/~imag\/wp-json\/wp\/v2\/media?parent=1667"}],"curies":[{"name":"wp","href":"https:\/\/api.w.org\/{rel}","templated":true}]}}