{"id":1675,"date":"2015-12-24T12:07:34","date_gmt":"2015-12-24T12:07:34","guid":{"rendered":"http:\/\/iemath.ugr.es\/?page_id=1675"},"modified":"2020-11-19T22:18:13","modified_gmt":"2020-11-19T21:18:13","slug":"personal-tecnico-en-iemath-gr","status":"publish","type":"page","link":"https:\/\/wpd.ugr.es\/~imag\/personal-tecnico-en-iemath-gr\/","title":{"rendered":"Personal t\u00e9cnico en el Instituto"},"content":{"rendered":"<p>Se ofrece contrato laboral para puesto de t\u00e9cnico de apoyo inform\u00e1tico en el instituto. Los cometidos a realizar son:<\/p>\n<ul>\n<li>Mantenimiento de los equipos inform\u00e1ticos y de video-conferencia.<\/li>\n<li>Mantenimiento del sitio web del instituto.<\/li>\n<li>Gesti\u00f3n inform\u00e1tica de las reservas de actividades en el instituto.<\/li>\n<\/ul>\n<p>Las caracter\u00edsticas que deben reunir los candidatos\/as son:<\/p>\n<ul>\n<li>Titulaci\u00f3n m\u00ednima exigida: T\u00e9cnico especialista (Bachiller\/FP2) con conocimientos inform\u00e1ticos. Se valorar\u00e1n de forma adicional las diplomaturas y licenciaturas o grados en inform\u00e1tica o similares.<\/li>\n<li>Conocimientos adicionales: \u00a0Tratamiento de bases de datos, entornos web (HTML), uso avanzado de sistemas operativos Linux y Windows. Medios audiovisuales y sistemas de video-conferencia. Ingl\u00e9s.<\/li>\n<\/ul>\n<p>La modalidad de contrataci\u00f3n ser\u00e1 de contrato por <strong>tres a\u00f1os<\/strong>, a tiempo completo, a raz\u00f3n de 35\u00a0horas semanales.<\/p>\n<p>Los candidatos deber\u00e1n entregar su curr\u00edculum en formato pdf en la direcci\u00f3n de correo electr\u00f3nico iemath@ugr.es, siendo la fecha l\u00edmite de entrega de curricula el <strong>10 de enero de 2016, hasta las 14:00 horas<\/strong>. Los candidatos preseleccionados acudir\u00e1n a una entrevista a realizar en el instituto en enero de 2016.<\/p>\n<p>\u00a0<\/p>\n","protected":false},"excerpt":{"rendered":"<p>Se ofrece contrato laboral para puesto de t\u00e9cnico de apoyo inform\u00e1tico en el instituto. Los cometidos a realizar son: Mantenimiento de los equipos inform\u00e1ticos y de video-conferencia. Mantenimiento del sitio web del instituto. Gesti\u00f3n inform\u00e1tica de las reservas de actividades en el instituto. Las caracter\u00edsticas que deben reunir los candidatos\/as<span class=\"more-link\"><a href=\"https:\/\/wpd.ugr.es\/~imag\/personal-tecnico-en-iemath-gr\/\">Continue Reading<\/a><\/span><\/p>\n","protected":false},"author":1,"featured_media":0,"parent":0,"menu_order":0,"comment_status":"closed","ping_status":"open","template":"","meta":{"footnotes":""},"translation":{"provider":"WPGlobus","version":"3.0.0","language":"en","enabled_languages":["en"],"languages":{"en":{"title":true,"content":true,"excerpt":false}}},"_links":{"self":[{"href":"https:\/\/wpd.ugr.es\/~imag\/wp-json\/wp\/v2\/pages\/1675"}],"collection":[{"href":"https:\/\/wpd.ugr.es\/~imag\/wp-json\/wp\/v2\/pages"}],"about":[{"href":"https:\/\/wpd.ugr.es\/~imag\/wp-json\/wp\/v2\/types\/page"}],"author":[{"embeddable":true,"href":"https:\/\/wpd.ugr.es\/~imag\/wp-json\/wp\/v2\/users\/1"}],"replies":[{"embeddable":true,"href":"https:\/\/wpd.ugr.es\/~imag\/wp-json\/wp\/v2\/comments?post=1675"}],"version-history":[{"count":7,"href":"https:\/\/wpd.ugr.es\/~imag\/wp-json\/wp\/v2\/pages\/1675\/revisions"}],"predecessor-version":[{"id":6972,"href":"https:\/\/wpd.ugr.es\/~imag\/wp-json\/wp\/v2\/pages\/1675\/revisions\/6972"}],"wp:attachment":[{"href":"https:\/\/wpd.ugr.es\/~imag\/wp-json\/wp\/v2\/media?parent=1675"}],"curies":[{"name":"wp","href":"https:\/\/api.w.org\/{rel}","templated":true}]}}