{"id":2610,"date":"2016-12-07T12:57:03","date_gmt":"2016-12-07T12:57:03","guid":{"rendered":"http:\/\/iemath.ugr.es\/?page_id=2610"},"modified":"2022-11-07T20:45:33","modified_gmt":"2022-11-07T19:45:33","slug":"resumen-actual","status":"publish","type":"page","link":"https:\/\/wpd.ugr.es\/~imag\/resumen-actual\/","title":{"rendered":"Resumen actividades semana actual"},"content":{"rendered":"<div class=\"one_half\">\n<h2>Conferencias, congresos, seminarios, cursos<\/h2>\n<ul  class=\"eo-events eo-events-shortcode\">\n<li class=\"eo-no-events\">No hay actividades programadas para la semana actual<\/li>\n<\/ul>\n<p>\n<\/div>\n<\/p>\n<div class=\"one_half last\">\n<h2>Visitantes con entrada la semana actual<\/h2>\n<ul  class=\"eo-events eo-events-shortcode\">\n<li class=\"eo-no-events\">No hay visitantes con entrada programada para la semana actual<\/li>\n<\/ul>\n<h2>Visitantes anteriores, que permanecen la semana actual<\/h2>\n<ul  class=\"eo-events eo-events-shortcode\">\n<li class=\"eo-event-cat-visitor eo-event-cat-imag eo-event-running eo-multi-day eo-all-day\">\n<div><strong>Nombre del visitante<\/strong>: Federico Nudo ()<br \/>\n<strong>Lugar<\/strong>:  \u2013 Despacho  D-11<br \/>\n<strong>Host\/Responsable en el Instituto de Matem\u00e1ticas de la UGR<\/strong>:  <br \/>\n<strong>Fecha de inicio (y fecha de finalizaci\u00f3n)<\/strong>: 23 Mar 26 (24 Apr 26)<br \/>\n<strong>Presentaci\u00f3n\/Descripci\u00f3n de la actividad<\/strong>: <br \/>\n<a href=\"https:\/\/wpd.ugr.es\/~imag\/events\/event\/federico-nudo-3\/\">Web del Evento<\/a>\n<\/div>\n<\/li>\n<li class=\"eo-event-cat-grant-holder eo-event-cat-imag eo-event-running eo-multi-day eo-all-day\">\n<div><strong>Nombre del visitante<\/strong>: Sa\u00fal Burgos ()<br \/>\n<strong>Lugar<\/strong>:  \u2013 Despacho  B-06-B<br \/>\n<strong>Host\/Responsable en el Instituto de Matem\u00e1ticas de la UGR<\/strong>: Miguel S\u00e1nchez <br \/>\n<strong>Fecha de inicio (y fecha de finalizaci\u00f3n)<\/strong>: 17 May 23 (17 May 26)<br \/>\n<strong>Presentaci\u00f3n\/Descripci\u00f3n de la actividad<\/strong>: <br \/>\n<a href=\"https:\/\/wpd.ugr.es\/~imag\/events\/event\/saul-burgos\/\">Web del Evento<\/a>\n<\/div>\n<\/li>\n<li class=\"eo-event-cat-grant-holder eo-event-cat-imag eo-event-running eo-multi-day eo-all-day\">\n<div><strong>Nombre del visitante<\/strong>: Sabina Musto ()<br \/>\n<strong>Lugar<\/strong>:  \u2013 Despacho  B-02-B<br \/>\n<strong>Host\/Responsable en el Instituto de Matem\u00e1ticas de la UGR<\/strong>:  <br \/>\n<strong>Fecha de inicio (y fecha de finalizaci\u00f3n)<\/strong>: 1 Mar 26 (31 May 26)<br \/>\n<strong>Presentaci\u00f3n\/Descripci\u00f3n de la actividad<\/strong>: <br \/>\n<a href=\"https:\/\/wpd.ugr.es\/~imag\/events\/event\/sabina-musto\/\">Web del Evento<\/a>\n<\/div>\n<\/li>\n<li class=\"eo-event-cat-grant-holder eo-event-cat-imag eo-event-running eo-multi-day eo-all-day\">\n<div><strong>Nombre del visitante<\/strong>: Niccol\u00f2 Tassi ()<br \/>\n<strong>Lugar<\/strong>:  \u2013 Despacho  B-03-B<br \/>\n<strong>Host\/Responsable en el Instituto de Matem\u00e1ticas de la UGR<\/strong>: Jos\u00e9 A. Ca\u00f1izo <br \/>\n<strong>Fecha de inicio (y fecha de finalizaci\u00f3n)<\/strong>: 30 Sep 22 (30 Jun 26)<br \/>\n<strong>Presentaci\u00f3n\/Descripci\u00f3n de la actividad<\/strong>: <br \/>\n<a href=\"https:\/\/wpd.ugr.es\/~imag\/events\/event\/niccolo-tassi\/\">Web del Evento<\/a>\n<\/div>\n<\/li>\n<li class=\"eo-event-cat-grant-holder eo-event-cat-imag eo-event-running eo-multi-day eo-all-day\">\n<div><strong>Nombre del visitante<\/strong>: Kyaw Lin Thein ()<br \/>\n<strong>Lugar<\/strong>:  \u2013 Despacho  B-04-A<br \/>\n<strong>Host\/Responsable en el Instituto de Matem\u00e1ticas de la UGR<\/strong>:  <br \/>\n<strong>Fecha de inicio (y fecha de finalizaci\u00f3n)<\/strong>: 2 Feb 26 (30 Jun 26)<br \/>\n<strong>Presentaci\u00f3n\/Descripci\u00f3n de la actividad<\/strong>: <br \/>\n<a href=\"https:\/\/wpd.ugr.es\/~imag\/events\/event\/kyaw-lin-thein\/\">Web del Evento<\/a>\n<\/div>\n<\/li>\n<li class=\"eo-event-cat-grant-holder eo-event-cat-imag eo-event-running eo-multi-day eo-all-day\">\n<div><strong>Nombre del visitante<\/strong>: Jorge Hidalgo Calder\u00f3n ()<br \/>\n<strong>Lugar<\/strong>:  \u2013 Despacho  B-07-B<br \/>\n<strong>Host\/Responsable en el Instituto de Matem\u00e1ticas de la UGR<\/strong>: Antonio Alarc\u00f3n <br \/>\n<strong>Fecha de inicio (y fecha de finalizaci\u00f3n)<\/strong>: 1 Feb 22 (31 Jul 26)<br \/>\n<strong>Presentaci\u00f3n\/Descripci\u00f3n de la actividad<\/strong>: <br \/>\n<a href=\"https:\/\/wpd.ugr.es\/~imag\/events\/event\/jorge-hidalgo-calderon\/\">Web del Evento<\/a>\n<\/div>\n<\/li>\n<li class=\"eo-event-cat-visitor eo-event-cat-imag eo-event-running eo-multi-day eo-all-day\">\n<div><strong>Nombre del visitante<\/strong>: Dong-Hwi Seo ()<br \/>\n<strong>Lugar<\/strong>:  \u2013 Despacho  D-06<br \/>\n<strong>Host\/Responsable en el Instituto de Matem\u00e1ticas de la UGR<\/strong>: Antonio Ros <br \/>\n<strong>Fecha de inicio (y fecha de finalizaci\u00f3n)<\/strong>: 2 Sep 25 (31 Jul 26)<br \/>\n<strong>Presentaci\u00f3n\/Descripci\u00f3n de la actividad<\/strong>: <\/p>\n<p>Post-doc researcher of the project EUR2024-153556 whose IP is Antonio Ros.<\/p>\n<p>\n<a href=\"https:\/\/wpd.ugr.es\/~imag\/events\/event\/dong-hwi-seo-3\/\">Web del Evento<\/a>\n<\/div>\n<\/li>\n<li class=\"eo-event-cat-grant-holder eo-event-cat-imag eo-event-running eo-multi-day eo-all-day\">\n<div><strong>Nombre del visitante<\/strong>: Esteban Mart\u00ednez Va\u00f1\u00f3 ()<br \/>\n<strong>Lugar<\/strong>:  \u2013 Despacho  AM-01<br \/>\n<strong>Host\/Responsable en el Instituto de Matem\u00e1ticas de la UGR<\/strong>: Gin\u00e9s L\u00f3pez <br \/>\n<strong>Fecha de inicio (y fecha de finalizaci\u00f3n)<\/strong>: 1 Jan 24 (31 Aug 26)<br \/>\n<strong>Presentaci\u00f3n\/Descripci\u00f3n de la actividad<\/strong>: <br \/>\n<a href=\"https:\/\/wpd.ugr.es\/~imag\/events\/event\/esteban-martinez-vano\/\">Web del Evento<\/a>\n<\/div>\n<\/li>\n<li class=\"eo-event-cat-grant-holder eo-event-cat-imag eo-event-running eo-multi-day eo-all-day\">\n<div><strong>Nombre del visitante<\/strong>: Helena del R\u00edo Fern\u00e1ndez ()<br \/>\n<strong>Lugar<\/strong>:  \u2013 Despacho  AM-02<br \/>\n<strong>Host\/Responsable en el Instituto de Matem\u00e1ticas de la UGR<\/strong>: Miguel Mart\u00edn <br \/>\n<strong>Fecha de inicio (y fecha de finalizaci\u00f3n)<\/strong>: 1 Dec 23 (31 Aug 26)<br \/>\n<strong>Presentaci\u00f3n\/Descripci\u00f3n de la actividad<\/strong>: <br \/>\n<a href=\"https:\/\/wpd.ugr.es\/~imag\/events\/event\/helena-del-rio-fernandez\/\">Web del Evento<\/a>\n<\/div>\n<\/li>\n<li class=\"eo-event-cat-visitor eo-event-cat-imag eo-event-running eo-multi-day eo-all-day\">\n<div><strong>Nombre del visitante<\/strong>: Marcos Paulo Tassi ()<br \/>\n<strong>Lugar<\/strong>:  \u2013 Despacho  D-10D-10<br \/>\n<strong>Host\/Responsable en el Instituto de Matem\u00e1ticas de la UGR<\/strong>:  <br \/>\n<strong>Fecha de inicio (y fecha de finalizaci\u00f3n)<\/strong>: 13 Feb 25 (31 Aug 26)<br \/>\n<strong>Presentaci\u00f3n\/Descripci\u00f3n de la actividad<\/strong>: <br \/>\n<a href=\"https:\/\/wpd.ugr.es\/~imag\/events\/event\/marcos-paulo-tassi-4\/\">Web del Evento<\/a>\n<\/div>\n<\/li>\n<li class=\"eo-event-cat-grant-holder eo-event-cat-imag eo-event-running eo-multi-day eo-all-day\">\n<div><strong>Nombre del visitante<\/strong>: Tja\u0161a Vrhovnik ()<br \/>\n<strong>Lugar<\/strong>:  \u2013 Despacho  B-07-D<br \/>\n<strong>Host\/Responsable en el Instituto de Matem\u00e1ticas de la UGR<\/strong>: Antonio Alarc\u00f3n <br \/>\n<strong>Fecha de inicio (y fecha de finalizaci\u00f3n)<\/strong>: 1 Sep 22 (31 Dec 26)<br \/>\n<strong>Presentaci\u00f3n\/Descripci\u00f3n de la actividad<\/strong>: <br \/>\n<a href=\"https:\/\/wpd.ugr.es\/~imag\/events\/event\/tjasa-vrhovnik\/\">Web del Evento<\/a>\n<\/div>\n<\/li>\n<li class=\"eo-event-cat-grant-holder eo-event-cat-imag eo-event-running eo-multi-day eo-all-day\">\n<div><strong>Nombre del visitante<\/strong>: Francisco Javier Reyes S\u00e1nchez ()<br \/>\n<strong>Lugar<\/strong>:  \u2013 Despacho  AM-03<br \/>\n<strong>Host\/Responsable en el Instituto de Matem\u00e1ticas de la UGR<\/strong>: David Ruiz <br \/>\n<strong>Fecha de inicio (y fecha de finalizaci\u00f3n)<\/strong>: 1 Sep 17 (31 Dec 26)<br \/>\n<strong>Presentaci\u00f3n\/Descripci\u00f3n de la actividad<\/strong>: <br \/>\n<a href=\"https:\/\/wpd.ugr.es\/~imag\/events\/event\/francisco-javier-reyes-sanchez\/\">Web del Evento<\/a>\n<\/div>\n<\/li>\n<li class=\"eo-event-cat-grant-holder eo-event-cat-imag eo-event-running eo-multi-day eo-all-day\">\n<div><strong>Nombre del visitante<\/strong>: Inmaculada Ben\u00edtez Berral ()<br \/>\n<strong>Lugar<\/strong>:  \u2013 Despacho  B-03-D<br \/>\n<strong>Host\/Responsable en el Instituto de Matem\u00e1ticas de la UGR<\/strong>: Jos\u00e9 A. Ca\u00f1izo <br \/>\n<strong>Fecha de inicio (y fecha de finalizaci\u00f3n)<\/strong>: 9 Jan 23 (31 Dec 26)<br \/>\n<strong>Presentaci\u00f3n\/Descripci\u00f3n de la actividad<\/strong>: <br \/>\n<a href=\"https:\/\/wpd.ugr.es\/~imag\/events\/event\/inmaculada-benitez-berral\/\">Web del Evento<\/a>\n<\/div>\n<\/li>\n<li class=\"eo-event-cat-grant-holder eo-event-cat-imag eo-event-running eo-multi-day eo-all-day\">\n<div><strong>Nombre del visitante<\/strong>: Juan Antonio Villegas Recio ()<br \/>\n<strong>Lugar<\/strong>:  \u2013 Despacho  B4<br \/>\n<strong>Host\/Responsable en el Instituto de Matem\u00e1ticas de la UGR<\/strong>: Lidia Fern\u00e1ndez Rodr\u00edguez <br \/>\n<strong>Fecha de inicio (y fecha de finalizaci\u00f3n)<\/strong>: 27 Mar 23 (31 May 27)<br \/>\n<strong>Presentaci\u00f3n\/Descripci\u00f3n de la actividad<\/strong>: <br \/>\n<a href=\"https:\/\/wpd.ugr.es\/~imag\/events\/event\/juan-antonio-villegas-recio\/\">Web del Evento<\/a>\n<\/div>\n<\/li>\n<li class=\"eo-event-cat-grant-holder eo-event-cat-imag eo-event-running eo-multi-day eo-all-day\">\n<div><strong>Nombre del visitante<\/strong>: Diego Alfonso Mar\u00edn Mu\u00f1oz ()<br \/>\n<strong>Lugar<\/strong>:  \u2013 Despacho  B8<br \/>\n<strong>Host\/Responsable en el Instituto de Matem\u00e1ticas de la UGR<\/strong>: Jos\u00e9 M. Espinar <br \/>\n<strong>Fecha de inicio (y fecha de finalizaci\u00f3n)<\/strong>: 1 Sep 22 (1 Sep 27)<br \/>\n<strong>Presentaci\u00f3n\/Descripci\u00f3n de la actividad<\/strong>: <br \/>\n<a href=\"https:\/\/wpd.ugr.es\/~imag\/events\/event\/diego-alfonso-marin-munoz\/\">Web del Evento<\/a>\n<\/div>\n<\/li>\n<li class=\"eo-event-cat-grant-holder eo-event-cat-imag eo-event-running eo-multi-day eo-all-day\">\n<div><strong>Nombre del visitante<\/strong>: Javier Herv\u00e1s Aniorte ()<br \/>\n<strong>Lugar<\/strong>:  \u2013 Despacho  B6<br \/>\n<strong>Host\/Responsable en el Instituto de Matem\u00e1ticas de la UGR<\/strong>: Francisco Mart\u00edn <br \/>\n<strong>Fecha de inicio (y fecha de finalizaci\u00f3n)<\/strong>: 9 Jan 24 (9 Jan 28)<br \/>\n<strong>Presentaci\u00f3n\/Descripci\u00f3n de la actividad<\/strong>: <br \/>\n<a href=\"https:\/\/wpd.ugr.es\/~imag\/events\/event\/javier-hervas-aniorte-2\/\">Web del Evento<\/a>\n<\/div>\n<\/li>\n<\/ul>\n<p>\n<\/div>\n<div class=\"clear\"><\/div><\/p>\n","protected":false},"excerpt":{"rendered":"<p><span class=\"more-link\"><a href=\"https:\/\/wpd.ugr.es\/~imag\/events\/event\/javier-hervas-aniorte-2\/\">Continue Reading<\/a><\/span><\/p>\n","protected":false},"author":1,"featured_media":0,"parent":0,"menu_order":0,"comment_status":"closed","ping_status":"closed","template":"","meta":{"footnotes":""},"translation":{"provider":"WPGlobus","version":"3.0.0","language":"en","enabled_languages":["en"],"languages":{"en":{"title":true,"content":true,"excerpt":false}}},"_links":{"self":[{"href":"https:\/\/wpd.ugr.es\/~imag\/wp-json\/wp\/v2\/pages\/2610"}],"collection":[{"href":"https:\/\/wpd.ugr.es\/~imag\/wp-json\/wp\/v2\/pages"}],"about":[{"href":"https:\/\/wpd.ugr.es\/~imag\/wp-json\/wp\/v2\/types\/page"}],"author":[{"embeddable":true,"href":"https:\/\/wpd.ugr.es\/~imag\/wp-json\/wp\/v2\/users\/1"}],"replies":[{"embeddable":true,"href":"https:\/\/wpd.ugr.es\/~imag\/wp-json\/wp\/v2\/comments?post=2610"}],"version-history":[{"count":7,"href":"https:\/\/wpd.ugr.es\/~imag\/wp-json\/wp\/v2\/pages\/2610\/revisions"}],"predecessor-version":[{"id":12210,"href":"https:\/\/wpd.ugr.es\/~imag\/wp-json\/wp\/v2\/pages\/2610\/revisions\/12210"}],"wp:attachment":[{"href":"https:\/\/wpd.ugr.es\/~imag\/wp-json\/wp\/v2\/media?parent=2610"}],"curies":[{"name":"wp","href":"https:\/\/api.w.org\/{rel}","templated":true}]}}