{"id":587,"date":"2014-06-01T12:38:25","date_gmt":"2014-06-01T12:38:25","guid":{"rendered":"http:\/\/iemath.ugr.es\/cms\/?page_id=587"},"modified":"2016-01-12T23:48:54","modified_gmt":"2016-01-12T23:48:54","slug":"visitors-2014","status":"publish","type":"page","link":"https:\/\/wpd.ugr.es\/~imag\/visitors-2014\/","title":{"rendered":"Visitors &#8211; 2014"},"content":{"rendered":"<ul  class=\"eo-events eo-events-shortcode\">\n<li class=\"eo-event-venue-iemath-gr-2 eo-event-cat-grant-holder eo-event-cat-visitor eo-event-cat-imag eo-event-past eo-multi-day eo-all-day\">\u00a0<a href=\"https:\/\/wpd.ugr.es\/~imag\/events\/event\/david-molina-munoz\/\">David Molina Mu\u00f1oz<\/a>, Universidad de Granada, 01\/04\/2013 \u00bb 31\/01\/2017\u00a0<\/li>\n<li class=\"eo-event-cat-grant-holder eo-event-cat-imag eo-event-past eo-multi-day eo-all-day\">\u00a0<a href=\"https:\/\/wpd.ugr.es\/~imag\/events\/event\/jose-m-manzano-2\/\">Jos\u00e9 M. Manzano<\/a>, Universidad de Granada, 16\/07\/2013 \u00bb 15\/01\/2014\u00a0<\/li>\n<li class=\"eo-event-venue-iemath-gr-2 eo-event-cat-grant-holder eo-event-cat-visitor eo-event-cat-imag eo-event-past eo-multi-day eo-all-day\">\u00a0<a href=\"https:\/\/wpd.ugr.es\/~imag\/events\/event\/alexis-molino\/\">Alexis Molino<\/a>, , 12\/09\/2013 \u00bb 31\/12\/2017\u00a0<\/li>\n<li class=\"eo-event-cat-grant-holder eo-event-cat-imag eo-event-past eo-multi-day eo-all-day\">\u00a0<a href=\"https:\/\/wpd.ugr.es\/~imag\/events\/event\/alvaro-kruger\/\">Alvaro Kruger<\/a>, Universidade Federal do Rio Grande do Sul, 18\/09\/2013 \u00bb 31\/08\/2014\u00a0<\/li>\n<li class=\"eo-event-cat-visitor eo-event-cat-imag eo-event-past eo-multi-day eo-all-day\">\u00a0<a href=\"https:\/\/wpd.ugr.es\/~imag\/events\/event\/david-cheban\/\">David Cheban<\/a>, State University of Moldova, 01\/12\/2013 \u00bb 31\/01\/2014\u00a0<\/li>\n<li class=\"eo-event-cat-visitor eo-event-cat-imag eo-event-past eo-multi-day eo-all-day\">\u00a0<a href=\"https:\/\/wpd.ugr.es\/~imag\/events\/event\/miguel-sanchez\/\">Miguel S\u00e1nchez<\/a>, Universidad de Granada, 11\/12\/2013 \u00bb 30\/06\/2014\u00a0<\/li>\n<li class=\"eo-event-cat-visitor eo-event-cat-imag eo-event-past eo-multi-day eo-all-day\">\u00a0<a href=\"https:\/\/wpd.ugr.es\/~imag\/events\/event\/rafael-lopez\/\">Rafael L\u00f3pez<\/a>, Universidad de Granada, 09\/01\/2014 \u00bb 13\/04\/2014\u00a0<\/li>\n<li class=\"eo-event-cat-visitor eo-event-cat-imag eo-event-past eo-multi-day eo-all-day\">\u00a0<a href=\"https:\/\/wpd.ugr.es\/~imag\/events\/event\/marilena-moruz\/\">Marilena Moruz<\/a>, &#8216;AI. I. Cuza&#8217; University of Iasi, 09\/01\/2014 \u00bb 13\/04\/2014\u00a0<\/li>\n<li class=\"eo-event-cat-visitor eo-event-cat-imag eo-event-past eo-multi-day eo-all-day\">\u00a0<a href=\"https:\/\/wpd.ugr.es\/~imag\/events\/event\/pedro-roitman\/\">Pedro Roitman<\/a>, Universidade de Bras\u00edlia, 13\/01\/2014 \u00bb 24\/04\/2014\u00a0<\/li>\n<li class=\"eo-event-cat-visitor eo-event-cat-imag eo-event-past eo-multi-day eo-all-day\">\u00a0<a href=\"https:\/\/wpd.ugr.es\/~imag\/events\/event\/david-arcoya-2\/\">David Arcoya<\/a>, Universidad de Granada, 20\/01\/2014 \u00bb 24\/01\/2014\u00a0<\/li>\n<li class=\"eo-event-cat-visitor eo-event-cat-imag eo-event-past eo-multi-day eo-all-day\">\u00a0<a href=\"https:\/\/wpd.ugr.es\/~imag\/events\/event\/julio-rossi\/\">Julio Rossi<\/a>, Universidad de Alicante y Buenos Aires, 20\/01\/2014 \u00bb 24\/01\/2014\u00a0<\/li>\n<li class=\"eo-event-venue-iemath-gr-2 eo-event-cat-grant-holder eo-event-cat-visitor eo-event-cat-imag eo-event-past eo-multi-day eo-all-day\">\u00a0<a href=\"https:\/\/wpd.ugr.es\/~imag\/events\/event\/lourdes-moreno\/\">Lourdes Moreno<\/a>, Universidad de Granada, 20\/01\/2014 \u00bb 01\/03\/2017\u00a0<\/li>\n<li class=\"eo-event-venue-iemath-gr-2 eo-event-cat-grant-holder eo-event-cat-imag eo-event-past eo-multi-day eo-all-day\">\u00a0<a href=\"https:\/\/wpd.ugr.es\/~imag\/events\/event\/miguel-navarro\/\">Miguel Navarro Burgos<\/a>, UGR, 20\/01\/2014 \u00bb 20\/01\/2015\u00a0<\/li>\n<li class=\"eo-event-cat-visitor eo-event-cat-imag eo-event-past eo-all-day\">\u00a0<a href=\"https:\/\/wpd.ugr.es\/~imag\/events\/event\/pascal-romon\/\">Pascal Romon<\/a>, Universit\u00e9 Paris-Est Marne-la-Vall\u00e9e, 23\/01\/2014 \u00bb 23\/01\/2014\u00a0<\/li>\n<li class=\"eo-event-cat-visitor eo-event-cat-imag eo-event-past eo-multi-day eo-all-day\">\u00a0<a href=\"https:\/\/wpd.ugr.es\/~imag\/events\/event\/luis-garza\/\">Luis Garza<\/a>, Universidad Colima, Mexico, 26\/01\/2014 \u00bb 01\/02\/2014\u00a0<\/li>\n<li class=\"eo-event-cat-visitor eo-event-cat-imag eo-event-past eo-multi-day eo-all-day\">\u00a0<a href=\"https:\/\/wpd.ugr.es\/~imag\/events\/event\/herbert-duenas\/\">Herbert Due\u00f1as<\/a>, Universidad Nacional Bogot\u00e1, Colombia, 26\/01\/2014 \u00bb 01\/02\/2014\u00a0<\/li>\n<li class=\"eo-event-cat-visitor eo-event-cat-imag eo-event-past eo-multi-day eo-all-day\">\u00a0<a href=\"https:\/\/wpd.ugr.es\/~imag\/events\/event\/pieralberto-scilbaldi-2\/\">Pieralberto Sicbaldi<\/a>, Universit\u00e9 d&#8217;Aix-Marseille, 30\/01\/2014 \u00bb 30\/06\/2014\u00a0<\/li>\n<li class=\"eo-event-cat-visitor eo-event-cat-imag eo-event-past eo-multi-day eo-all-day\">\u00a0<a href=\"https:\/\/wpd.ugr.es\/~imag\/events\/event\/joao-paulo-do-santos\/\">Jo\u00e3o Paulo do Santos<\/a>, Universidade de Brasilia, 11\/02\/2014 \u00bb 02\/03\/2014\u00a0<\/li>\n<li class=\"eo-event-cat-visitor eo-event-cat-imag eo-event-past eo-multi-day eo-all-day\">\u00a0<a href=\"https:\/\/wpd.ugr.es\/~imag\/events\/event\/ana-maria-menezes\/\">Ana Mar\u00eda Menezes<\/a>, , 13\/02\/2014 \u00bb 19\/02\/2014\u00a0<\/li>\n<li class=\"eo-event-cat-visitor eo-event-cat-imag eo-event-past eo-multi-day eo-all-day\">\u00a0<a href=\"https:\/\/wpd.ugr.es\/~imag\/events\/event\/andreas-savas-halilaj\/\">Andreas Savas Halilaj<\/a>, Leibniz Universit\u00e4t Hannover, 01\/03\/2014 \u00bb 15\/03\/2014\u00a0<\/li>\n<li class=\"eo-event-cat-visitor eo-event-cat-imag eo-event-past eo-multi-day eo-all-day\">\u00a0<a href=\"https:\/\/wpd.ugr.es\/~imag\/events\/event\/francisco-martin\/\">Francisco Mart\u00edn<\/a>, Universidad de Granada, 01\/03\/2014 \u00bb 15\/03\/2014\u00a0<\/li>\n<li class=\"eo-event-cat-visitor eo-event-cat-imag eo-event-past eo-multi-day eo-all-day\">\u00a0<a href=\"https:\/\/wpd.ugr.es\/~imag\/events\/event\/knut-smocyk\/\">Knut Smocyk<\/a>, Leibniz Universit\u00e4t Hannover, 01\/03\/2014 \u00bb 15\/03\/2014\u00a0<\/li>\n<li class=\"eo-event-cat-grant-holder eo-event-cat-imag eo-event-past eo-multi-day eo-all-day\">\u00a0<a href=\"https:\/\/wpd.ugr.es\/~imag\/events\/event\/jesus-perez\/\">Jes\u00fas P\u00e9rez<\/a>, Universidad de Granada, 04\/03\/2014 \u00bb 14\/03\/2014\u00a0<\/li>\n<li class=\"eo-event-cat-visitor eo-event-cat-imag eo-event-past eo-multi-day eo-all-day\">\u00a0<a href=\"https:\/\/wpd.ugr.es\/~imag\/events\/event\/william-h-meeks-iii\/\">William H. Meeks III<\/a>, University of Massachusetts, Amherst, 19\/03\/2014 \u00bb 14\/06\/2014\u00a0<\/li>\n<li class=\"eo-event-venue-iemath-gr-2 eo-event-cat-visitor eo-event-cat-imag eo-event-past eo-multi-day eo-all-day\">\u00a0<a href=\"https:\/\/wpd.ugr.es\/~imag\/events\/event\/profesores-de-derecho-1a-tanda\/\">Profesores de Derecho<\/a>, UGR, 02\/04\/2014 \u00bb 31\/12\/2014\u00a0<\/li>\n<li class=\"eo-event-cat-visitor eo-event-cat-imag eo-event-past eo-multi-day eo-all-day\">\u00a0<a href=\"https:\/\/wpd.ugr.es\/~imag\/events\/event\/roberta-filippucci\/\">Roberta Filippucci<\/a>, Universit\u00e0 di Perugia, 21\/04\/2014 \u00bb 29\/04\/2014\u00a0<\/li>\n<li class=\"eo-event-cat-visitor eo-event-cat-imag eo-event-past eo-multi-day eo-all-day\">\u00a0<a href=\"https:\/\/wpd.ugr.es\/~imag\/events\/event\/pablo-galindo-salgado\/\">Pablo Galindo Salgado<\/a>, , 01\/05\/2014 \u00bb 30\/06\/2014\u00a0<\/li>\n<li class=\"eo-event-cat-visitor eo-event-cat-imag eo-event-past eo-multi-day eo-all-day\">\u00a0<a href=\"https:\/\/wpd.ugr.es\/~imag\/events\/event\/juan-jesus-salamanca-jurado\/\">Juan Jes\u00fas Salamanca Jurado<\/a>, , 19\/05\/2014 \u00bb 23\/05\/2014\u00a0<\/li>\n<li class=\"eo-event-venue-iemath-gr-2 eo-event-cat-visitor eo-event-cat-imag eo-event-past eo-multi-day\">\u00a0<a href=\"https:\/\/wpd.ugr.es\/~imag\/events\/event\/profesores-de-derecho-2a-tanda\/\">Profesores de Derecho<\/a>, UGR, 26\/05\/2014 21:32 \u00bb 31\/12\/2014 22:32\u00a0<\/li>\n<li class=\"eo-event-cat-visitor eo-event-cat-imag eo-event-past eo-multi-day eo-all-day\">\u00a0<a href=\"https:\/\/wpd.ugr.es\/~imag\/events\/event\/cristian-preda\/\">Cristian Preda<\/a>, Universitaire de Lille, 02\/06\/2014 \u00bb 13\/06\/2014\u00a0<\/li>\n<li class=\"eo-event-cat-grant-holder eo-event-cat-imag eo-event-past eo-multi-day eo-all-day\">\u00a0<a href=\"https:\/\/wpd.ugr.es\/~imag\/events\/event\/m-carmen-aguilera-morillo\/\">M. Carmen Aguilera Morillo<\/a>, Universidad Carlos III de Madrid, 02\/06\/2014 \u00bb 13\/06\/2014\u00a0<\/li>\n<li class=\"eo-event-venue-iemath-gr-2 eo-event-cat-visitor eo-event-cat-imag eo-event-past eo-multi-day eo-all-day\">\u00a0<a href=\"https:\/\/wpd.ugr.es\/~imag\/events\/event\/vicente-cortes\/\">Vicente Cort\u00e9s<\/a>, , 08\/06\/2014 \u00bb 14\/06\/2014\u00a0<\/li>\n<li class=\"eo-event-cat-visitor eo-event-cat-imag eo-event-past eo-multi-day eo-all-day\">\u00a0<a href=\"https:\/\/wpd.ugr.es\/~imag\/events\/event\/raghunath-arnab\/\">Raghunath Arnab<\/a>, , 09\/06\/2014 \u00bb 20\/06\/2014\u00a0<\/li>\n<li class=\"eo-event-cat-visitor eo-event-cat-imag eo-event-past eo-multi-day eo-all-day\">\u00a0<a href=\"https:\/\/wpd.ugr.es\/~imag\/events\/event\/beatriz-cobo-rodriguez\/\">Beatriz Cobo Rodr\u00edguez<\/a>, , 09\/06\/2014 \u00bb 20\/06\/2014\u00a0<\/li>\n<li class=\"eo-event-cat-visitor eo-event-cat-imag eo-event-past eo-multi-day eo-all-day\">\u00a0<a href=\"https:\/\/wpd.ugr.es\/~imag\/events\/event\/teresa-e-perez\/\">Juan Jos\u00e9 Moreno Balc\u00e1zar<\/a>, , 10\/06\/2014 \u00bb 13\/06\/2014\u00a0<\/li>\n<li class=\"eo-event-cat-visitor eo-event-cat-imag eo-event-past eo-multi-day eo-all-day\">\u00a0<a href=\"https:\/\/wpd.ugr.es\/~imag\/events\/event\/francisco-martin-leonor-ferrer\/\">Francisco Mart\u00edn \/ Leonor Ferrer<\/a>, , 12\/06\/2014 \u00bb 24\/06\/2014\u00a0<\/li>\n<li class=\"eo-event-venue-iemath-gr-2 eo-event-cat-visitor eo-event-cat-imag eo-event-past eo-multi-day eo-all-day\">\u00a0<a href=\"https:\/\/wpd.ugr.es\/~imag\/events\/event\/gian-paolo-leonardi\/\">Gian Paolo Leonardi<\/a>, Universit\u00e0 degli studi di Modena e Reggio Emilia, 30\/06\/2014 \u00bb 04\/07\/2014\u00a0<\/li>\n<li class=\"eo-event-venue-iemath-gr-2 eo-event-cat-visitor eo-event-cat-imag eo-event-past eo-multi-day eo-all-day\">\u00a0<a href=\"https:\/\/wpd.ugr.es\/~imag\/events\/event\/efstratios-vernadakis-2\/\">Efstratios Vernadakis<\/a>, Universidad de Granada, 01\/07\/2014 \u00bb 04\/07\/2014\u00a0<\/li>\n<li class=\"eo-event-cat-visitor eo-event-cat-imag eo-event-past eo-multi-day eo-all-day\">\u00a0<a href=\"https:\/\/wpd.ugr.es\/~imag\/events\/event\/jose-m-manzano\/\">Jos\u00e9 M. Manzano<\/a>, Universita degli Studi Roma Tre, 20\/08\/2014 \u00bb 19\/09\/2014\u00a0<\/li>\n<li class=\"eo-event-cat-visitor eo-event-cat-imag eo-event-past eo-multi-day eo-all-day\">\u00a0<a href=\"https:\/\/wpd.ugr.es\/~imag\/events\/event\/joeri-van-der-veken\/\">Joeri Van der Veken<\/a>, KU Leuven, 01\/09\/2014 \u00bb 12\/09\/2014\u00a0<\/li>\n<li class=\"eo-event-cat-visitor eo-event-cat-imag eo-event-past eo-multi-day eo-all-day\">\u00a0<a href=\"https:\/\/wpd.ugr.es\/~imag\/events\/event\/francisco-torralbo-2\/\">Francisco Torralbo<\/a>, KU Leuven, 01\/09\/2014 \u00bb 12\/09\/2014\u00a0<\/li>\n<li class=\"eo-event-venue-iemath-gr-2 eo-event-cat-visitor eo-event-cat-imag eo-event-past eo-multi-day eo-all-day\">\u00a0<a href=\"https:\/\/wpd.ugr.es\/~imag\/events\/event\/carlos-espinoza\/\">Carlos Espinoza<\/a>, Universidade Federal do Rio de Janeiro, Brazil, 01\/09\/2014 \u00bb 31\/08\/2015\u00a0<\/li>\n<li class=\"eo-event-venue-iemath-gr-2 eo-event-cat-visitor eo-event-cat-imag eo-event-past eo-multi-day eo-all-day\">\u00a0<a href=\"https:\/\/wpd.ugr.es\/~imag\/events\/event\/abigail-folha\/\">Abigail Folha<\/a>, Universidad Federal Fluminense, Brazil, 01\/09\/2014 \u00bb 31\/08\/2015\u00a0<\/li>\n<li class=\"eo-event-venue-iemath-gr-2 eo-event-cat-visitor eo-event-cat-imag eo-event-past eo-multi-day eo-all-day\">\u00a0<a href=\"https:\/\/wpd.ugr.es\/~imag\/events\/event\/elisa-ercolessi\/\">Elisa Ercolessi<\/a>, Universit\u00e0 di Bologna, 01\/09\/2014 \u00bb 07\/09\/2014\u00a0<\/li>\n<li class=\"eo-event-venue-iemath-gr-2 eo-event-cat-visitor eo-event-cat-imag eo-event-past eo-multi-day eo-all-day\">\u00a0<a href=\"https:\/\/wpd.ugr.es\/~imag\/events\/event\/albert-fathi-ana-m-candela\/\">Albert Fathi<\/a>, \u00c9cole Normale Sup\u00e9rieure de Lyon, 01\/09\/2014 \u00bb 12\/09\/2014\u00a0<\/li>\n<li class=\"eo-event-venue-iemath-gr-2 eo-event-cat-visitor eo-event-cat-imag eo-event-past eo-multi-day eo-all-day\">\u00a0<a href=\"https:\/\/wpd.ugr.es\/~imag\/events\/event\/jose-luis-jaramillo\/\">Jos\u00e9 Luis Jaramillo<\/a>, , 01\/09\/2014 \u00bb 12\/09\/2014\u00a0<\/li>\n<li class=\"eo-event-venue-iemath-gr-2 eo-event-cat-visitor eo-event-cat-imag eo-event-past eo-multi-day eo-all-day\">\u00a0<a href=\"https:\/\/wpd.ugr.es\/~imag\/events\/event\/ana-m-candela\/\">Anna M. Candela<\/a>, Universit\u00e0 degli Studi di Bari, 01\/09\/2014 \u00bb 10\/09\/2014\u00a0<\/li>\n<li class=\"eo-event-venue-iemath-gr-2 eo-event-cat-grant-holder eo-event-cat-visitor eo-event-cat-imag eo-event-past eo-multi-day eo-all-day\">\u00a0<a href=\"https:\/\/wpd.ugr.es\/~imag\/events\/event\/javier-alvarez-liebana\/\">Javier Alvarez Li\u00e9bana<\/a>, Universidad de Granada, 01\/09\/2014 \u00bb 31\/01\/2017\u00a0<\/li>\n<li class=\"eo-event-venue-iemath-gr-2 eo-event-cat-visitor eo-event-cat-imag eo-event-past eo-multi-day eo-all-day\">\u00a0<a href=\"https:\/\/wpd.ugr.es\/~imag\/events\/event\/marc-mars-jose-m-senovilla\/\">Marc Mars<\/a>, Universidad de Salamanca, 08\/09\/2014 \u00bb 12\/09\/2014\u00a0<\/li>\n<li class=\"eo-event-venue-iemath-gr-2 eo-event-cat-visitor eo-event-cat-imag eo-event-past eo-multi-day eo-all-day\">\u00a0<a href=\"https:\/\/wpd.ugr.es\/~imag\/events\/event\/jose-m-m-senovilla\/\">Jos\u00e9 M. M. Senovilla<\/a>, Universidad del Pa\u00eds Vasco, 08\/09\/2014 \u00bb 12\/09\/2014\u00a0<\/li>\n<li class=\"eo-event-venue-iemath-gr-2 eo-event-cat-visitor eo-event-cat-imag eo-event-past eo-multi-day eo-all-day\">\u00a0<a href=\"https:\/\/wpd.ugr.es\/~imag\/events\/event\/olaf-muller\/\">Olaf M\u00fcller<\/a>, , 08\/09\/2014 \u00bb 10\/09\/2014\u00a0<\/li>\n<li class=\"eo-event-venue-iemath-gr-2 eo-event-cat-visitor eo-event-cat-imag eo-event-past eo-multi-day eo-all-day\">\u00a0<a href=\"https:\/\/wpd.ugr.es\/~imag\/events\/event\/%e2%80%8bkonstantina-panagiotidou\/\">\u200bKonstantina Panagiotidou<\/a>, , 15\/09\/2014 \u00bb 31\/10\/2014\u00a0<\/li>\n<li class=\"eo-event-venue-iemath-gr-2 eo-event-cat-visitor eo-event-cat-imag eo-event-past eo-multi-day eo-all-day\">\u00a0<a href=\"https:\/\/wpd.ugr.es\/~imag\/events\/event\/cagri-haciyusufoglui\/\">\u00c7a\u011fr\u0131 Hac\u0131yusufo\u011flui<\/a>, Koc University, Sariyer-Istanbul, Turkey, 15\/09\/2014 \u00bb 14\/09\/2015\u00a0<\/li>\n<li class=\"eo-event-venue-iemath-gr-2 eo-event-cat-grant-holder eo-event-cat-imag eo-event-past eo-multi-day eo-all-day\">\u00a0<a href=\"https:\/\/wpd.ugr.es\/~imag\/events\/event\/jesus-perez-garcia\/\">Jes\u00fas P\u00e9rez Garc\u00eda<\/a>, UGR, 15\/09\/2014 \u00bb 31\/08\/2016\u00a0<\/li>\n<li class=\"eo-event-venue-iemath-gr-2 eo-event-cat-visitor eo-event-cat-imag eo-event-past eo-multi-day eo-all-day\">\u00a0<a href=\"https:\/\/wpd.ugr.es\/~imag\/events\/event\/pieralberto-sicbaldi\/\">Pieralberto Sicbaldi<\/a>, Institut de Math\u00e9matiques de Marseille, France), 20\/09\/2014 \u00bb 28\/02\/2015\u00a0<\/li>\n<li class=\"eo-event-venue-iemath-gr-2 eo-event-cat-grant-holder eo-event-cat-visitor eo-event-cat-imag eo-event-past eo-multi-day eo-all-day\">\u00a0<a href=\"https:\/\/wpd.ugr.es\/~imag\/events\/event\/efstratios-vernadakis-3\/\">Efstratios Vernadakis<\/a>, , 22\/09\/2014 \u00bb 30\/11\/2015\u00a0<\/li>\n<li class=\"eo-event-venue-iemath-gr-2 eo-event-cat-visitor eo-event-cat-imag eo-event-past eo-multi-day eo-all-day\">\u00a0<a href=\"https:\/\/wpd.ugr.es\/~imag\/events\/event\/miguel-sanchez-caja-2\/\">V\u00edctor Aldaya<\/a>, Instituto de Astrof\u00edsica de Andaluc\u00eda, IAA-CSIC, 22\/09\/2014 \u00bb 28\/02\/2015\u00a0<\/li>\n<li class=\"eo-event-venue-iemath-gr-2 eo-event-cat-visitor eo-event-cat-imag eo-event-past eo-multi-day eo-all-day\">\u00a0<a href=\"https:\/\/wpd.ugr.es\/~imag\/events\/event\/ahlem-ben-ali-essaleh\/\">Ahlem Ben Ali Essaleh<\/a>, Faculte des Sciences de Monastir, D\u00e9partement de Math\u00e9matiques, Monastir, Tunisia (ahlem.benalisaleh@gmail.com), 02\/10\/2014 \u00bb 20\/12\/2014\u00a0<\/li>\n<li class=\"eo-event-venue-iemath-gr-2 eo-event-cat-visitor eo-event-cat-imag eo-event-past eo-multi-day eo-all-day\">\u00a0<a href=\"https:\/\/wpd.ugr.es\/~imag\/events\/event\/francescantonio-oliva\/\">Francescantonio Oliva<\/a>, Universita di Roma &#8220;La Sapienza&#8221;, 05\/10\/2014 \u00bb 28\/02\/2015\u00a0<\/li>\n<li class=\"eo-event-venue-iemath-gr-2 eo-event-cat-visitor eo-event-cat-imag eo-event-past eo-multi-day eo-all-day\">\u00a0<a href=\"https:\/\/wpd.ugr.es\/~imag\/events\/event\/olga-gil-medrano\/\">Olga Gil Medrano<\/a>, , 13\/10\/2014 \u00bb 31\/10\/2014\u00a0<\/li>\n<li class=\"eo-event-venue-iemath-gr-2 eo-event-cat-visitor eo-event-cat-imag eo-event-past eo-multi-day eo-all-day\">\u00a0<a href=\"https:\/\/wpd.ugr.es\/~imag\/events\/event\/francesca-de-marchis-universidad-de-roma-2\/\">Francesca De Marchis (Universidad de Roma 2)<\/a>, , 17\/10\/2014 \u00bb 24\/10\/2014\u00a0<\/li>\n<li class=\"eo-event-cat-visitor eo-event-cat-imag eo-event-past eo-multi-day eo-all-day\">\u00a0<a href=\"https:\/\/wpd.ugr.es\/~imag\/events\/event\/maribel-ramirez\/\">Maribel Ram\u00edrez<\/a>, , 20\/10\/2014 \u00bb 22\/10\/2014\u00a0<\/li>\n<li class=\"eo-event-cat-visitor eo-event-cat-imag eo-event-past eo-multi-day eo-all-day\">\u00a0<a href=\"https:\/\/wpd.ugr.es\/~imag\/events\/event\/maribel-ramirez\/\">Maribel Ram\u00edrez<\/a>, , 27\/10\/2014 \u00bb 29\/10\/2014\u00a0<\/li>\n<li class=\"eo-event-venue-iemath-gr-2 eo-event-cat-visitor eo-event-cat-imag eo-event-past eo-multi-day eo-all-day\">\u00a0<a href=\"https:\/\/wpd.ugr.es\/~imag\/events\/event\/yongsheng-jiang\/\">Yongsheng Jiang<\/a>, , 30\/10\/2014 \u00bb 01\/12\/2014\u00a0<\/li>\n<li class=\"eo-event-venue-iemath-gr-2 eo-event-cat-visitor eo-event-cat-imag eo-event-past eo-multi-day eo-all-day\">\u00a0<a href=\"https:\/\/wpd.ugr.es\/~imag\/events\/event\/tommaso-leonori-2\/\">Tommaso Leonori<\/a>, , 31\/10\/2014 \u00bb 03\/11\/2014\u00a0<\/li>\n<li class=\"eo-event-venue-iemath-gr-2 eo-event-cat-grant-holder eo-event-cat-visitor eo-event-cat-imag eo-event-past eo-multi-day eo-all-day\">\u00a0<a href=\"https:\/\/wpd.ugr.es\/~imag\/events\/event\/beatriz-cobo-rodriguez-2\/\">Beatriz Cobo Rodr\u00edguez<\/a>, Universidad de Granada, 31\/10\/2014 \u00bb 01\/09\/2018\u00a0<\/li>\n<li class=\"eo-event-venue-iemath-gr-2 eo-event-cat-grant-holder eo-event-cat-visitor eo-event-cat-imag eo-event-past eo-multi-day eo-all-day\">\u00a0<a href=\"https:\/\/wpd.ugr.es\/~imag\/events\/event\/mohsen-niazi\/\">Mohsen Niazi<\/a>, Faculty of Mathematical Sciences, University of Birjand, Iran, 10\/11\/2014 \u00bb 19\/05\/2015\u00a0<\/li>\n<li class=\"eo-event-venue-iemath-gr-2 eo-event-cat-visitor eo-event-cat-imag eo-event-past eo-multi-day eo-all-day\">\u00a0<a href=\"https:\/\/wpd.ugr.es\/~imag\/events\/event\/jose-espinar-2\/\">Jos\u00e9 Espinar<\/a>, IMPA, R\u00edo de Janeiro, Brasil., 24\/11\/2014 \u00bb 19\/12\/2014\u00a0<\/li>\n<li class=\"eo-event-venue-iemath-gr-2 eo-event-cat-visitor eo-event-cat-imag eo-event-past eo-multi-day eo-all-day\">\u00a0<a href=\"https:\/\/wpd.ugr.es\/~imag\/events\/event\/haimer-alexander-trejos-serna\/\">Haimer Alexander Trejos Serna<\/a>, IMPA (Rio de Janeiro, Brazil), 24\/11\/2014 \u00bb 19\/12\/2014\u00a0<\/li>\n<li class=\"eo-event-venue-iemath-gr-2 eo-event-cat-visitor eo-event-cat-imag eo-event-past eo-multi-day eo-all-day\">\u00a0<a href=\"https:\/\/wpd.ugr.es\/~imag\/events\/event\/dimas-percy-abanto-silva\/\">Dimas Percy Abanto Silva<\/a>, IMPA, 24\/11\/2014 \u00bb 19\/12\/2014\u00a0<\/li>\n<li class=\"eo-event-venue-iemath-gr-2 eo-event-cat-visitor eo-event-cat-imag eo-event-past eo-multi-day eo-all-day\">\u00a0<a href=\"https:\/\/wpd.ugr.es\/~imag\/events\/event\/antonio-martinez-2\/\">Antonio Mart\u00ednez<\/a>, , 15\/12\/2014 \u00bb 05\/03\/2015\u00a0<\/li>\n<li class=\"eo-event-venue-iemath-gr-2 eo-event-cat-visitor eo-event-cat-imag eo-event-past eo-multi-day eo-all-day\">\u00a0<a href=\"https:\/\/wpd.ugr.es\/~imag\/events\/event\/felix-schulze\/\">Felix Schulze<\/a>, University College London, UK, 15\/12\/2014 \u00bb 19\/12\/2014\u00a0<\/li>\n<\/ul>\n","protected":false},"excerpt":{"rendered":"<p><span class=\"more-link\"><a href=\"https:\/\/wpd.ugr.es\/~imag\/events\/event\/felix-schulze\/\">Continue Reading<\/a><\/span><\/p>\n","protected":false},"author":1,"featured_media":0,"parent":0,"menu_order":0,"comment_status":"closed","ping_status":"open","template":"","meta":{"footnotes":""},"translation":{"provider":"WPGlobus","version":"3.0.0","language":"en","enabled_languages":["en"],"languages":{"en":{"title":true,"content":true,"excerpt":false}}},"_links":{"self":[{"href":"https:\/\/wpd.ugr.es\/~imag\/wp-json\/wp\/v2\/pages\/587"}],"collection":[{"href":"https:\/\/wpd.ugr.es\/~imag\/wp-json\/wp\/v2\/pages"}],"about":[{"href":"https:\/\/wpd.ugr.es\/~imag\/wp-json\/wp\/v2\/types\/page"}],"author":[{"embeddable":true,"href":"https:\/\/wpd.ugr.es\/~imag\/wp-json\/wp\/v2\/users\/1"}],"replies":[{"embeddable":true,"href":"https:\/\/wpd.ugr.es\/~imag\/wp-json\/wp\/v2\/comments?post=587"}],"version-history":[{"count":14,"href":"https:\/\/wpd.ugr.es\/~imag\/wp-json\/wp\/v2\/pages\/587\/revisions"}],"predecessor-version":[{"id":1775,"href":"https:\/\/wpd.ugr.es\/~imag\/wp-json\/wp\/v2\/pages\/587\/revisions\/1775"}],"wp:attachment":[{"href":"https:\/\/wpd.ugr.es\/~imag\/wp-json\/wp\/v2\/media?parent=587"}],"curies":[{"name":"wp","href":"https:\/\/api.w.org\/{rel}","templated":true}]}}