{"id":7515,"date":"2021-10-12T19:36:17","date_gmt":"2021-10-12T17:36:17","guid":{"rendered":"https:\/\/wpd.ugr.es\/~iemath\/?page_id=7515"},"modified":"2025-04-21T12:47:53","modified_gmt":"2025-04-21T10:47:53","slug":"member-applications","status":"publish","type":"page","link":"https:\/\/wpd.ugr.es\/~imag\/member-applications\/","title":{"rendered":"Joining the institute"},"content":{"rendered":"<div class=\"one_half\">\n<h2><strong>Members<\/strong><\/h2>\n<p>The members of the institute must fulfill the following conditions.<\/p>\n<ul>\n<li>To be included in the teaching or research UGR staff (article 4 of the UGR universitary institutes regulations).<\/li>\n<li>Own at least two research periods (six years) approved by the Comisi\u00f3n Nacional Evaluadora de la Actividad Investigadora.<\/li>\n<li>No member can belong to two different UGR institutes.<\/li>\n<\/ul>\n<p>The UGR Council will proceed to the adscription of new members after an approval report has been issued by the Institute and the Department where the members belong to. Staff with temporal contracts will be members while the contracts are active.<\/p>\n<\/div>\n<div class=\"one_half last\">\n<h2><strong>Associate members<\/strong><\/h2>\n<p>Researchers from other insitutions could be associate members under the following conditions.<\/p>\n<ul>\n<li>Members of active research projects of the Plan Nacional de I+D+i, members of a Proyecto de Excelencia or of a Grupo de\u00a0Investigaci\u00f3n from the Junta de Andaluc\u00eda linked with UGR, whose research actitvity is related to Mathematics, independently from their home institution. These members must own two research periods approved by the Comisi\u00f3n Nacional Evaluadora de la Actividad Investigadora.<\/li>\n<li>Applications of non-mathematicians researchers related to mathematics at the UGR could be also considered.<\/li>\n<\/ul>\n<p>Associated members will not be part ot the Institute Council. However, they can use the facilities at the institute as any other member of the Insitute.\n<\/div>\n<div class=\"clear\"><\/div>\n<\/p>\n<h2><strong>New adscriptions<\/strong><\/h2>\n<p>The procedure to become a member or associate member is the following one.<\/p>\n<ol>\n<li>Fill and sign the form:<br \/>\n<a href=\"https:\/\/wpd.ugr.es\/~imag\/cms\/wp-content\/uploads\/APOYO-Y-SOLICITUD-DE-ADSCRIPCION-AL-INSTITUTO-DE-MATEMATICAS-DE-LA-UGR-English.pdf\">Request of adscription to the institute (member\/associate member application form)<\/a><\/li>\n<li>The form will also include a curriculum vitae of the applicant and the approval of its Department Council, or in the case of researchers outside the UGR,\u00a0 from their host institution; the application must be endorsed by two institute members (<a href=\"https:\/\/wpd.ugr.es\/~imag\/cms\/wp-content\/uploads\/FORMULARIO-DE-APROBACION-English.pdf\">endorsement form<\/a>).<\/li>\n<li>UGR staff must also provide a sworn statement\u00a0 (<a href=\"https:\/\/wpd.ugr.es\/~imag\/cms\/wp-content\/uploads\/DECLARACION-JURADA-English.pdf\">form<\/a>) declaring that they do not belong to another UGR research institute (UGR research institute regulations).<\/li>\n<\/ol>\n<p>The application will be sent by email to <strong>imag.secretaria@ugr.es<\/strong>.<\/p>\n<p>Once the Covernance Council of the Institute approves the application, the applicant must send to Vicerrectorado de Pol\u00edtica Cient\u00edfica e Investigaci\u00f3n of the UGR (via Sede Electr\u00f3nica (<a href=\"https:\/\/sede.ugr.es\/\">https:\/\/sede.ugr.es\/<\/a>) with copy to the e-mail <a href=\"investigacion@ugr.es\">investigacion@ugr.es<\/a>) the following documents:<\/p>\n<ul>\n<li>Adscription form to a UGR research institute (<a href=\"https:\/\/wpd.ugr.es\/~imag\/cms\/wp-content\/uploads\/MODELO_SOLIC_ADSCR_INSTITUTO.doc\">download<\/a>).<\/li>\n<li>Positive report of the institute concerning the application.<\/li>\n<li>Positive report of the Department Council of the applicant&#8217;s host department, or for researchers outside the UGR, of their host institution.<\/li>\n<\/ul>\n","protected":false},"excerpt":{"rendered":"<p>New adscriptions The procedure to become a member or associate member is the following one. Fill and sign the form: Request of adscription to the institute (member\/associate member application form) The form will also include a curriculum vitae of the applicant and the approval of its Department Council, or in<span class=\"more-link\"><a href=\"https:\/\/wpd.ugr.es\/~imag\/member-applications\/\">Continue Reading<\/a><\/span><\/p>\n","protected":false},"author":1,"featured_media":0,"parent":0,"menu_order":0,"comment_status":"closed","ping_status":"closed","template":"","meta":{"footnotes":""},"translation":{"provider":"WPGlobus","version":"3.0.0","language":"en","enabled_languages":["en"],"languages":{"en":{"title":true,"content":true,"excerpt":false}}},"_links":{"self":[{"href":"https:\/\/wpd.ugr.es\/~imag\/wp-json\/wp\/v2\/pages\/7515"}],"collection":[{"href":"https:\/\/wpd.ugr.es\/~imag\/wp-json\/wp\/v2\/pages"}],"about":[{"href":"https:\/\/wpd.ugr.es\/~imag\/wp-json\/wp\/v2\/types\/page"}],"author":[{"embeddable":true,"href":"https:\/\/wpd.ugr.es\/~imag\/wp-json\/wp\/v2\/users\/1"}],"replies":[{"embeddable":true,"href":"https:\/\/wpd.ugr.es\/~imag\/wp-json\/wp\/v2\/comments?post=7515"}],"version-history":[{"count":26,"href":"https:\/\/wpd.ugr.es\/~imag\/wp-json\/wp\/v2\/pages\/7515\/revisions"}],"predecessor-version":[{"id":12790,"href":"https:\/\/wpd.ugr.es\/~imag\/wp-json\/wp\/v2\/pages\/7515\/revisions\/12790"}],"wp:attachment":[{"href":"https:\/\/wpd.ugr.es\/~imag\/wp-json\/wp\/v2\/media?parent=7515"}],"curies":[{"name":"wp","href":"https:\/\/api.w.org\/{rel}","templated":true}]}}