{"id":7609,"date":"2021-10-22T23:40:10","date_gmt":"2021-10-22T21:40:10","guid":{"rendered":"https:\/\/wpd.ugr.es\/~iemath\/?page_id=7609"},"modified":"2022-02-21T19:24:30","modified_gmt":"2022-02-21T18:24:30","slug":"young-researchers-math-seminar-2020-2021","status":"publish","type":"page","link":"https:\/\/wpd.ugr.es\/~imag\/young-researchers-math-seminar-2020-2021\/","title":{"rendered":"Young Researchers Math Seminar 2020\/2021"},"content":{"rendered":"<p><strong>Schedule:<\/strong> On Tuesdays with a recurrence of every two weeks (12:00 a 13:00 a.m), unless otherwise indicated.<br \/>\n<strong>Where: <\/strong> Seminar 1<br \/>\n<strong>Organizers:<\/strong> Mar\u00eda Luisa Castillo Godoy, Jes\u00fas Castro Infantes, Claudia Garc\u00eda L\u00f3pez y Manuel Garz\u00f3n Mart\u00ednez.<\/p>\n<hr>\n<\/hr>\n<p> <a href=\"https:\/\/wpd.ugr.es\/~imag\/young-researchers-math-seminar-20152016\">2015\/2016 academic year talks<\/a><\/p>\n<p> <a href=\"https:\/\/wpd.ugr.es\/~imag\/young-researchers-math-seminar-20162017\">2016\/2017 academic year talks<\/a><\/p>\n<p> <a href=\"https:\/\/wpd.ugr.es\/~imag\/young-researchers-math-seminar-20172018\/\">2017\/2018 academic year talks<\/a><\/p>\n<p> <a href=\"https:\/\/wpd.ugr.es\/~imag\/young-researchers-math-seminar-2018-2019\/\">2018\/2019 academic year talks<\/a><\/p>\n<p> <a href=\"https:\/\/wpd.ugr.es\/~imag\/young-researchers-math-seminar-2019-2020\/\">2019\/2020 academic year talks<\/a><\/p>\n<hr>\n<\/hr>\n<p><strong>29\/09\/2020 &#8211; Antonio Fern\u00e1ndez Romero <\/strong> (Universidad de Sevilla)<br \/>\n<strong>T\u00edtulo:<\/strong> <em>Glioblastoma growth model with Nonlinera Diffusion.<\/em><\/p>\n<p><strong>15\/10\/2020 &#8211; Manuel Garz\u00f3n Mart\u00ednez<\/strong> (Universidad de Granada)<br \/>\n<strong>T\u00edtulo:<\/strong> <em>Nonlinear Analysis techniques for the Lorentz force equation<\/em><\/p>\n<p><strong>29\/10\/2020 &#8211; Alicia Quero de la Rosa<\/strong> (Universidad de Granada)<br \/>\n<strong>T\u00edtulo:<\/strong> <em>Numerical index of absolute symmetric norms on the plane<\/em><\/p>\n<p><strong>12\/11\/2020 &#8211; Juli\u00e1n Pozuelo<\/strong> (Universidad de Granada)<br \/>\n<strong>T\u00edtulo:<\/strong> <em>El problema isoperim\u00e9trico en el grupo de Heisenberg sub-Finsler.<\/em><\/p>\n<p><strong>26\/11\/2020 &#8211; Mar\u00eda Eugenia Celorrio Ram\u00edrez<\/strong> (Universidad de Granada)<br \/>\n<strong>T\u00edtulo:<\/strong> <em>Arens regularity of Banach algebras.<\/em><\/p>\n<p><strong>10\/12\/2020 &#8211; Javier Cueto Garc\u00eda<\/strong> (Universidad de Castilla y la Mancha)<br \/>\n<strong>T\u00edtulo:<\/strong> <em>Vector variational problems based on fractional and nonlocal gradients. Relationship with solid mechanics.<\/em><\/p>\n<p><strong>14\/01\/2021 &#8211; Juan Carlos Cantero<\/strong> (Universitat Aut\u00f2noma de Barcelona)<br \/>\n<strong>T\u00edtulo:<\/strong> <em>Global-in-time \\(C^{1+\\gamma}\\) regularity for Cauchy patches.<\/em><\/p>\n<p><strong>28\/01\/2021 &#8211; Rub\u00e9n Medina<\/strong> (Universidad de Granada)<br \/>\n<strong>T\u00edtulo:<\/strong> <em>Geometr\u00eda de la bola unidad en espacios de Banach: estabilidad de la topolog\u00eda d\u00e9bil.<\/em><\/p>\n<p><strong>11\/02\/2021 &#8211; Mar\u00eda Cueto Avellaneda<\/strong> (Universidad de Granada)<br \/>\n<strong>T\u00edtulo:<\/strong> <em>Three notions, one theorem.<\/em><\/p>\n<p><strong>25\/02\/2021 &#8211; Gianmarco Giovannardi<\/strong><br \/>\n<strong>T\u00edtulo:<\/strong> <em>Variations for submanifolds in graded manifolds.<\/em><br \/>\n<a href=\"https:\/\/wpd.ugr.es\/~imag\/events\/event\/seminario-de-jovenes-investigadores-en-matematicas-48\/\">+info<\/a><\/p>\n<p><strong>10\/03\/2021 &#8211; Alejandro Ramos Lora<\/strong><br \/>\n<strong>T\u00edtulo:<\/strong> <em>An understanding of the physical solutions and the blow-up phenomenon for Nonlinear Noisy Leaky Integrate and Fire neuronal models.<\/em><br \/>\n<a href=\"https:\/\/wpd.ugr.es\/~imag\/events\/event\/seminario-de-jovenes-investigadores-en-matematicas-49\/\">+info<\/a><\/p>\n<p><strong>24\/03\/2021 &#8211; Manuel Soriano Trigueros<\/strong> (Universidad de Sevilla)<br \/>\n<strong>T\u00edtulo:<\/strong> <em>Persistent Homology, the shape of data.<\/em><br \/>\n<a href=\"https:\/\/wpd.ugr.es\/~imag\/events\/event\/seminario-de-jovenes-investigadores-en-matematicas-50\/\">+info<\/a><\/p>\n<p><strong>7\/03\/2021 &#8211; Rafael Chiclana Vega<\/strong>  (Universidad de Granada)<br \/>\n<strong>T\u00edtulo:<\/strong> <em>Funciones lipschitzianas en curvas C\u00b2.<\/em><br \/>\n<a href=\"https:\/\/wpd.ugr.es\/~imag\/events\/event\/seminario-de-jovenes-investigadores-en-matematicas-51\/\">+info<\/a><\/p>\n<p><strong>28\/04\/2021 &#8211; Salah Eddargani<\/strong>  (Universidad de Granada)<br \/>\n<strong>T\u00edtulo:<\/strong> <em>A geometric characterization of Powell-Sabin triangulations allowing the construction of C\u00b2 quartic splines.<\/em><br \/>\n<a href=\"https:\/\/wpd.ugr.es\/~imag\/events\/event\/seminario-de-jovenes-investigadores-en-matematicas-52\/\">+info<\/a><\/p>\n<p><strong>19\/05\/2021 &#8211; Jos\u00e9 Ram\u00f3n Trillo V\u00edlchez<\/strong><br \/>\n<strong>T\u00edtulo:<\/strong> <em>Promoting Explainability in Fuzzy Systems via Hierarchical Fuzzy Exception Rules<\/em><br \/>\n<a href=\"https:\/\/wpd.ugr.es\/~imag\/events\/event\/seminario-de-jovenes-investigadores-en-matematicas-53\/\">+info<\/a><\/p>\n<p><strong>2\/06\/2021 &#8211; Marisa C. Godoy<\/strong>  (Universidad de Granada)<br \/>\n<strong>T\u00edtulo:<\/strong> <em>Espacios L\u1d56 no conmutativos y ortogonalidad.<\/em><br \/>\n<a href=\"https:\/\/wpd.ugr.es\/~imag\/events\/event\/seminario-de-jovenes-investigadores-en-matematicas-54\/\">+info<\/a><\/p>\n<p><strong>23\/06\/2021 &#8211; Alejandro Garriz Molina<\/strong><br \/>\n<strong>T\u00edtulo:<\/strong> <em>Travelling-wave behaviour in doubly nonlinear reaction-diffusion equations.<\/em><br \/>\n<a href=\"https:\/\/wpd.ugr.es\/~imag\/events\/event\/seminario-de-jovenes-investigadores-en-matematicas-55\/\">+info<\/a><\/p>\n<p><strong>30\/06\/2021 &#8211; David Moya<\/strong> (Universidad de Granada)<br \/>\n<strong>T\u00edtulo:<\/strong> <em>Desigualdades isoperim\u00e9tricas en \\(\\mathbb{H}^3\\).<\/em><br \/>\n<a href=\"https:\/\/wpd.ugr.es\/~imag\/events\/event\/seminario-de-jovenes-investigadores-en-matematicas-56\/\">+info<\/a><\/p>\n","protected":false},"excerpt":{"rendered":"<p>Schedule: On Tuesdays with a recurrence of every two weeks (12:00 a 13:00 a.m), unless otherwise indicated. Where: Seminar 1 Organizers: Mar\u00eda Luisa Castillo Godoy, Jes\u00fas Castro Infantes, Claudia Garc\u00eda L\u00f3pez y Manuel Garz\u00f3n Mart\u00ednez. 2015\/2016 academic year talks 2016\/2017 academic year talks 2017\/2018 academic year talks 2018\/2019 academic year<span class=\"more-link\"><a href=\"https:\/\/wpd.ugr.es\/~imag\/young-researchers-math-seminar-2020-2021\/\">Continue Reading<\/a><\/span><\/p>\n","protected":false},"author":1,"featured_media":0,"parent":0,"menu_order":0,"comment_status":"closed","ping_status":"closed","template":"","meta":{"footnotes":""},"translation":{"provider":"WPGlobus","version":"3.0.0","language":"en","enabled_languages":["en"],"languages":{"en":{"title":true,"content":true,"excerpt":false}}},"_links":{"self":[{"href":"https:\/\/wpd.ugr.es\/~imag\/wp-json\/wp\/v2\/pages\/7609"}],"collection":[{"href":"https:\/\/wpd.ugr.es\/~imag\/wp-json\/wp\/v2\/pages"}],"about":[{"href":"https:\/\/wpd.ugr.es\/~imag\/wp-json\/wp\/v2\/types\/page"}],"author":[{"embeddable":true,"href":"https:\/\/wpd.ugr.es\/~imag\/wp-json\/wp\/v2\/users\/1"}],"replies":[{"embeddable":true,"href":"https:\/\/wpd.ugr.es\/~imag\/wp-json\/wp\/v2\/comments?post=7609"}],"version-history":[{"count":14,"href":"https:\/\/wpd.ugr.es\/~imag\/wp-json\/wp\/v2\/pages\/7609\/revisions"}],"predecessor-version":[{"id":7614,"href":"https:\/\/wpd.ugr.es\/~imag\/wp-json\/wp\/v2\/pages\/7609\/revisions\/7614"}],"wp:attachment":[{"href":"https:\/\/wpd.ugr.es\/~imag\/wp-json\/wp\/v2\/media?parent=7609"}],"curies":[{"name":"wp","href":"https:\/\/api.w.org\/{rel}","templated":true}]}}