{"id":9783,"date":"2023-02-21T12:27:58","date_gmt":"2023-02-21T11:27:58","guid":{"rendered":"https:\/\/wpd.ugr.es\/~imag\/?page_id=9783"},"modified":"2025-04-28T11:12:10","modified_gmt":"2025-04-28T09:12:10","slug":"ciclo-matematicasimaginacion","status":"publish","type":"page","link":"https:\/\/wpd.ugr.es\/~imag\/ciclo-matematicasimaginacion\/","title":{"rendered":"Ciclo: MATem\u00e1ticas+IMAGinaci\u00f3n"},"content":{"rendered":"<p><strong>MATem\u00e1ticas+IMAGinaci\u00f3n<\/strong> is a program of talks given by leading communicators aimed to the general public, with very interesting topics:<\/p>\n<ul>\n<li><strong>8 de Noviembre 2024<\/strong>: Rafael L\u00f3pez Camino (Dpto. Geometr\u00eda y Topolog\u00eda, UGR). T\u00edtulo: <a href=\"https:\/\/wpd.ugr.es\/~imag\/events\/event\/coloquio-imag-cual-es-la-forma-de-una-cupula\/\" target=\"_blank\" rel=\"noopener\">\u00bfCu\u00e1l es la forma de una c\u00fapula?<\/a><\/li>\n<li><strong>27 de Octubre de 2023:<\/strong> Capi Corrales Rodrig\u00e1\u00f1ez (Dpto. \u00c1lgebra, UCM). T\u00edtulo: <a href=\"https:\/\/wpd.ugr.es\/~imag\/events\/event\/mam-matematicas-arte-y-mujeres\/\">MA&#8217;M: Matem\u00e1ticas, Arte y Mujeres<\/a>. <\/li>\n<li><strong>21 de Abril de 2023:<\/strong> Sergio Barbero Briones (Instituto de \u00d3ptica &#8220;Daza de Vald\u00e9s&#8221;. CSIC. Madrid). T\u00edtulo: <a href=\"https:\/\/wpd.ugr.es\/~imag\/events\/event\/geodesicas-causticas-y-catastrofes-lo-caminos-geometricos-de-la-luz\/\" target=\"_blank\" rel=\"noopener\">Geod\u00e9sicas, c\u00e1usticas y cat\u00e1strofes: Los caminos geom\u00e9tricos de la luz<\/a>.<\/li>\n<li><strong>16 de Marzo 2023:<\/strong> Jos\u00e9 Pedro Moreno (Universidad Aut\u00f3noma de Madrid). T\u00edtulo: <a href=\"https:\/\/wpd.ugr.es\/~imag\/events\/event\/jose-pedro-moreno-triangulos-de-kobon\/\">Tri\u00e1ngulos de Kobon<\/a>.<\/li>\n<li><strong>5 de Noviembre 2022:<\/strong> Clara Grima (Universidad de Sevilla). T\u00edtulo: <a href=\"https:\/\/wpd.ugr.es\/~imag\/events\/event\/ciclo-matematicas-imaginacion\/\">En busca del grafo perdido<\/a>.<\/li>\n<\/ul>\n","protected":false},"excerpt":{"rendered":"<p>MATem\u00e1ticas+IMAGinaci\u00f3n is a program of talks given by leading communicators aimed to the general public, with very interesting topics: 8 de Noviembre 2024: Rafael L\u00f3pez Camino (Dpto. Geometr\u00eda y Topolog\u00eda, UGR). T\u00edtulo: \u00bfCu\u00e1l es la forma de una c\u00fapula? 27 de Octubre de 2023: Capi Corrales Rodrig\u00e1\u00f1ez (Dpto. \u00c1lgebra, UCM).<span class=\"more-link\"><a href=\"https:\/\/wpd.ugr.es\/~imag\/ciclo-matematicasimaginacion\/\">Continue Reading<\/a><\/span><\/p>\n","protected":false},"author":1,"featured_media":0,"parent":0,"menu_order":0,"comment_status":"closed","ping_status":"closed","template":"","meta":{"footnotes":""},"translation":{"provider":"WPGlobus","version":"3.0.0","language":"en","enabled_languages":["en"],"languages":{"en":{"title":true,"content":true,"excerpt":false}}},"_links":{"self":[{"href":"https:\/\/wpd.ugr.es\/~imag\/wp-json\/wp\/v2\/pages\/9783"}],"collection":[{"href":"https:\/\/wpd.ugr.es\/~imag\/wp-json\/wp\/v2\/pages"}],"about":[{"href":"https:\/\/wpd.ugr.es\/~imag\/wp-json\/wp\/v2\/types\/page"}],"author":[{"embeddable":true,"href":"https:\/\/wpd.ugr.es\/~imag\/wp-json\/wp\/v2\/users\/1"}],"replies":[{"embeddable":true,"href":"https:\/\/wpd.ugr.es\/~imag\/wp-json\/wp\/v2\/comments?post=9783"}],"version-history":[{"count":8,"href":"https:\/\/wpd.ugr.es\/~imag\/wp-json\/wp\/v2\/pages\/9783\/revisions"}],"predecessor-version":[{"id":12834,"href":"https:\/\/wpd.ugr.es\/~imag\/wp-json\/wp\/v2\/pages\/9783\/revisions\/12834"}],"wp:attachment":[{"href":"https:\/\/wpd.ugr.es\/~imag\/wp-json\/wp\/v2\/media?parent=9783"}],"curies":[{"name":"wp","href":"https:\/\/api.w.org\/{rel}","templated":true}]}}