{"id":16,"date":"2020-06-15T11:32:07","date_gmt":"2020-06-15T11:32:07","guid":{"rendered":"https:\/\/wpd.ugr.es\/~josema\/wordpress\/?page_id=16"},"modified":"2025-05-09T07:35:51","modified_gmt":"2025-05-09T07:35:51","slug":"phd-information","status":"publish","type":"page","link":"https:\/\/wpd.ugr.es\/~josema\/wordpress\/phd-information\/","title":{"rendered":"PhD information"},"content":{"rendered":"\n<p><strong><mark style=\"background-color:rgba(0, 0, 0, 0)\" class=\"has-inline-color has-black-color\">Bel\u00e9n Parra Torrej\u00f3n<\/mark><\/strong><br>Title: Nanomateriales multifuncionales inspirados en la estructura \u00f3sea con aplicaciones en medio ambiente y salud.<br><em>(2023, July)<\/em><br>Doctoral supervisor: Jos\u00e9 Manuel Delgado L\u00f3pez \/ Gloria Bel\u00e9n Ram\u00edrez Rodr\u00edguez<br>Email: belenparrato@ugr.es<\/p>\n\n\n\n<p><\/p>\n\n\n\n<p><strong><mark style=\"background-color:rgba(0, 0, 0, 0)\" class=\"has-inline-color has-very-dark-gray-color\">Laura Sabio Rodr\u00edguez<\/mark><\/strong><br>Title: Nanoqu\u00edmica con Bacterias, Biopol\u00edmeros y Biofibras. Una nueva v\u00eda para el tratamiento de infecciones.<br><em>(2022, April)<\/em><br>Doctoral supervisor: Jos\u00e9 Manuel Dom\u00ednguez Vera \/ Jos\u00e9 Manuel Delgado L\u00f3pez<br>Email: laurasabio@ugr.es<br><\/p>\n\n\n\n<p><strong><mark style=\"background-color:rgba(0, 0, 0, 0)\" class=\"has-inline-color has-very-dark-gray-color\">V\u00edctor Jes\u00fas Garc\u00e9s Robles<\/mark><\/strong><br>Title: Nanopart\u00edculas Met\u00e1licas en Bacterias Probi\u00f3ticas. Implicaciones Biotecnol\u00f3gicas<br><em>(2018, July)<\/em><br>Doctoral supervisor: Jos\u00e9 Manuel Dom\u00ednguez Vera \/ Natividad G\u00e1lvez Rodr\u00edguez<br>Email: vigaro@ugr.es<br><\/p>\n\n\n\n<p><strong><mark style=\"background-color:rgba(0, 0, 0, 0)\" class=\"has-inline-color has-very-dark-gray-color\">Manuel Jos\u00e9 S\u00e1nchez del Castillo<\/mark><\/strong><br>Title: Iones Met\u00e1licos en la Neuroqu\u00edmica de Ferritina y Frataxina<br><em>(2018, June)<\/em><br>Doctoral supervisor: Jos\u00e9 Manuel Dom\u00ednguez Vera \/ Natividad G\u00e1lvez Rodr\u00edguez<br>Email: masandel@ugr.es<br><\/p>\n\n\n\n<p><strong><mark style=\"background-color:rgba(0, 0, 0, 0)\" class=\"has-inline-color has-very-dark-gray-color\">Ana Isabel Gonz\u00e1lez Garnica<\/mark><\/strong><br>Title: Materiales Bioinspirados basados en Bacterias. Aplicaciones Biom\u00e9dicas<br><em>(2018, January)<\/em><br>Doctoral supervisor: Jos\u00e9 Manuel Dom\u00ednguez Vera \/ Natividad G\u00e1lvez Rodr\u00edguez<br>Email: agongar@ugr.es<br><\/p>\n\n\n\n<p><strong><mark style=\"background-color:rgba(0, 0, 0, 0)\" class=\"has-inline-color has-very-dark-gray-color\">Roc\u00edo Jurado Palomares<\/mark><\/strong><br>Title: Nanoestructuras H\u00edbridas Bioinorg\u00e1nicas. Aplicaciones en Nanomedicina<br><em>(2017, December)<\/em><br>Doctoral supervisor: Natividad G\u00e1lvez Rodr\u00edguez \/ Jos\u00e9 Juan Calvino G\u00e1mez<br>Email: rociojp@ugr.es<br><\/p>\n\n\n\n<p><strong><mark style=\"background-color:rgba(0, 0, 0, 0)\" class=\"has-inline-color has-very-dark-gray-color\">Miguel \u00c1ngel Mart\u00edn Marcos<\/mark><\/strong><br>Title: Bacterias Magn\u00e9ticas Biomim\u00e9ticas. Aplicaciones Biom\u00e9dicas<br><em>(2015, July)<\/em><br>Doctoral supervisor: Jos\u00e9 Manuel Dom\u00ednguez Vera \/ Natividad G\u00e1lvez Rodr\u00edguez<br>Email: mmartinmarcos@ugr.es<br><\/p>\n\n\n\n<p><strong><mark style=\"background-color:rgba(0, 0, 0, 0)\" class=\"has-inline-color has-very-dark-gray-color\">Fernando Carmona Rodr\u00edguez-Acosta<\/mark><\/strong><br>Title: Materiales basados en el Metabolismo del Hierro<br><em>(2014, June)<\/em><br>Doctoral supervisor: Jos\u00e9 Manuel Dom\u00ednguez Vera<br>Email: fcar@ugr.es<br><\/p>\n\n\n\n<p><strong><mark style=\"background-color:rgba(0, 0, 0, 0)\" class=\"has-inline-color has-very-dark-gray-color\">Juan de Dios L\u00f3pez Castro<\/mark><\/strong><br>Title: Estudio por Microscop\u00eda Electr\u00f3nica de Transmisi\u00f3n de Nanopart\u00edculas de Ferritinas Nativas, Sint\u00e9ticas y Patol\u00f3gicas<br><em>(2011, March)<\/em><br>Doctoral supervisor: Jos\u00e9 Manuel Dom\u00ednguez Vera \/ Juan Jos\u00e9 Delgado Ja\u00e9n<br>Email: juan.lopezcastro@uca.es<br><\/p>\n\n\n\n<p><strong><mark style=\"background-color:rgba(0, 0, 0, 0)\" class=\"has-inline-color has-very-dark-gray-color\">Elsa Valero Romero<\/mark><\/strong><br>Title: Nanopart\u00edculas Met\u00e1licas con Aplicaciones Biom\u00e9dicas<br><em>(2011, May)<\/em><br>Doctoral supervisor: Jos\u00e9 Manuel Dom\u00ednguez Vera \/ Natividad G\u00e1lvez Rodr\u00edguez<br>Email: elsav@ugr.es<br><\/p>\n\n\n\n<p><strong><mark style=\"background-color:rgba(0, 0, 0, 0)\" class=\"has-inline-color has-very-dark-gray-color\">Mar\u00eda Bel\u00e9n Fern\u00e1ndez L\u00f3pez<\/mark><\/strong><br>Title: Ferritinas Naturales y Sint\u00e9ticas. Implicaciones Nanobiom\u00e9dicas<br><em>(2009, April)<\/em><br>Doctoral supervisor: Jos\u00e9 Manuel Dom\u00ednguez Vera \/ Natividad G\u00e1lvez Rodr\u00edguez<br>Email: belenfernandez@ugr.es<\/p>\n","protected":false},"excerpt":{"rendered":"<p>Bel\u00e9n Parra Torrej\u00f3nTitle: Nanomateriales multifuncionales inspirados en la estructura \u00f3sea con aplicaciones en medio ambiente y salud.(2023, July)Doctoral supervisor: Jos\u00e9 Manuel Delgado L\u00f3pez \/ Gloria Bel\u00e9n Ram\u00edrez Rodr\u00edguezEmail: belenparrato@ugr.es Laura &#8230;<\/p>\n","protected":false},"author":1,"featured_media":0,"parent":0,"menu_order":0,"comment_status":"closed","ping_status":"closed","template":"","meta":{"footnotes":""},"class_list":["post-16","page","type-page","status-publish","hentry"],"_links":{"self":[{"href":"https:\/\/wpd.ugr.es\/~josema\/wordpress\/wp-json\/wp\/v2\/pages\/16","targetHints":{"allow":["GET"]}}],"collection":[{"href":"https:\/\/wpd.ugr.es\/~josema\/wordpress\/wp-json\/wp\/v2\/pages"}],"about":[{"href":"https:\/\/wpd.ugr.es\/~josema\/wordpress\/wp-json\/wp\/v2\/types\/page"}],"author":[{"embeddable":true,"href":"https:\/\/wpd.ugr.es\/~josema\/wordpress\/wp-json\/wp\/v2\/users\/1"}],"replies":[{"embeddable":true,"href":"https:\/\/wpd.ugr.es\/~josema\/wordpress\/wp-json\/wp\/v2\/comments?post=16"}],"version-history":[{"count":6,"href":"https:\/\/wpd.ugr.es\/~josema\/wordpress\/wp-json\/wp\/v2\/pages\/16\/revisions"}],"predecessor-version":[{"id":207,"href":"https:\/\/wpd.ugr.es\/~josema\/wordpress\/wp-json\/wp\/v2\/pages\/16\/revisions\/207"}],"wp:attachment":[{"href":"https:\/\/wpd.ugr.es\/~josema\/wordpress\/wp-json\/wp\/v2\/media?parent=16"}],"curies":[{"name":"wp","href":"https:\/\/api.w.org\/{rel}","templated":true}]}}