{"id":28,"date":"2013-12-09T12:02:37","date_gmt":"2013-12-09T12:02:37","guid":{"rendered":"http:\/\/wdb.ugr.es\/~jperez\/?page_id=28"},"modified":"2023-03-19T21:01:15","modified_gmt":"2023-03-19T20:01:15","slug":"docencia","status":"publish","type":"page","link":"https:\/\/wpd.ugr.es\/~jperez\/docencia\/","title":{"rendered":"Docencia"},"content":{"rendered":"<p><span style=\"text-decoration: underline;\">Curso acad\u00e9mico 2022-23<\/span><\/p>\n<p><!-- \n<a title=\"Geometr\u00eda II\"><strong>Geometr\u00eda II<\/strong><\/a>\n1er curso grado en Matem\u00e1ticas, Grupo B.\n3 cr\u00e9ditos. Asignatura de 2\u00ba cuatrimestre.\n\n<strong>Horario:<\/strong> Lunes 17-18h, presencial en aula G06 para el subgrupo B1 y online para el subgrupo B2.\n         Martes 17-18h, presencial en aula G06 para el subgrupo B2 y online para el subgrupo B1.\n         Mi\u00e9rcoles 17-18h, online para todo el grupo B.\n         Jueves 16-17h presencial en aula A22 para el subgrupo B2. No se retransmite online.\n         Jueves 17-18h presencial en aula G5 para el subgrupo B1. No se retransmite online.\n<strong>Sala virtual para clases online:<\/strong>\n<a href=\"https:\/\/ugr.zoom.us\/my\/mastermat1\" rel=\"noopener\" target=\"_blank\">https:\/\/ugr.zoom.us\/my\/mastermat1<\/a>\nContrase\u00f1a de inicio de sesi\u00f3n: 8L4ruu\n\n<strong>Tutor\u00edas:<\/strong> Martes de 17:30 a 20:30 y viernes de 9 a 12h. Previa cita por correo electr\u00f3nico.\n<a href=\"https:\/\/pradogrado2021.ugr.es\/course\/view.php?id=4256&notifyeditingon=1\" rel=\"noopener noreferrer\" target=\"_blank\">P\u00e1gina web de la asignatura<\/a>\n\n\n<hr \/>\n\n\n--><\/p>\n<p><strong>GRADO<\/strong><\/p>\n<p><a title=\"Algebra Lineal y Geometr\u00eda II\"><strong>Algebra Lineal y Geometr\u00eda II<\/strong><\/a><br \/>\n1er curso grado en F\u00edsicas, Grupo B.<br \/>\n5 cr\u00e9ditos (asignatura de 7&#8217;5 cr\u00e9ditos de 2\u00ba semestre).<\/p>\n<p><strong>Horario:<\/strong> Teor\u00eda: Lunes, Martes, Mi\u00e9rcoles de 11 a 12 h (Aula G08)<br \/>\nPr\u00e1cticas: Jueves de 12 a 13 (B1, aula G08) y de 13 a 14 (B2, aula G22)<br \/>\n<!-- \n<strong>Sala virtual para clases online:<\/strong>\n<a href=\"https:\/\/ugr.zoom.us\/my\/mastermat2\" rel=\"noopener\" target=\"_blank\">https:\/\/ugr.zoom.us\/my\/mastermat2<\/a>\nContrase\u00f1a de inicio de sesi\u00f3n: 9L73vK\n--><br \/>\nTutor\u00edas: Lunes y Mi\u00e9rcoles 17:30-20:30h, previa cita por correo electr\u00f3nico.<\/p>\n<p><a href=\"https:\/\/pradogrado2223.ugr.es\/course\/view.php?id=3016\" rel=\"noopener noreferrer\" target=\"_blank\">P\u00e1gina web de la asignatura<\/a><\/p>\n<hr \/>\n<p><a title=\"Taller de Geometr\u00eda y Topolog\u00eda (en Ingl\u00e9s)\"><strong>Taller de Geometr\u00eda y Topolog\u00eda (en Ingl\u00e9s)<\/strong><\/a><br \/>\n4\u00ba curso grado en Matem\u00e1ticas.<br \/>\n4 cr\u00e9ditos (asignatura optativa de 6 cr\u00e9ditos de 2\u00ba semestre).<\/p>\n<p><strong>Horario:<\/strong> Teor\u00eda: Lunes, Martes, Mi\u00e9rcoles y Jueves de 13 a 14 h (Aula MS1)<br \/>\n<!-- \n<strong>Sala virtual para clases online:<\/strong>\n<a href=\"https:\/\/ugr.zoom.us\/my\/mastermat2\" rel=\"noopener\" target=\"_blank\">https:\/\/ugr.zoom.us\/my\/mastermat2<\/a>\nContrase\u00f1a de inicio de sesi\u00f3n: 9L73vK\n--><br \/>\nTutor\u00edas: Lunes y Mi\u00e9rcoles 17:30-20:30h, previa cita por correo electr\u00f3nico.<\/p>\n<p><a href=\"https:\/\/pradogrado2223.ugr.es\/course\/view.php?id=7857\" rel=\"noopener noreferrer\" target=\"_blank\">P\u00e1gina web de la asignatura<\/a><\/p>\n<hr \/>\n<p><a title=\"Formas y Curvatura\"><strong>Formas y Curvatura<\/strong><\/a><br \/>\nCurso de m\u00e1ster\u00a0en el programa de Postgrado\u00a0Matem\u00e1ticas de las Universidades de Almer\u00eda, C\u00e1diz, Granada, Ja\u00e9n y M\u00e1laga.<br \/>\n3 cr\u00e9ditos. Asignatura de 2\u00ba semestre.<br \/>\nHorario: Jueves y viernes 8-11:30h (Seminario 1 IMAG)<br \/>\n<strong>Sala virtual para clases online:<\/strong><br \/>\n<a href=\"https:\/\/ugr.zoom.us\/my\/mastermat1\" rel=\"noopener\" target=\"_blank\">https:\/\/ugr.zoom.us\/my\/mastermat1<\/a><br \/>\nContrase\u00f1a de inicio de sesi\u00f3n: 8L4ruu<\/p>\n<hr \/>\n","protected":false},"excerpt":{"rendered":"<p>Curso acad\u00e9mico 2022-23 GRADO Algebra Lineal y Geometr\u00eda II 1er curso grado en F\u00edsicas, Grupo B. 5 cr\u00e9ditos (asignatura de&hellip;<\/p>\n","protected":false},"author":1,"featured_media":0,"parent":0,"menu_order":0,"comment_status":"closed","ping_status":"closed","template":"","meta":{"_monsterinsights_skip_tracking":false,"_monsterinsights_sitenote_active":false,"_monsterinsights_sitenote_note":"","_monsterinsights_sitenote_category":0,"footnotes":""},"class_list":["post-28","page","type-page","status-publish","hentry"],"_links":{"self":[{"href":"https:\/\/wpd.ugr.es\/~jperez\/wp-json\/wp\/v2\/pages\/28","targetHints":{"allow":["GET"]}}],"collection":[{"href":"https:\/\/wpd.ugr.es\/~jperez\/wp-json\/wp\/v2\/pages"}],"about":[{"href":"https:\/\/wpd.ugr.es\/~jperez\/wp-json\/wp\/v2\/types\/page"}],"author":[{"embeddable":true,"href":"https:\/\/wpd.ugr.es\/~jperez\/wp-json\/wp\/v2\/users\/1"}],"replies":[{"embeddable":true,"href":"https:\/\/wpd.ugr.es\/~jperez\/wp-json\/wp\/v2\/comments?post=28"}],"version-history":[{"count":52,"href":"https:\/\/wpd.ugr.es\/~jperez\/wp-json\/wp\/v2\/pages\/28\/revisions"}],"predecessor-version":[{"id":1438,"href":"https:\/\/wpd.ugr.es\/~jperez\/wp-json\/wp\/v2\/pages\/28\/revisions\/1438"}],"wp:attachment":[{"href":"https:\/\/wpd.ugr.es\/~jperez\/wp-json\/wp\/v2\/media?parent=28"}],"curies":[{"name":"wp","href":"https:\/\/api.w.org\/{rel}","templated":true}]}}

<p><span style="text-decoration: underline;">Curso académico 2022-23</span></p>
<p><!-- 
<a title="Geometría II"><strong>Geometría II</strong></a>
1er curso grado en Matemáticas, Grupo B.
3 créditos. Asignatura de 2º cuatrimestre.

<strong>Horario:</strong> Lunes 17-18h, presencial en aula G06 para el subgrupo B1 y online para el subgrupo B2.
         Martes 17-18h, presencial en aula G06 para el subgrupo B2 y online para el subgrupo B1.
         Miércoles 17-18h, online para todo el grupo B.
         Jueves 16-17h presencial en aula A22 para el subgrupo B2. No se retransmite online.
         Jueves 17-18h presencial en aula G5 para el subgrupo B1. No se retransmite online.
<strong>Sala virtual para clases online:</strong>
<a href="https://ugr.zoom.us/my/mastermat1" rel="noopener" target="_blank">https://ugr.zoom.us/my/mastermat1</a>
Contraseña de inicio de sesión: 8L4ruu

<strong>Tutorías:</strong> Martes de 17:30 a 20:30 y viernes de 9 a 12h. Previa cita por correo electrónico.
<a href="https://pradogrado2021.ugr.es/course/view.php?id=4256&notifyeditingon=1" rel="noopener noreferrer" target="_blank">Página web de la asignatura</a>


<hr />


--></p>
<p><strong>GRADO</strong></p>
<p><a title="Algebra Lineal y Geometría II"><strong>Algebra Lineal y Geometría II</strong></a><br />
1er curso grado en Físicas, Grupo B.<br />
5 créditos (asignatura de 7&#8217;5 créditos de 2º semestre).</p>
<p><strong>Horario:</strong> Teoría: Lunes, Martes, Miércoles de 11 a 12 h (Aula G08)<br />
Prácticas: Jueves de 12 a 13 (B1, aula G08) y de 13 a 14 (B2, aula G22)<br />
<!-- 
<strong>Sala virtual para clases online:</strong>
<a href="https://ugr.zoom.us/my/mastermat2" rel="noopener" target="_blank">https://ugr.zoom.us/my/mastermat2</a>
Contraseña de inicio de sesión: 9L73vK
--><br />
Tutorías: Lunes y Miércoles 17:30-20:30h, previa cita por correo electrónico.</p>
<p><a href="https://pradogrado2223.ugr.es/course/view.php?id=3016" rel="noopener noreferrer" target="_blank">Página web de la asignatura</a></p>
<hr />
<p><a title="Taller de Geometría y Topología (en Inglés)"><strong>Taller de Geometría y Topología (en Inglés)</strong></a><br />
4º curso grado en Matemáticas.<br />
4 créditos (asignatura optativa de 6 créditos de 2º semestre).</p>
<p><strong>Horario:</strong> Teoría: Lunes, Martes, Miércoles y Jueves de 13 a 14 h (Aula MS1)<br />
<!-- 
<strong>Sala virtual para clases online:</strong>
<a href="https://ugr.zoom.us/my/mastermat2" rel="noopener" target="_blank">https://ugr.zoom.us/my/mastermat2</a>
Contraseña de inicio de sesión: 9L73vK
--><br />
Tutorías: Lunes y Miércoles 17:30-20:30h, previa cita por correo electrónico.</p>
<p><a href="https://pradogrado2223.ugr.es/course/view.php?id=7857" rel="noopener noreferrer" target="_blank">Página web de la asignatura</a></p>
<hr />
<p><a title="Formas y Curvatura"><strong>Formas y Curvatura</strong></a><br />
Curso de máster en el programa de Postgrado Matemáticas de las Universidades de Almería, Cádiz, Granada, Jaén y Málaga.<br />
3 créditos. Asignatura de 2º semestre.<br />
Horario: Jueves y viernes 8-11:30h (Seminario 1 IMAG)<br />
<strong>Sala virtual para clases online:</strong><br />
<a href="https://ugr.zoom.us/my/mastermat1" rel="noopener" target="_blank">https://ugr.zoom.us/my/mastermat1</a><br />
Contraseña de inicio de sesión: 8L4ruu</p>
<hr />

<p>Curso académico 2022-23 GRADO Algebra Lineal y Geometría II 1er curso grado en Físicas, Grupo B. 5 créditos (asignatura de&hellip;</p>
