{"id":769,"date":"2019-09-02T12:54:53","date_gmt":"2019-09-02T12:54:53","guid":{"rendered":"http:\/\/wpd.ugr.es\/~makerspace\/wordpress\/?page_id=769"},"modified":"2022-05-20T11:18:04","modified_gmt":"2022-05-20T09:18:04","slug":"academiamaker","status":"publish","type":"page","link":"https:\/\/wpd.ugr.es\/~makerspace\/wordpresss\/academiamaker\/","title":{"rendered":"AcademiaMaker"},"content":{"rendered":"<p><img loading=\"lazy\" class=\"aligncenter wp-image-1282 size-large\" src=\"https:\/\/wpd.ugr.es\/~makerspace\/wordpresss\/wp-content\/uploads\/2020\/12\/logo-academiamaker-1-1024x62.png\" alt=\"\" width=\"605\" height=\"37\" srcset=\"https:\/\/wpd.ugr.es\/~makerspace\/wordpresss\/wp-content\/uploads\/2020\/12\/logo-academiamaker-1-1024x62.png 1024w, https:\/\/wpd.ugr.es\/~makerspace\/wordpresss\/wp-content\/uploads\/2020\/12\/logo-academiamaker-1-300x18.png 300w, https:\/\/wpd.ugr.es\/~makerspace\/wordpresss\/wp-content\/uploads\/2020\/12\/logo-academiamaker-1-768x47.png 768w, https:\/\/wpd.ugr.es\/~makerspace\/wordpresss\/wp-content\/uploads\/2020\/12\/logo-academiamaker-1-1536x93.png 1536w, https:\/\/wpd.ugr.es\/~makerspace\/wordpresss\/wp-content\/uploads\/2020\/12\/logo-academiamaker-1-2048x124.png 2048w, https:\/\/wpd.ugr.es\/~makerspace\/wordpresss\/wp-content\/uploads\/2020\/12\/logo-academiamaker-1-100x6.png 100w, https:\/\/wpd.ugr.es\/~makerspace\/wordpresss\/wp-content\/uploads\/2020\/12\/logo-academiamaker-1-150x9.png 150w, https:\/\/wpd.ugr.es\/~makerspace\/wordpresss\/wp-content\/uploads\/2020\/12\/logo-academiamaker-1-200x12.png 200w, https:\/\/wpd.ugr.es\/~makerspace\/wordpresss\/wp-content\/uploads\/2020\/12\/logo-academiamaker-1-450x27.png 450w, https:\/\/wpd.ugr.es\/~makerspace\/wordpresss\/wp-content\/uploads\/2020\/12\/logo-academiamaker-1-600x36.png 600w, https:\/\/wpd.ugr.es\/~makerspace\/wordpresss\/wp-content\/uploads\/2020\/12\/logo-academiamaker-1-900x55.png 900w\" sizes=\"(max-width: 605px) 100vw, 605px\" \/><\/p>\n<table style=\"width: 100%; border-collapse: collapse; background-color: #788ca1; height: 24px;\">\n<tbody>\n<tr style=\"height: 24px;\">\n<td style=\"width: 100%; height: 24px; background-color: #a1cbd6; border-style: none; text-align: center;\"><\/td>\n<\/tr>\n<\/tbody>\n<\/table>\n<p>AcademiaMakerUGR es una puerta al universo de la fabricaci\u00f3n digital y el prototipado r\u00e1pido con maquinaria CNC. Es la estructura de formaci\u00f3n y divulgaci\u00f3n integrada en MakerSpaceUGR.<\/p>\n<p>Los usuarios que est\u00e9n interesados en poseer conocimiento experto sobre\u00a0 la utilidad y alcance de las herramientas maker pueden acceder a \u00e9l mediante los cursos de capacitaci\u00f3n y actividades que la academia oferta. Tambi\u00e9n, asistir a la sesi\u00f3n maker semanal o visitar nuestro canal en <a href=\"https:\/\/www.youtube.com\/channel\/UCrk0UtQ3HkGNxig3l2SbfTw\" target=\"_blank\" rel=\"noopener\">YouTube<\/a>.<\/p>\n<table style=\"width: 100%; border-collapse: collapse; background-color: #788ca1; height: 24px;\">\n<tbody>\n<tr style=\"height: 24px;\">\n<td style=\"width: 100%; height: 24px; background-color: #a1cbd6; border-style: none; text-align: center;\"><span style=\"font-size: 12pt;\">CURSOS DE INICIACI\u00d3N ONLINE<\/span><span style=\"color: #ffffff;\"><span style=\"font-size: 12pt;\"><br \/>\n<\/span><\/span><\/td>\n<\/tr>\n<\/tbody>\n<\/table>\n<p>La academia oferta Cursos de Iniciaci\u00f3n Online que de manera remota exponen con claridad la utilidad y funcionamiento de cada una de la m\u00e1quinas incluidas en MakerSpaceUGR. Todos aquellos que hagan el curso y superen las pruebas incluidas, quedar\u00e1n registrados como maker acreditado y podr\u00e1 hacer uso de la m\u00e1quina correspondiente.<\/p>\n<div class=\"wptb-table-container wptb-table-1855\"><div class=\"wptb-table-container-matrix\" id=\"wptb-table-id-1855\" data-wptb-version=\"2.0.6\" data-wptb-pro-status=\"false\"><table class=\"wptb-preview-table wptb-element-main-table_setting-1855 edit-active\" style=\"border: 1px solid rgb(209, 209, 209);\" data-reconstraction=\"1\" data-wptb-table-tds-sum-max-width=\"263\" data-wptb-cells-width-auto-count=\"2\" role=\"table\" data-wptb-header-background-color=\"\" data-wptb-even-row-background-color=\"\" data-wptb-odd-row-background-color=\"\" data-table-columns=\"2\" data-wptb-extra-styles=\"LyogRW50ZXIgeW91ciBjdXN0b20gQ1NTIHJ1bGVzIGhlcmUgKi8=\" data-wptb-table-alignment=\"center\"><tbody><tr class=\"wptb-row\" data-wptb-bg-color=\"\"><td class=\"wptb-cell\" data-y-index=\"0\" data-x-index=\"0\" style=\"border: 1px solid rgb(209, 209, 209);\" data-wptb-css-td-auto-width=\"true\"><div class=\"wptb-image-container wptb-ph-element wptb-element-image-1\"><div class=\"wptb-image-wrapper\">            <a style=\"display: block; width: 40%; float: right;\" class=\"\"><img src=\"\/\/wpd.ugr.es\/~makerspace\/wordpresss\/wp-content\/uploads\/2021\/02\/FINAL.jpg\" style=\"width: 100%;\" width=\"1500\" height=\"1500\" class=\" wptb-image-element-target\"><\/a>        <\/div><\/div><\/td><td class=\"wptb-cell\" data-y-index=\"0\" data-x-index=\"1\" style=\"border: 1px solid rgb(209, 209, 209);\" data-wptb-css-td-auto-width=\"true\"><div class=\"wptb-text-container wptb-ph-element wptb-element-text-2\" style=\"color: rgb(74, 85, 104); font-size: 15px;\"><div class=\"\" style=\"position: relative;\"><p>IMPRESI&Oacute;N 3D<br><br><\/p><\/div><\/div><div class=\"wptb-custom_html-container wptb-ph-element wptb-element-custom_html-2\"><div class=\"wptb-custom-html-wrapper\" data-wptb-new-element=\"1\" style=\"position: relative;\"><a href=\"https:\/\/wpd.ugr.es\/~makerspace\/wordpresss\/academiamakerugr-curso-online-impresion3d\/\" data-mce-href=\"..\/academiamakerugr-curso-online-impresion3d\/\">Acceso a Curso de Iniciaci&oacute;n Online<\/a>\n<br><a href=\"https:\/\/wpd.ugr.es\/~makerspace\/wordpresss\/maquinas-y-manuales-de-uso\/\" data-mce-href=\"..\/maquinas-y-manuales-de-uso\/\">Acceso a inventario de m&aacute;quinas&#65279;<\/a><\/div><\/div><\/td><\/tr><tr class=\"wptb-row\" data-wptb-bg-color=\"\"><td class=\"wptb-cell\" data-y-index=\"1\" data-x-index=\"0\" style=\"border: 1px solid rgb(209, 209, 209);\" data-wptb-css-td-auto-width=\"true\"><div class=\"wptb-image-container wptb-ph-element wptb-element-image-2\"><div class=\"wptb-image-wrapper\">            <a style=\"display: block; width: 40%; float: right;\" class=\"\"><img src=\"\/\/wpd.ugr.es\/~makerspace\/wordpresss\/wp-content\/uploads\/2019\/10\/MA.jpg\" style=\"width: 100%;\" width=\"1000\" height=\"1000\" class=\" wptb-image-element-target\"><\/a>        <\/div><\/div><\/td><td class=\"wptb-cell\" data-y-index=\"1\" data-x-index=\"1\" style=\"border: 1px solid rgb(209, 209, 209);\" data-wptb-css-td-auto-width=\"true\"><div class=\"wptb-text-container wptb-ph-element wptb-element-text-3\" style=\"color: rgb(74, 85, 104); font-size: 15px;\"><div class=\"\" style=\"position: relative;\"><p>CORTE Y GRABADO L&Aacute;SER<br><\/p><p><\/p><\/div><\/div><div class=\"wptb-custom_html-container wptb-ph-element wptb-element-custom_html-1\"><div class=\"wptb-custom-html-wrapper\" data-wptb-new-element=\"1\" style=\"position: relative;\"><a href=\"https:\/\/wpd.ugr.es\/~makerspace\/wordpresss\/?page_id=1187\" rel=\"noopener noreferrer\" data-mce-href=\"..\/?page_id=1187\">Acceso a Curso de Iniciaci&oacute;n Online<\/a> <br> <a href=\"https:\/\/wpd.ugr.es\/~makerspace\/wordpresss\/maquinas-y-manuales-de-uso\/\" data-mce-href=\"..\/maquinas-y-manuales-de-uso\/\">Acceso a inventario de m&aacute;quinas<\/a><\/div><\/div><\/td><\/tr><tr class=\"wptb-row\" data-wptb-bg-color=\"\"><td class=\"wptb-cell\" data-y-index=\"2\" data-x-index=\"0\" style=\"border: 1px solid rgb(209, 209, 209);\" data-wptb-css-td-auto-width=\"true\"><div class=\"wptb-image-container wptb-ph-element wptb-element-image-3\"><div class=\"wptb-image-wrapper\">            <a style=\"display: block; width: 40%; float: right;\" class=\"\"><img src=\"\/\/wpd.ugr.es\/~makerspace\/wordpresss\/wp-content\/uploads\/2019\/10\/Fresado.jpg\" style=\"width: 100%;\" width=\"1000\" height=\"1000\" class=\" wptb-image-element-target\"><\/a>        <\/div><\/div><\/td><td class=\"wptb-cell\" data-y-index=\"2\" data-x-index=\"1\" style=\"border: 1px solid rgb(209, 209, 209);\" data-wptb-css-td-auto-width=\"true\"><div class=\"wptb-text-container wptb-ph-element wptb-element-text-1\"><div class=\"\" style=\"position: relative;\"><p>MECANIZADO CNC<br><\/p><p><\/p><\/div><\/div><div class=\"wptb-custom_html-container wptb-ph-element wptb-element-custom_html-3\"><div class=\"wptb-custom-html-wrapper\" data-wptb-new-element=\"1\" style=\"position: relative;\"><a href=\"https:\/\/wpd.ugr.es\/~makerspace\/wordpresss\/academiamakerugr-curso-online-mecanizado-cnc\/\" data-mce-href=\"..\/academiamakerugr-curso-online-mecanizado-cnc\/\">Acceso a Curso de Iniciaci&oacute;n Online<\/a><br><a href=\"https:\/\/wpd.ugr.es\/~makerspace\/wordpresss\/maquinas-y-manuales-de-uso\/\" data-mce-href=\"..\/maquinas-y-manuales-de-uso\/\">Acceso a inventario de m&aacute;quinas&#65279;<\/a><\/div><\/div><\/td><\/tr><tr class=\"wptb-row\"><td class=\"wptb-cell\" style=\"border: 1px solid rgb(209, 209, 209);\" data-x-index=\"0\" data-y-index=\"3\" data-wptb-css-td-auto-width=\"true\"><div class=\"wptb-image-container wptb-ph-element wptb-element-image-6\"><div class=\"wptb-image-wrapper\">            <a style=\"display: block; width: 40%; float: right;\" class=\"\"><img src=\"\/\/wpd.ugr.es\/~makerspace\/wordpresss\/wp-content\/uploads\/2021\/09\/34-edit-e1632678884195.png\" style=\"width: 100%;\" class=\"wptb-image-element-target\" width=\"594\" height=\"584\"><\/a>        <\/div><\/div><\/td><td class=\"wptb-cell\" style=\"border: 1px solid rgb(209, 209, 209);\" data-x-index=\"1\" data-y-index=\"3\" data-wptb-css-td-auto-width=\"true\"><div class=\"wptb-text-container wptb-ph-element wptb-element-text-6\"><div class=\"\" style=\"position: relative;\"><p>ESCANEADO 3D<br><\/p><p><\/p><\/div><\/div><div class=\"wptb-custom_html-container wptb-ph-element wptb-element-custom_html-4\"><div class=\"wptb-custom-html-wrapper\" data-wptb-new-element=\"1\" style=\"position: relative;\"><a href=\"https:\/\/wpd.ugr.es\/~makerspace\/wordpresss\/academiamakerugr-curso-online-escaner-3d\/\" data-mce-href=\"..\/academiamakerugr-curso-online-escaner-3d\/\">Acceso a Curso de Iniciaci&oacute;n Online<\/a><br><a href=\"https:\/\/wpd.ugr.es\/~makerspace\/wordpresss\/maquinas-y-manuales-de-uso\/\" data-mce-href=\"..\/maquinas-y-manuales-de-uso\/\">Acceso a inventario de m&aacute;quinas<\/a><\/div><\/div><\/td><\/tr><\/tbody><\/table><\/div><\/div>\n\n<table style=\"width: 100%;\">\n<tbody>\n<tr>\n<td style=\"width: 100%; background-color: #a1cbd6; border-style: none; text-align: center;\"><span style=\"font-size: 12pt;\">SESI\u00d3N MAKER<\/span><\/td>\n<\/tr>\n<\/tbody>\n<\/table>\n<p>Semanalmente se celebra la Sesi\u00f3n Maker en donde de manera colaborativa se intercambian conocimientos, se atienden consultas y se comparten inquietudes.<\/p>\n<p><img loading=\"lazy\" class=\"size-medium wp-image-1094 aligncenter\" src=\"https:\/\/wpd.ugr.es\/~makerspace\/wordpresss\/wp-content\/uploads\/2020\/01\/MAKER_cartel-138x300.jpg\" alt=\"\" width=\"138\" height=\"300\" srcset=\"https:\/\/wpd.ugr.es\/~makerspace\/wordpresss\/wp-content\/uploads\/2020\/01\/MAKER_cartel-138x300.jpg 138w, https:\/\/wpd.ugr.es\/~makerspace\/wordpresss\/wp-content\/uploads\/2020\/01\/MAKER_cartel-472x1024.jpg 472w, https:\/\/wpd.ugr.es\/~makerspace\/wordpresss\/wp-content\/uploads\/2020\/01\/MAKER_cartel-768x1665.jpg 768w, https:\/\/wpd.ugr.es\/~makerspace\/wordpresss\/wp-content\/uploads\/2020\/01\/MAKER_cartel-708x1536.jpg 708w, https:\/\/wpd.ugr.es\/~makerspace\/wordpresss\/wp-content\/uploads\/2020\/01\/MAKER_cartel-100x217.jpg 100w, https:\/\/wpd.ugr.es\/~makerspace\/wordpresss\/wp-content\/uploads\/2020\/01\/MAKER_cartel-150x325.jpg 150w, https:\/\/wpd.ugr.es\/~makerspace\/wordpresss\/wp-content\/uploads\/2020\/01\/MAKER_cartel-200x434.jpg 200w, https:\/\/wpd.ugr.es\/~makerspace\/wordpresss\/wp-content\/uploads\/2020\/01\/MAKER_cartel-300x650.jpg 300w, https:\/\/wpd.ugr.es\/~makerspace\/wordpresss\/wp-content\/uploads\/2020\/01\/MAKER_cartel-450x976.jpg 450w, https:\/\/wpd.ugr.es\/~makerspace\/wordpresss\/wp-content\/uploads\/2020\/01\/MAKER_cartel-600x1301.jpg 600w, https:\/\/wpd.ugr.es\/~makerspace\/wordpresss\/wp-content\/uploads\/2020\/01\/MAKER_cartel.jpg 850w\" sizes=\"(max-width: 138px) 100vw, 138px\" \/><\/p>\n<p>&nbsp;<\/p>\n<table style=\"width: 100%; height: 24px;\">\n<tbody>\n<tr style=\"height: 24px;\">\n<td style=\"width: 100%; background-color: #a1cbd6; border-style: none; text-align: center; height: 24px;\"><span style=\"font-size: 12pt;\">CANAL ACADEMIAMAKERUGR EN YOUTUBE<br \/>\n<\/span><\/td>\n<\/tr>\n<\/tbody>\n<\/table>\n<p><a href=\"https:\/\/www.youtube.com\/channel\/UCrk0UtQ3HkGNxig3l2SbfTw\">MakerSpaceUGR &#8211; YouTube<\/a><\/p>\n<p>&nbsp;<\/p>\n","protected":false},"excerpt":{"rendered":"<p>AcademiaMakerUGR es una puerta al universo de la fabricaci\u00f3n digital y el prototipado r\u00e1pido con maquinaria CNC. Es la estructura de formaci\u00f3n y divulgaci\u00f3n integrada en MakerSpaceUGR. Los usuarios que est\u00e9n interesados en poseer conocimiento experto sobre\u00a0 la utilidad y &hellip;<\/p>\n<p class=\"read-more\"> <a class=\"more-link\" href=\"https:\/\/wpd.ugr.es\/~makerspace\/wordpresss\/academiamaker\/\"> <span class=\"screen-reader-text\">AcademiaMaker<\/span> Leer m\u00e1s \u00bb<\/a><\/p>\n","protected":false},"author":1,"featured_media":0,"parent":0,"menu_order":0,"comment_status":"closed","ping_status":"closed","template":"","meta":[],"_links":{"self":[{"href":"https:\/\/wpd.ugr.es\/~makerspace\/wordpresss\/wp-json\/wp\/v2\/pages\/769"}],"collection":[{"href":"https:\/\/wpd.ugr.es\/~makerspace\/wordpresss\/wp-json\/wp\/v2\/pages"}],"about":[{"href":"https:\/\/wpd.ugr.es\/~makerspace\/wordpresss\/wp-json\/wp\/v2\/types\/page"}],"author":[{"embeddable":true,"href":"https:\/\/wpd.ugr.es\/~makerspace\/wordpresss\/wp-json\/wp\/v2\/users\/1"}],"replies":[{"embeddable":true,"href":"https:\/\/wpd.ugr.es\/~makerspace\/wordpresss\/wp-json\/wp\/v2\/comments?post=769"}],"version-history":[{"count":24,"href":"https:\/\/wpd.ugr.es\/~makerspace\/wordpresss\/wp-json\/wp\/v2\/pages\/769\/revisions"}],"predecessor-version":[{"id":2456,"href":"https:\/\/wpd.ugr.es\/~makerspace\/wordpresss\/wp-json\/wp\/v2\/pages\/769\/revisions\/2456"}],"wp:attachment":[{"href":"https:\/\/wpd.ugr.es\/~makerspace\/wordpresss\/wp-json\/wp\/v2\/media?parent=769"}],"curies":[{"name":"wp","href":"https:\/\/api.w.org\/{rel}","templated":true}]}}