{"id":127,"date":"2017-05-29T23:10:17","date_gmt":"2017-05-29T23:10:17","guid":{"rendered":"http:\/\/wpd.ugr.es\/~marodri\/?page_id=127"},"modified":"2026-04-19T22:58:17","modified_gmt":"2026-04-19T22:58:17","slug":"off-topic","status":"publish","type":"page","link":"https:\/\/wpd.ugr.es\/~marodri\/research\/off-topic\/","title":{"rendered":"Off-topic"},"content":{"rendered":"\n<div style=\"max-width: 900px; margin: 40px auto; font-family: -apple-system, BlinkMacSystemFont, 'Segoe UI', Roboto, Helvetica, Arial, sans-serif;\">\n\n    <h3 style=\"color: #1a365d; border-bottom: 2px solid #c62b2e; padding-bottom: 10px; margin-bottom: 25px; font-size: 1.5em; font-weight: bold;\">\n        Peer-reviewed international publications\n    <\/h3>\n\n    <ul style=\"list-style: none; padding: 0; margin: 0 0 50px 0; display: flex; flex-direction: column; gap: 15px;\">\n        \n        <li style=\"padding: 15px 20px; border-left: 4px solid #1a365d; background-color: #f9f9f9; border-radius: 0 8px 8px 0; display: flex; justify-content: space-between; align-items: center; flex-wrap: wrap; gap: 15px; transition: transform 0.2s, box-shadow 0.2s;\">\n            <div style=\"flex: 1 1 60%; min-width: 250px;\">\n                <h4 style=\"margin: 0 0 5px 0; color: #1a365d; font-size: 1.1em; line-height: 1.4;\">Automation of an atomic force microscope via Arduino<\/h4>\n                <div style=\"color: #555; font-size: 0.95em;\">P. F. Ib\u00e1\u00f1ez-Ib\u00e1\u00f1ez, J. A. Holgado-Terriza, <strong>M. A. Rodr\u00edguez-Valverde<\/strong> and M. A. Cabrerizo-V\u00edlchez &bull; <em>HardwareX<\/em>, Vol. 15, e00447<\/div>\n            <\/div>\n            <div style=\"display: flex; align-items: center; gap: 12px; flex-wrap: wrap;\">\n                <span style=\"background: #e2e8f0; padding: 4px 10px; border-radius: 4px; font-size: 0.85em; font-weight: bold; color: #334155;\">2023<\/span>\n                <a href=\"https:\/\/doi.org\/10.1016\/j.ohx.2023.e00447\" target=\"_blank\" rel=\"noopener noreferrer\" style=\"background-color: #c62b2e; color: #ffffff; text-decoration: none; padding: 8px 15px; border-radius: 5px; font-size: 0.85em; font-weight: bold;\">Editorial<\/a>\n            <\/div>\n        <\/li>\n\n        <li style=\"padding: 15px 20px; border-left: 4px solid #1a365d; background-color: #f9f9f9; border-radius: 0 8px 8px 0; display: flex; justify-content: space-between; align-items: center; flex-wrap: wrap; gap: 15px; transition: transform 0.2s, box-shadow 0.2s;\">\n            <div style=\"flex: 1 1 60%; min-width: 250px;\">\n                <h4 style=\"margin: 0 0 5px 0; color: #1a365d; font-size: 1.1em; line-height: 1.4;\">Surface activity of protein extracts from seed oil by-products and wettability of developed bioplastics<\/h4>\n                <div style=\"color: #555; font-size: 0.95em;\">C. Bengoechea, L. Albarrac\u00edn-Velandia, <strong>M. A. Rodr\u00edguez-Valverde<\/strong>, A. Guerrero and J. Maldonado-Valderrama &bull; <em>Food Hydrocolloids<\/em>, Vol. 145, 109091<\/div>\n            <\/div>\n            <div style=\"display: flex; align-items: center; gap: 12px; flex-wrap: wrap;\">\n                <span style=\"background: #e2e8f0; padding: 4px 10px; border-radius: 4px; font-size: 0.85em; font-weight: bold; color: #334155;\">2023<\/span>\n                <a href=\"https:\/\/doi.org\/10.1016\/j.foodhyd.2023.109091\" target=\"_blank\" rel=\"noopener noreferrer\" style=\"background-color: #c62b2e; color: #ffffff; text-decoration: none; padding: 8px 15px; border-radius: 5px; font-size: 0.85em; font-weight: bold;\">Editorial<\/a>\n            <\/div>\n        <\/li>\n\n        <li style=\"padding: 15px 20px; border-left: 4px solid #1a365d; background-color: #f9f9f9; border-radius: 0 8px 8px 0; display: flex; justify-content: space-between; align-items: center; flex-wrap: wrap; gap: 15px; transition: transform 0.2s, box-shadow 0.2s;\">\n            <div style=\"flex: 1 1 60%; min-width: 250px;\">\n                <h4 style=\"margin: 0 0 5px 0; color: #1a365d; font-size: 1.1em; line-height: 1.4;\">Specific Ion Effects and pH Dependence on the Interaction Forces between Polystyrene Particles<\/h4>\n                <div style=\"color: #555; font-size: 0.95em;\">F. Javier Montes Ruiz-Cabello, T. Oncsik, <strong>M. A. Rodr\u00edguez-Valverde<\/strong>, P. Maroni, and M. Cabrerizo-Vilchez &bull; <em>Langmuir, 32 (45), pp 11918\u201311927<\/em><\/div>\n            <\/div>\n            <div style=\"display: flex; align-items: center; gap: 12px; flex-wrap: wrap;\">\n                <span style=\"background: #e2e8f0; padding: 4px 10px; border-radius: 4px; font-size: 0.85em; font-weight: bold; color: #334155;\">2016<\/span>\n                <a href=\"https:\/\/doi.org\/10.1021\/acs.langmuir.6b03316\" target=\"_blank\" rel=\"noopener noreferrer\" style=\"background-color: #c62b2e; color: #ffffff; text-decoration: none; padding: 8px 15px; border-radius: 5px; font-size: 0.85em; font-weight: bold; white-space: nowrap;\">Editorial<\/a>\n            <\/div>\n        <\/li>\n\n        <li style=\"padding: 15px 20px; border-left: 4px solid #1a365d; background-color: #f9f9f9; border-radius: 0 8px 8px 0; display: flex; justify-content: space-between; align-items: center; flex-wrap: wrap; gap: 15px; transition: transform 0.2s, box-shadow 0.2s;\">\n            <div style=\"flex: 1 1 60%; min-width: 250px;\">\n                <h4 style=\"margin: 0 0 5px 0; color: #1a365d; font-size: 1.1em; line-height: 1.4;\">Using AFM to probe the complexation of DNA with anionic lipid mediated by Ca2+: the role of surface pressure<\/h4>\n                <div style=\"color: #555; font-size: 0.95em;\">German Luque-Caballero, Alberto Martin-Molina, Alda Yadira S\u00e1nchez-Trevi\u00f1o, <strong>Miguel A Rodr\u00edguez-Valverde<\/strong>, Miguel Cabrerizo-V\u00edlchez and Julia Maldonado-Valderrama &bull; <em>Soft Matter 10, 2805-2815<\/em><\/div>\n            <\/div>\n            <div style=\"display: flex; align-items: center; gap: 12px; flex-wrap: wrap;\">\n                <span style=\"background: #e2e8f0; padding: 4px 10px; border-radius: 4px; font-size: 0.85em; font-weight: bold; color: #334155;\">2014<\/span>\n                <a href=\"https:\/\/doi.org\/10.1039\/C3SM52428K\" target=\"_blank\" rel=\"noopener noreferrer\" style=\"background-color: #c62b2e; color: #ffffff; text-decoration: none; padding: 8px 15px; border-radius: 5px; font-size: 0.85em; font-weight: bold; white-space: nowrap;\">Editorial<\/a>\n            <\/div>\n        <\/li>\n\n        <li style=\"padding: 15px 20px; border-left: 4px solid #1a365d; background-color: #f9f9f9; border-radius: 0 8px 8px 0; display: flex; justify-content: space-between; align-items: center; flex-wrap: wrap; gap: 15px; transition: transform 0.2s, box-shadow 0.2s;\">\n            <div style=\"flex: 1 1 60%; min-width: 250px;\">\n                <h4 style=\"margin: 0 0 5px 0; color: #1a365d; font-size: 1.1em; line-height: 1.4;\">Structural Coefficient in Aggregates of Protein Coated Colloidal Particles<\/h4>\n                <div style=\"color: #555; font-size: 0.95em;\">M. Tirado Miranda, <strong>M.A. Rodr\u00edguez Valverde<\/strong>, A. Schmitt, J. Callejas-Fern\u00e1ndez and A. Fern\u00e1ndez-Barbero &bull; <em>Colloids Surf. A: Physicochem. Eng. Aspects 270-271, 309-316<\/em><\/div>\n            <\/div>\n            <div style=\"display: flex; align-items: center; gap: 12px; flex-wrap: wrap;\">\n                <span style=\"background: #e2e8f0; padding: 4px 10px; border-radius: 4px; font-size: 0.85em; font-weight: bold; color: #334155;\">2005<\/span>\n                <a href=\"https:\/\/doi.org\/10.1016\/J.COLSURFA.2005.08.002\" target=\"_blank\" rel=\"noopener noreferrer\" style=\"background-color: #c62b2e; color: #ffffff; text-decoration: none; padding: 8px 15px; border-radius: 5px; font-size: 0.85em; font-weight: bold; white-space: nowrap;\">Editorial<\/a>\n            <\/div>\n        <\/li>\n\n        <li style=\"padding: 15px 20px; border-left: 4px solid #1a365d; background-color: #f9f9f9; border-radius: 0 8px 8px 0; display: flex; justify-content: space-between; align-items: center; flex-wrap: wrap; gap: 15px; transition: transform 0.2s, box-shadow 0.2s;\">\n            <div style=\"flex: 1 1 60%; min-width: 250px;\">\n                <h4 style=\"margin: 0 0 5px 0; color: #1a365d; font-size: 1.1em; line-height: 1.4;\">Comparative study of adsorbed and spread \u00df-casein monolayers at the air-water interface with the pendant drop technique<\/h4>\n                <div style=\"color: #555; font-size: 0.95em;\">J. Maldonado Valderrama, H. Wege, <strong>M.A. Rodr\u00edguez Valverde<\/strong>, M.A. G\u00e1lvez Ruiz and M.A. Cabrerizo V\u00edlchez &bull; <em>Langmuir 19, 8436-8442<\/em><\/div>\n            <\/div>\n            <div style=\"display: flex; align-items: center; gap: 12px; flex-wrap: wrap;\">\n                <span style=\"background: #e2e8f0; padding: 4px 10px; border-radius: 4px; font-size: 0.85em; font-weight: bold; color: #334155;\">2003<\/span>\n                <a href=\"https:\/\/doi.org\/10.1021\/la034242z\" target=\"_blank\" rel=\"noopener noreferrer\" style=\"background-color: #c62b2e; color: #ffffff; text-decoration: none; padding: 8px 15px; border-radius: 5px; font-size: 0.85em; font-weight: bold; white-space: nowrap;\">Editorial<\/a>\n            <\/div>\n        <\/li>\n    <\/ul>\n\n    <h3 style=\"color: #1a365d; border-bottom: 2px solid #c62b2e; padding-bottom: 10px; margin-bottom: 25px; font-size: 1.5em; font-weight: bold;\">\n        Peer-reviewed book chapters\/proceedings\n    <\/h3>\n\n    <ul style=\"list-style: none; padding: 0; margin: 0 0 50px 0; display: flex; flex-direction: column; gap: 15px;\">\n        \n        <li style=\"padding: 15px 20px; border-left: 4px solid #1a365d; background-color: #f9f9f9; border-radius: 0 8px 8px 0; display: flex; justify-content: space-between; align-items: center; flex-wrap: wrap; gap: 15px; transition: transform 0.2s, box-shadow 0.2s;\">\n            <div style=\"flex: 1 1 60%; min-width: 250px;\">\n                <h4 style=\"margin: 0 0 5px 0; color: #1a365d; font-size: 1.1em; line-height: 1.4;\">Experimental Techniques Used for the Characterization of Soft Nanoparticles<\/h4>\n                <div style=\"color: #555; font-size: 0.95em;\">J. Callejas-Fern\u00e1ndez, J. Ramos, O. Sanz, J. Forcada, J. L. Ortega-Vinuesa, A. Mart\u00edn-Molina, <strong>M. A. Rodr\u00edguez-Valverde<\/strong>, M. Tirado-Miranda, A. Schmitt, B. Sierra-Mart\u00edn, A. Maldonado-Valdivia, A. Fern\u00e1ndez-Barbero, R. Pons, L. F. Capit\u00e1n-Vallvey, A. Salinas-Castillo, A. Lapresta-Fern\u00e1ndez, B. V\u00e1zquez, M. R. Aguilar and J. San Rom\u00e1n &bull; <em>Soft Nanoparticles for Biomedical Applications (RSC Nanoscience &#038; Nanotechnology No. 34), Cap\u00edtulo 2<\/em><\/div>\n                <div style=\"font-size: 0.85em; color: #777; margin-top: 5px;\">ISBN: 978-1-84973-811-8<\/div>\n            <\/div>\n            <div style=\"display: flex; align-items: center; gap: 12px; flex-wrap: wrap;\">\n                <span style=\"background: #e2e8f0; padding: 4px 10px; border-radius: 4px; font-size: 0.85em; font-weight: bold; color: #334155;\">2014<\/span>\n                <a href=\"https:\/\/pubs.rsc.org\/en\/content\/chapter\/bk9781849738118-00019\/978-1-84973-811-8\" target=\"_blank\" rel=\"noopener noreferrer\" style=\"background-color: #c62b2e; color: #ffffff; text-decoration: none; padding: 8px 15px; border-radius: 5px; font-size: 0.85em; font-weight: bold; white-space: nowrap;\">Editorial<\/a>\n            <\/div>\n        <\/li>\n\n        <li style=\"padding: 15px 20px; border-left: 4px solid #1a365d; background-color: #f9f9f9; border-radius: 0 8px 8px 0; display: flex; justify-content: space-between; align-items: center; flex-wrap: wrap; gap: 15px; transition: transform 0.2s, box-shadow 0.2s;\">\n            <div style=\"flex: 1 1 60%; min-width: 250px;\">\n                <h4 style=\"margin: 0 0 5px 0; color: #1a365d; font-size: 1.1em; line-height: 1.4;\">Fractal Structures and Aggregation Kinetics of Protein-Functionalized Colloidal Particles<\/h4>\n                <div style=\"color: #555; font-size: 0.95em;\">Mar\u00eda Tirado-Miranda, <strong>Miguel A. Rodr\u00edguez-Valverde<\/strong>, Artur Schmitt, Jos\u00e9 Callejas-Fern\u00e1ndez, and Antonio Fern\u00e1ndez-Barbero &bull; <em>Structure and Functional Properties of Colloidal Systems, Chapter 13, 287-311. CRC Press<\/em><\/div>\n                <div style=\"font-size: 0.85em; color: #777; margin-top: 5px;\">ISBN: 978-1-4200-8446-7<\/div>\n            <\/div>\n            <div style=\"display: flex; align-items: center; gap: 12px; flex-wrap: wrap;\">\n                <span style=\"background: #e2e8f0; padding: 4px 10px; border-radius: 4px; font-size: 0.85em; font-weight: bold; color: #334155;\">2009<\/span>\n                <a href=\"https:\/\/doi.org\/10.1201\/9781420084474\" target=\"_blank\" rel=\"noopener noreferrer\" style=\"background-color: #c62b2e; color: #ffffff; text-decoration: none; padding: 8px 15px; border-radius: 5px; font-size: 0.85em; font-weight: bold; white-space: nowrap;\">Editorial<\/a>\n            <\/div>\n        <\/li>\n    <\/ul>\n\n    <h3 style=\"color: #1a365d; border-bottom: 2px solid #c62b2e; padding-bottom: 10px; margin-bottom: 25px; font-size: 1.5em; font-weight: bold;\">\n        Projects (partners) \/ Contracts with industry\n    <\/h3>\n\n    <ul style=\"list-style: none; padding: 0; margin: 0; display: flex; flex-direction: column; gap: 15px;\">\n        \n        <li style=\"padding: 15px 20px; border-left: 4px solid #1a365d; background-color: #f9f9f9; border-radius: 0 8px 8px 0; display: flex; justify-content: space-between; align-items: center; flex-wrap: wrap; gap: 15px; transition: transform 0.2s, box-shadow 0.2s;\">\n            <div style=\"flex: 1 1 60%; min-width: 250px;\">\n                <h4 style=\"margin: 0 0 5px 0; color: #1a365d; font-size: 1.1em; line-height: 1.4;\">&#8220;Medida de propiedades interfaciales de azufre fundido&#8221;<\/h4>\n                <div style=\"color: #555; font-size: 0.95em;\"><em>Repsol-Rylesa<\/em> &bull; Research contract<\/div>\n            <\/div>\n            <div style=\"display: flex; align-items: center; gap: 12px; flex-wrap: wrap;\">\n                <span style=\"background: #e2e8f0; padding: 4px 10px; border-radius: 4px; font-size: 0.85em; font-weight: bold; color: #334155;\">2015<\/span>\n            <\/div>\n        <\/li>\n\n        <li style=\"padding: 15px 20px; border-left: 4px solid #1a365d; background-color: #f9f9f9; border-radius: 0 8px 8px 0; display: flex; justify-content: space-between; align-items: center; flex-wrap: wrap; gap: 15px; transition: transform 0.2s, box-shadow 0.2s;\">\n            <div style=\"flex: 1 1 60%; min-width: 250px;\">\n                <h4 style=\"margin: 0 0 5px 0; color: #1a365d; font-size: 1.1em; line-height: 1.4;\">&#8220;Medida de propiedades interfaciales de mezclas de azufre-bentonita&#8221;<\/h4>\n                <div style=\"color: #555; font-size: 0.95em;\"><em>Repsol-Rylesa<\/em> &bull; Research contract<\/div>\n            <\/div>\n            <div style=\"display: flex; align-items: center; gap: 12px; flex-wrap: wrap;\">\n                <span style=\"background: #e2e8f0; padding: 4px 10px; border-radius: 4px; font-size: 0.85em; font-weight: bold; color: #334155;\">2015 &#8211; 2016<\/span>\n            <\/div>\n        <\/li>\n\n        <li style=\"padding: 15px 20px; border-left: 4px solid #1a365d; background-color: #f9f9f9; border-radius: 0 8px 8px 0; display: flex; justify-content: space-between; align-items: center; flex-wrap: wrap; gap: 15px; transition: transform 0.2s, box-shadow 0.2s;\">\n            <div style=\"flex: 1 1 60%; min-width: 250px;\">\n                <h4 style=\"margin: 0 0 5px 0; color: #1a365d; font-size: 1.1em; line-height: 1.4;\">&#8220;PROPIEDADES F\u00cdSICO-QU\u00cdMICAS DE COMPLEJOS MESOSC\u00d3PICOS DE INTER\u00c9S BIOTECNOL\u00d3GICO&#8221;<\/h4>\n                <div style=\"color: #555; font-size: 0.95em;\"><em>Junta de Andalucia, ref. P09-FQM-4698<\/em> &bull; Excellence Research Project<\/div>\n            <\/div>\n            <div style=\"display: flex; align-items: center; gap: 12px; flex-wrap: wrap;\">\n                <span style=\"background: #e2e8f0; padding: 4px 10px; border-radius: 4px; font-size: 0.85em; font-weight: bold; color: #334155;\">2010 &#8211; 2014<\/span>\n            <\/div>\n        <\/li>\n\n        <li style=\"padding: 15px 20px; border-left: 4px solid #1a365d; background-color: #f9f9f9; border-radius: 0 8px 8px 0; display: flex; justify-content: space-between; align-items: center; flex-wrap: wrap; gap: 15px; transition: transform 0.2s, box-shadow 0.2s;\">\n            <div style=\"flex: 1 1 60%; min-width: 250px;\">\n                <h4 style=\"margin: 0 0 5px 0; color: #1a365d; font-size: 1.1em; line-height: 1.4;\">&#8220;Estructuras y propiedades de sistemas coloidales en 2- y 3-D&#8221;<\/h4>\n                <div style=\"color: #555; font-size: 0.95em;\"><em>Junta de Andaluc\u00eda, ref. FQM-392<\/em> &bull; Excellence research project<\/div>\n            <\/div>\n            <div style=\"display: flex; align-items: center; gap: 12px; flex-wrap: wrap;\">\n                <span style=\"background: #e2e8f0; padding: 4px 10px; border-radius: 4px; font-size: 0.85em; font-weight: bold; color: #334155;\">2006 &#8211; 2008<\/span>\n            <\/div>\n        <\/li>\n    <\/ul>\n\n<\/div>\n","protected":false},"excerpt":{"rendered":"<p>Peer-reviewed international publications Automation of an atomic force microscope via Arduino P. F. Ib\u00e1\u00f1ez-Ib\u00e1\u00f1ez, J. A. Holgado-Terriza, M. A. Rodr\u00edguez-Valverde and M. A. Cabrerizo-V\u00edlchez &bull; HardwareX, Vol. 15, e00447 2023 Editorial Surface activity of protein extracts from seed oil by-products and wettability of developed bioplastics C. Bengoechea, L. Albarrac\u00edn-Velandia, M. A. Rodr\u00edguez-Valverde, A. Guerrero and [&hellip;]<\/p>\n","protected":false},"author":1,"featured_media":0,"parent":105,"menu_order":5,"comment_status":"closed","ping_status":"closed","template":"","meta":{"footnotes":""},"class_list":["post-127","page","type-page","status-publish","hentry"],"_links":{"self":[{"href":"https:\/\/wpd.ugr.es\/~marodri\/wp-json\/wp\/v2\/pages\/127","targetHints":{"allow":["GET"]}}],"collection":[{"href":"https:\/\/wpd.ugr.es\/~marodri\/wp-json\/wp\/v2\/pages"}],"about":[{"href":"https:\/\/wpd.ugr.es\/~marodri\/wp-json\/wp\/v2\/types\/page"}],"author":[{"embeddable":true,"href":"https:\/\/wpd.ugr.es\/~marodri\/wp-json\/wp\/v2\/users\/1"}],"replies":[{"embeddable":true,"href":"https:\/\/wpd.ugr.es\/~marodri\/wp-json\/wp\/v2\/comments?post=127"}],"version-history":[{"count":8,"href":"https:\/\/wpd.ugr.es\/~marodri\/wp-json\/wp\/v2\/pages\/127\/revisions"}],"predecessor-version":[{"id":504,"href":"https:\/\/wpd.ugr.es\/~marodri\/wp-json\/wp\/v2\/pages\/127\/revisions\/504"}],"up":[{"embeddable":true,"href":"https:\/\/wpd.ugr.es\/~marodri\/wp-json\/wp\/v2\/pages\/105"}],"wp:attachment":[{"href":"https:\/\/wpd.ugr.es\/~marodri\/wp-json\/wp\/v2\/media?parent=127"}],"curies":[{"name":"wp","href":"https:\/\/api.w.org\/{rel}","templated":true}]}}