


{"id":7,"date":"2012-03-08T16:34:13","date_gmt":"2012-03-08T16:34:13","guid":{"rendered":"http:\/\/wdb.ugr.es\/~marubio\/?page_id=7"},"modified":"2021-03-23T13:04:23","modified_gmt":"2021-03-23T12:04:23","slug":"sobre-mi","status":"publish","type":"page","link":"https:\/\/wpd.ugr.es\/~marubio\/sobre-mi\/","title":{"rendered":"Sobre m\u00ed"},"content":{"rendered":"<p><em><strong>Puesto<\/strong><\/em><br \/>\nProfesor Contratado Doctor <a href=\"http:\/\/www.ugr.es\/\" target=\"_blank\" rel=\"noopener noreferrer\">Universidad de Granada<\/a><\/p>\n<p><em><strong>Datos de contacto<\/strong><\/em><br \/>\nmarubio@ugr.es<br \/>\n<a href=\"https:\/\/www.google.com\/maps\/place\/37%C2%B010'53.0%22N+3%C2%B036'34.7%22W\/@37.181446,-3.60965,202m\/data=!3m1!1e3!4m5!3m4!1s0x0:0x0!8m2!3d37.181401!4d-3.609642?hl=es\" target=\"_blank\" rel=\"noopener noreferrer\">Mecenas Building <\/a>Office 3<br \/>\nTelephone: +34958240466<\/p>\n<p><em><strong>Direcci\u00f3n<\/strong><\/em><br \/>\n<a href=\"http:\/\/decsai.ugr.es\/\" target=\"_blank\" rel=\"noopener noreferrer\">Departamento de Ciencias de la Computaci\u00f3n e IA<\/a><br \/>\n<a href=\"http:\/\/etsiit.ugr.es\/\" target=\"_blank\" rel=\"noopener noreferrer\">ETSIIT<\/a><br \/>\nC\/ Periodista Daniel Saucedo Aranda s\/n<br \/>\n18071 &#8211; Granada.<br \/>\nEspa\u00f1a\/Spain<\/p>\n<hr \/>\n<p><img decoding=\"async\" loading=\"lazy\" class=\"wp-image-629 alignright\" src=\"http:\/\/wpd.ugr.es\/~marubio\/wp-content\/uploads\/2012\/03\/mrubio_2-1.jpg\" alt=\"\" width=\"210\" height=\"232\" \/><\/p>\n<p>En la actualidad soy profesor del Departamento de Ciencias de la Computaci\u00f3n e Inteligencia Artificial de la Universidad de Granada. Mi docencia est\u00e1 relacionada con modelos de computaci\u00f3n e inteligencia artificial. Tambi\u00e9n imparto docencia sobre el uso de herramientas inform\u00e1ticas en las ciencias de la salud.<\/p>\n<p>Mi investigaci\u00f3n trata sobre el uso de t\u00e9cnicas computacionales -Machine Learning- para el an\u00e1lisis de conjuntos de datos masivos en el \u00e1mbito de la ciencia y la medicina. El \u00faltimo proyecto en el que colaboro pretende utilizar t\u00e9cnicas de inteligencia artificial para mejorar el an\u00e1lisis y procesamiento del aprendizaje de los estudiantes, tambi\u00e9n conocido como Learning Analytics.<\/p>\n<p>Entre mis aficiones est\u00e1n la lectura, viajar y toda actividad que implique estar en contacto con la naturaleza. Las m\u00e1s habituales son el senderismo, el alpinismo, el esqu\u00ed de traves\u00eda y el submarinismo.<\/p>\n<p>Mis primeros pasos en el campo de la investigaci\u00f3n fueron en el entorno de la Energ\u00eda Solar en la Plataforma Solar de Almer\u00eda. Tambi\u00e9n he trabajado en la Universidad de California en su Laboratorio de Tecnolog\u00eda Espacial y en la Agencia Espacial Europea, en su centro de desarrollo de software en Frascati.<\/p>\n<p>Llevado por una insaciable curiosidad mi carrera acad\u00e9mica ha sido muy diversa, abarcando \u00e1mbitos muy distintos. He completado las titulaciones de F\u00edsica, Matem\u00e1ticas, Empresariales, Econ\u00f3micas e Ingenier\u00eda Inform\u00e1tica.<\/p>\n","protected":false},"excerpt":{"rendered":"<p>Puesto Profesor Contratado Doctor Universidad de Granada Datos de contacto marubio@ugr.es Mecenas Building Office 3 Telephone: +34958240466 Direcci\u00f3n Departamento de Ciencias de la Computaci\u00f3n e IA ETSIIT C\/ Periodista Daniel Saucedo Aranda s\/n 18071 &#8211; Granada. Espa\u00f1a\/Spain En la actualidad soy profesor del Departamento de Ciencias de la Computaci\u00f3n e Inteligencia Artificial de la Universidad &hellip; <\/p>\n<p class=\"link-more\"><a href=\"https:\/\/wpd.ugr.es\/~marubio\/sobre-mi\/\" class=\"more-link\">Continuar leyendo<span class=\"screen-reader-text\"> \u00abSobre m\u00ed\u00bb<\/span><\/a><\/p>\n","protected":false},"author":1,"featured_media":956,"parent":0,"menu_order":0,"comment_status":"closed","ping_status":"closed","template":"","meta":[],"_links":{"self":[{"href":"https:\/\/wpd.ugr.es\/~marubio\/wp-json\/wp\/v2\/pages\/7"}],"collection":[{"href":"https:\/\/wpd.ugr.es\/~marubio\/wp-json\/wp\/v2\/pages"}],"about":[{"href":"https:\/\/wpd.ugr.es\/~marubio\/wp-json\/wp\/v2\/types\/page"}],"author":[{"embeddable":true,"href":"https:\/\/wpd.ugr.es\/~marubio\/wp-json\/wp\/v2\/users\/1"}],"replies":[{"embeddable":true,"href":"https:\/\/wpd.ugr.es\/~marubio\/wp-json\/wp\/v2\/comments?post=7"}],"version-history":[{"count":39,"href":"https:\/\/wpd.ugr.es\/~marubio\/wp-json\/wp\/v2\/pages\/7\/revisions"}],"predecessor-version":[{"id":2047,"href":"https:\/\/wpd.ugr.es\/~marubio\/wp-json\/wp\/v2\/pages\/7\/revisions\/2047"}],"wp:featuredmedia":[{"embeddable":true,"href":"https:\/\/wpd.ugr.es\/~marubio\/wp-json\/wp\/v2\/media\/956"}],"wp:attachment":[{"href":"https:\/\/wpd.ugr.es\/~marubio\/wp-json\/wp\/v2\/media?parent=7"}],"curies":[{"name":"wp","href":"https:\/\/api.w.org\/{rel}","templated":true}]}}