{"id":1425,"date":"2021-11-30T11:07:00","date_gmt":"2021-11-30T11:07:00","guid":{"rendered":"https:\/\/wpd.ugr.es\/~mitema\/wordpress\/?page_id=1425"},"modified":"2022-02-08T10:23:02","modified_gmt":"2022-02-08T10:23:02","slug":"quien-esta-detras","status":"publish","type":"page","link":"https:\/\/wpd.ugr.es\/~mitema\/wordpress\/?page_id=1425","title":{"rendered":"CON\u00d3CENOS"},"content":{"rendered":"\n<p>\u201cMITEMA (mitos, imaginarios, tem\u00e1ticas pluridisciplinares)\u201d nace en 2012, en el seno de la Universidad de Granada, al amparo de la Ley Org\u00e1nica 1\/2002, de 22 de marzo, reguladora del Derecho de Asociaci\u00f3n, bajo la direcci\u00f3n de Mercedes Montoro Araque.<\/p>\n\n\n\n<p><strong>Junta Directiva<\/strong><\/p>\n\n\n\n<ul><li>Mercedes Montoro Araque: Presidenta (Presidenta)<\/li><li>Karmele Alberdi Urquizu (Secretaria)<\/li><li>Natalia Arregui Barrag\u00e1n (Tesorera)<\/li><\/ul>\n\n\n\n<p><strong>Miembros actuales:<\/strong><\/p>\n\n\n\n<ul><li>Karmele Alberdi Urquizu: Fil\u00f3loga, Traductora, (Universidad de Granada)<\/li><li>Natalia Arregui Barrag\u00e1n: Traductora, (Universidad de Granada)<\/li><li>Jos\u00e9 Manuel Chico Morales: Fil\u00f3logo, Fil\u00f3sofo (Universidad de Granada)<\/li><li>Victoria Ferrety Montiel: Fil\u00f3loga (Universidad de C\u00e1diz)<\/li><li>Mar\u00eda Flores Fern\u00e1ndez: Fil\u00f3loga (Universidad de Granada)<\/li><li>Jos\u00e9 Antonio Gonz\u00e1lez Alcantud: Antrop\u00f3logo (Universidad de Granada)<\/li><li>Mercedes Montoro Araque: Fil\u00f3loga (Universidad de Granada)<\/li><li>Martine Renouprez: Fil\u00f3loga (Universidad de C\u00e1diz)<\/li><li>Natalia Vela Ameneiro: Fil\u00f3loga (Universidad de C\u00e1diz)<\/li><\/ul>\n\n\n\n<p><strong>Comit\u00e9 cient\u00edfico internacional:<\/strong><\/p>\n\n\n\n<ul><li>Mercedes Montoro Araque (Universidad de Granada)<\/li><li>Jos\u00e9 Antonio Gonz\u00e1lez Alcantud (Universidad de Granada)<\/li><li>Martine Renouprez (Universidad de C\u00e1diz)<\/li><li>Corin Braga (Universidad Babes-Bolyai Cluj-Napoca, Ruman\u00eda)<\/li><li>Jean Jacques Wunenburger (Universidad Lyon III, Francia)<\/li><li>Anna Caiozzo (Universidad de Orl\u00e9ans, Francia)<\/li><li>Blanca Solares Altamirano (Universidad Aut\u00f3noma de M\u00e9jico, UNAM)<\/li><li>Renato Boccali (Universidad IULM, Italia)<\/li><\/ul>\n","protected":false},"excerpt":{"rendered":"<p>\u201cMITEMA (mitos, imaginarios, tem\u00e1ticas pluridisciplinares)\u201d nace en 2012, en el seno de la Universidad de Granada, al amparo de la Ley Org\u00e1nica 1\/2002, de 22 de marzo, reguladora del Derecho de Asociaci\u00f3n, bajo la direcci\u00f3n de Mercedes Montoro Araque. Junta Directiva Mercedes Montoro Araque: Presidenta (Presidenta) Karmele Alberdi Urquizu (Secretaria) Natalia Arregui Barrag\u00e1n (Tesorera) Miembros &hellip; <\/p>\n<p class=\"link-more\"><a href=\"https:\/\/wpd.ugr.es\/~mitema\/wordpress\/?page_id=1425\" class=\"more-link\">Read more<span class=\"screen-reader-text\"> &#8220;CON\u00d3CENOS&#8221;<\/span><\/a><\/p>\n","protected":false},"author":1,"featured_media":0,"parent":0,"menu_order":0,"comment_status":"closed","ping_status":"closed","template":"","meta":{"_mi_skip_tracking":false},"_links":{"self":[{"href":"https:\/\/wpd.ugr.es\/~mitema\/wordpress\/index.php?rest_route=\/wp\/v2\/pages\/1425"}],"collection":[{"href":"https:\/\/wpd.ugr.es\/~mitema\/wordpress\/index.php?rest_route=\/wp\/v2\/pages"}],"about":[{"href":"https:\/\/wpd.ugr.es\/~mitema\/wordpress\/index.php?rest_route=\/wp\/v2\/types\/page"}],"author":[{"embeddable":true,"href":"https:\/\/wpd.ugr.es\/~mitema\/wordpress\/index.php?rest_route=\/wp\/v2\/users\/1"}],"replies":[{"embeddable":true,"href":"https:\/\/wpd.ugr.es\/~mitema\/wordpress\/index.php?rest_route=%2Fwp%2Fv2%2Fcomments&post=1425"}],"version-history":[{"count":10,"href":"https:\/\/wpd.ugr.es\/~mitema\/wordpress\/index.php?rest_route=\/wp\/v2\/pages\/1425\/revisions"}],"predecessor-version":[{"id":1566,"href":"https:\/\/wpd.ugr.es\/~mitema\/wordpress\/index.php?rest_route=\/wp\/v2\/pages\/1425\/revisions\/1566"}],"wp:attachment":[{"href":"https:\/\/wpd.ugr.es\/~mitema\/wordpress\/index.php?rest_route=%2Fwp%2Fv2%2Fmedia&parent=1425"}],"curies":[{"name":"wp","href":"https:\/\/api.w.org\/{rel}","templated":true}]}}

CONÓCENOS

<p>“MITEMA (mitos, imaginarios, temáticas pluridisciplinares)” nace en 2012, en el seno de la Universidad de Granada, al amparo de la Ley Orgánica 1/2002, de 22 de marzo, reguladora del Derecho de Asociación, bajo la dirección de Mercedes Montoro Araque.</p>



<p><strong>Junta Directiva</strong></p>



<ul><li>Mercedes Montoro Araque: Presidenta (Presidenta)</li><li>Karmele Alberdi Urquizu (Secretaria)</li><li>Natalia Arregui Barragán (Tesorera)</li></ul>



<p><strong>Miembros actuales:</strong></p>



<ul><li>Karmele Alberdi Urquizu: Filóloga, Traductora, (Universidad de Granada)</li><li>Natalia Arregui Barragán: Traductora, (Universidad de Granada)</li><li>José Manuel Chico Morales: Filólogo, Filósofo (Universidad de Granada)</li><li>Victoria Ferrety Montiel: Filóloga (Universidad de Cádiz)</li><li>María Flores Fernández: Filóloga (Universidad de Granada)</li><li>José Antonio González Alcantud: Antropólogo (Universidad de Granada)</li><li>Mercedes Montoro Araque: Filóloga (Universidad de Granada)</li><li>Martine Renouprez: Filóloga (Universidad de Cádiz)</li><li>Natalia Vela Ameneiro: Filóloga (Universidad de Cádiz)</li></ul>



<p><strong>Comité científico internacional:</strong></p>



<ul><li>Mercedes Montoro Araque (Universidad de Granada)</li><li>José Antonio González Alcantud (Universidad de Granada)</li><li>Martine Renouprez (Universidad de Cádiz)</li><li>Corin Braga (Universidad Babes-Bolyai Cluj-Napoca, Rumanía)</li><li>Jean Jacques Wunenburger (Universidad Lyon III, Francia)</li><li>Anna Caiozzo (Universidad de Orléans, Francia)</li><li>Blanca Solares Altamirano (Universidad Autónoma de Méjico, UNAM)</li><li>Renato Boccali (Universidad IULM, Italia)</li></ul>

<p>“MITEMA (mitos, imaginarios, temáticas pluridisciplinares)” nace en 2012, en el seno de la Universidad de Granada, al amparo de la Ley Orgánica 1/2002, de 22 de marzo, reguladora del Derecho de Asociación, bajo la dirección de Mercedes Montoro Araque. Junta Directiva Mercedes Montoro Araque: Presidenta (Presidenta) Karmele Alberdi Urquizu (Secretaria) Natalia Arregui Barragán (Tesorera) Miembros &hellip; </p>
<p class="link-more"><a href="https://wpd.ugr.es/~mitema/wordpress/?page_id=1425" class="more-link">Read more<span class="screen-reader-text"> &#8220;CONÓCENOS&#8221;</span></a></p>
