{"id":1560,"date":"2022-01-17T10:00:49","date_gmt":"2022-01-17T10:00:49","guid":{"rendered":"https:\/\/wpd.ugr.es\/~mitema\/wordpress\/?page_id=1560"},"modified":"2024-11-28T18:21:09","modified_gmt":"2024-11-28T18:21:09","slug":"tesis","status":"publish","type":"page","link":"https:\/\/wpd.ugr.es\/~mitema\/wordpress\/?page_id=1560","title":{"rendered":"Tesis"},"content":{"rendered":"\n<h1>2024-25<\/h1>\n\n\n\n<h3>Direcci\u00f3n (tesis en curso)<\/h3>\n\n\n\n<p>Chico Morales, J.M. \u201c \u2018L\u00b4\u00e9cran-imagin\u00e9\u2019 et \u2018l\u2019\u00e9cran-imaginant\u2019 : deux approches esth\u00e9tiques pour interpr\u00e9ter l\u2019imaginaire de notre modernit\u00e9. \u201d, sous la direction de Mercedes Montoro Araque. Programa de doctorado en Lenguas, Textos y Contextos. Universidad de Granada.<\/p>\n\n\n\n<p>Vela Ameneiro, N. La litt\u00e9rature francophone tahitienne face aux mythes de la Nouvelle Cyth\u00e8re: Chantal T. Spitz et Titaua Peu, sous la direction de Martine Renouprez. Programa de Doctorado en Artes y Humanidades. Universidad de C\u00e1diz.<\/p>\n\n\n\n<p>Nad\u00e8ge Palma Garc\u00eda (plan de investigaci\u00f3n en curso)<\/p>\n\n\n\n<h1>2023-24<\/h1>\n\n\n\n<h3>Direcci\u00f3n (tesis en curso)<\/h3>\n\n\n\n<p>Chico Morales, J.M. \u201c \u2018L\u00b4\u00e9cran-imagin\u00e9\u2019 et \u2018l\u2019\u00e9cran-imaginant\u2019 : deux approches esth\u00e9tiques pour interpr\u00e9ter l\u2019imaginaire de notre modernit\u00e9. \u201d, sous la direction de Mercedes Montoro Araque. Programa de doctorado en Lenguas, Textos y Contextos. Universidad de Granada.&nbsp;<\/p>\n\n\n\n<p>Vela Ameneiro, N. La litt\u00e9rature francophone tahitienne face aux mythes de la Nouvelle Cyth\u00e8re: Chantal T. Spitz et Titaua Peu, sous la direction de Martine Renouprez. Programa de Doctorado en Artes y Humanidades. Universidad de C\u00e1diz.<\/p>\n\n\n\n<h3>Tesis defendidas:<\/h3>\n\n\n\n<p>Tabari, S. \u201cL\u2019histoire du jardin et du paysage entre science et imaginaire. Alger \u00e0 travers le temps <strong>&nbsp;(<\/strong>XVIe- XIXe si\u00e8cles), sous la direction de Mercedes Montoro Araque. Programa de doctorado en Lenguas, Textos y Contextos. Universidad de Granada. Le\u00edda en Julio de 2023.<\/p>\n\n\n\n<h1>2022-23<\/h1>\n\n\n\n<h3>Direcci\u00f3n (tesis en curso o finalizadas)<\/h3>\n\n\n\n<p>Flores-Fern\u00e1ndez, M. \u201cLa f\u00e9minisation du paysage. D\u00e9cadentisme et postmodernit\u00e9 : vers une notion d&#8217;arch\u00e9type\u201d, sous la direction de Mercedes Montoro Araque. Universidad de Granada. Programa de doctorado en Lenguas, textos y contextos. 2022. Le\u00edda en Septiembre de 2022.\u00a0<\/p>\n\n\n\n<p>Chico Morales, J.M. \u201c \u2018L\u00b4\u00e9cran-imagin\u00e9\u2019 et \u2018l\u2019\u00e9cran-imaginant\u2019 : deux approches esth\u00e9tiques pour interpr\u00e9ter l&#8217;imaginaire de notre modernit\u00e9. \u201d, sous la direction de Mercedes Montoro Araque. Programa de doctorado en Lenguas, Textos y Contextos. Universidad de Granada.&nbsp;&nbsp;<\/p>\n\n\n\n<p>Tabari, S. \u201cL\u2019histoire du jardin et du paysage entre science et imaginaire. Alger \u00e0 travers le temps <strong>&nbsp;(<\/strong>XVIe- XIXe si\u00e8cles), sous la direction de Mercedes Montoro Araque. Programa de doctorado en Lenguas, Textos y Contextos. Universidad de Granada.<\/p>\n\n\n\n<h1>2020-21<\/h1>\n\n\n\n<h3>Direcci\u00f3n (tesis en curso)<\/h3>\n\n\n\n<p>Flores-Fern\u00e1ndez, M. \u201cLa f\u00e9minisation du paysage. D\u00e9cadentisme et postmodernit\u00e9 : vers une notion d\u2019arch\u00e9type\u201d, sous la direction de Mercedes Montoro Araque. Universidad de Granada. Programa de doctorado en Lenguas, textos y contextos.<\/p>\n\n\n\n<p>Chico Morales, J.M. \u201c\u00abL\u00b4\u00e9cran-imagin\u00e9\u00bb et \u00abl\u00b4\u00e9cran-imaginant\u00bb : deux approches esth\u00e9tiques pour interpr\u00e9ter l\u00b4imaginaire de notre modernit\u00e9.\u201d, sous la direction de Mercedes Montoro Araque. Programa de doctorado en Lenguas, Textos y Contextos. Universidad de Granada.&nbsp;&nbsp;<\/p>\n\n\n\n<p>Tabari, S. \u201cL\u2019histoire du jardin et du paysage entre science et imaginaire. Alger \u00e0 travers le temps <strong>&nbsp;(<\/strong>XVIe- XIXe si\u00e8cles), sous la direction de Mercedes Montoro Araque. Programa de doctorado en Lenguas, Textos y Contextos. Universidad de Granada.<\/p>\n\n\n\n<h3>Tesis defendidas<\/h3>\n\n\n\n<p>Hern\u00e1ndez G\u00f3mez, M.A. <em>La pens\u00e9e de l\u2019homme dans l\u2019\u0153uvre de Vercors<\/em>, sous la co-direction de C. Milkovitch-Rioux et C. Alberdi. Programa de Doctorado: Lenguas, Textos y Contextos. Tesis en cotutela internacional con la Universidad Clermont-Auvergne. Fecha de defensa 17\/09\/2020.<\/p>\n\n\n\n<h1>2018-19<\/h1>\n\n\n\n<h3>Direcci\u00f3n (tesis en curso)<\/h3>\n\n\n\n<p>Flores-Fern\u00e1ndez, M. \u201cLa f\u00e9minisation du paysage. D\u00e9cadentisme et postmodernit\u00e9 : vers une notion d\u2019arch\u00e9type\u201d, sous la direction de Mercedes Montoro Araque. Universidad de Granada. Programa de doctorado en Lenguas, textos y contextos.&nbsp;<\/p>\n\n\n\n<p>Hern\u00e1ndez G\u00f3mez, M.A. \u201cLa pens\u00e9e de l\u2019homme dans l\u2019\u0153uvre de Vercors, sous la co-direction de C. Milkovitch-Rioux et C. Alberdi\u201d. Programa de Doctorado: Lenguas, Textos y Contextos. Tesis en cotutela internacional con la Universidad Clermont-Auvergne.<\/p>\n\n\n\n<p>Tabari, S. \u201cL\u2019histoire du jardin et du paysage entre science et imaginaire. Alger \u00e0 travers le temps <strong>&nbsp;(<\/strong>XVIe- XIXe si\u00e8cles)\u201d, sous la direction de Mercedes Montoro Araque. Programa de doctorado en Lenguas, Textos y Contextos. Universidad de Granada.<\/p>\n","protected":false},"excerpt":{"rendered":"<p>2024-25 Direcci\u00f3n (tesis en curso) Chico Morales, J.M. \u201c \u2018L\u00b4\u00e9cran-imagin\u00e9\u2019 et \u2018l\u2019\u00e9cran-imaginant\u2019 : deux approches esth\u00e9tiques pour interpr\u00e9ter l\u2019imaginaire de notre modernit\u00e9. \u201d, sous la direction de Mercedes Montoro Araque. Programa de doctorado en Lenguas, Textos y Contextos. Universidad de Granada. Vela Ameneiro, N. La litt\u00e9rature francophone tahitienne face aux mythes de la Nouvelle Cyth\u00e8re: &hellip; <\/p>\n<p class=\"link-more\"><a href=\"https:\/\/wpd.ugr.es\/~mitema\/wordpress\/?page_id=1560\" class=\"more-link\">Read more<span class=\"screen-reader-text\"> &#8220;Tesis&#8221;<\/span><\/a><\/p>\n","protected":false},"author":1,"featured_media":0,"parent":0,"menu_order":0,"comment_status":"closed","ping_status":"closed","template":"","meta":{"_mi_skip_tracking":false},"_links":{"self":[{"href":"https:\/\/wpd.ugr.es\/~mitema\/wordpress\/index.php?rest_route=\/wp\/v2\/pages\/1560"}],"collection":[{"href":"https:\/\/wpd.ugr.es\/~mitema\/wordpress\/index.php?rest_route=\/wp\/v2\/pages"}],"about":[{"href":"https:\/\/wpd.ugr.es\/~mitema\/wordpress\/index.php?rest_route=\/wp\/v2\/types\/page"}],"author":[{"embeddable":true,"href":"https:\/\/wpd.ugr.es\/~mitema\/wordpress\/index.php?rest_route=\/wp\/v2\/users\/1"}],"replies":[{"embeddable":true,"href":"https:\/\/wpd.ugr.es\/~mitema\/wordpress\/index.php?rest_route=%2Fwp%2Fv2%2Fcomments&post=1560"}],"version-history":[{"count":6,"href":"https:\/\/wpd.ugr.es\/~mitema\/wordpress\/index.php?rest_route=\/wp\/v2\/pages\/1560\/revisions"}],"predecessor-version":[{"id":1759,"href":"https:\/\/wpd.ugr.es\/~mitema\/wordpress\/index.php?rest_route=\/wp\/v2\/pages\/1560\/revisions\/1759"}],"wp:attachment":[{"href":"https:\/\/wpd.ugr.es\/~mitema\/wordpress\/index.php?rest_route=%2Fwp%2Fv2%2Fmedia&parent=1560"}],"curies":[{"name":"wp","href":"https:\/\/api.w.org\/{rel}","templated":true}]}}