{"id":229,"date":"2019-08-12T17:00:01","date_gmt":"2019-08-12T17:00:01","guid":{"rendered":"https:\/\/evenz.qantumthemes.xyz\/demo\/?page_id=229"},"modified":"2022-02-14T08:58:42","modified_gmt":"2022-02-14T08:58:42","slug":"home-01-3d-hero","status":"publish","type":"page","link":"https:\/\/wpd.ugr.es\/~mitema\/wordpress\/","title":{"rendered":"MITEMA"},"content":{"rendered":"<h4 style=\"text-align: justify;\">\u201cMITEMA (mitos, imaginarios, tem\u00e1ticas pluridisciplinares)\u201d nace en 2012, en el seno de la Universidad de Granada, al amparo de la Ley Org\u00e1nica 1\/2002, de 22 de marzo, reguladora del Derecho de Asociaci\u00f3n, bajo la direcci\u00f3n de Mercedes Montoro Araque.<\/h4>\n<p><img loading=\"lazy\" class=\"aligncenter wp-image-1574 size-full\" src=\"https:\/\/wpd.ugr.es\/~mitema\/wordpress\/wp-content\/uploads\/2022\/02\/marca_mitema_violeta_fondoBlanco.jpg\" alt=\"\" width=\"600\" height=\"259\" \/><\/p>\n<p style=\"text-align: justify;\">Su denominaci\u00f3n viene marcada por el neologismo de L\u00e9vi-Strauss (1958) que hace de esta \u201cporci\u00f3n irreductible del mito\u201d la \u201cmateria primera empleada para la construcci\u00f3n de modelos que ponen de manifiesto la propia estructura social\u201d (Levi-Strauss). MITEMA es tambi\u00e9n \u201cla m\u00e1s peque\u00f1a unidad del discurso m\u00edticamente significativa\u201d (Durand) que por su \u201credundancia\u201d no s\u00f3lo permite reconocer el mito a trav\u00e9s de su \u201cpermanencia\u201d y su \u201cevoluci\u00f3n\u201d, sino que implica todo un \u201cenjambre de im\u00e1genes\u201d (Soustelle, Durand) derivadas de la funci\u00f3n simb\u00f3lica del siquismo humano.<\/p>\n<p style=\"text-align: justify;\">Con estas y otras premisas, la asociaci\u00f3n MITEMA se impone como vector el pensar el imaginario sin oponerlo a la racionalidad (Bachelard), sino como algo que obra en los confines o incluso en el seno de \u00e9sta (Wunenburger). MITEMA invita a proyectar el imaginario, dentro de la corriente metodol\u00f3gica inspirada de la escuela de Grenoble (Francia), como un modo de representaci\u00f3n con sem\u00e1ntica simb\u00f3lica propia (doble sentido de las im\u00e1genes, ambivalencia de valores, no disociaci\u00f3n entre lo sensible y el significado, correspondencias anal\u00f3gicas, unidad de sentidos opuestos, comprensi\u00f3n existencial\u2026). Una sem\u00e1ntica simb\u00f3lica que se abastece de la \u201censo\u00f1aci\u00f3n po\u00e9tica de los cuatro elementos\u201d (Bachelard) o del \u201ctrayecto antropol\u00f3gico\u201d entendido como \u201cel incesante intercambio que existe entre las pulsiones subjetivas y asimiladoras y las intimaciones objetivas que emanan del medio c\u00f3smico y social\u201d (Durand). MITEMA propone, en definitiva, definir el imaginario como \u201clenguaje simb\u00f3lico universal a trav\u00e9s del cual damos forma a nuestras emociones, im\u00e1genes, ideas, acciones\u201d; o como, \u201cconjunto de representaciones simb\u00f3licas, textuales y visuales, individuales y colectivas, que participan en la producci\u00f3n de obras de arte, de relatos, de instituciones, de valores y de significados en las culturas humanas\u201d (Wunenburger).<\/p>\n<p><img loading=\"lazy\" class=\"size-medium wp-image-1552 aligncenter\" src=\"https:\/\/wpd.ugr.es\/~mitema\/wordpress\/wp-content\/uploads\/2022\/01\/Mesa-de-trabajo-42-copia-7-770x166.png\" alt=\"\" width=\"770\" height=\"166\" srcset=\"https:\/\/wpd.ugr.es\/~mitema\/wordpress\/wp-content\/uploads\/2022\/01\/Mesa-de-trabajo-42-copia-7-770x166.png 770w, https:\/\/wpd.ugr.es\/~mitema\/wordpress\/wp-content\/uploads\/2022\/01\/Mesa-de-trabajo-42-copia-7-768x165.png 768w, https:\/\/wpd.ugr.es\/~mitema\/wordpress\/wp-content\/uploads\/2022\/01\/Mesa-de-trabajo-42-copia-7.png 1021w\" sizes=\"(max-width: 770px) 100vw, 770px\" \/><\/p>\n<p style=\"text-align: justify;\">MITEMA opta en este sentido, por agrupar entre sus miembros a todos aquellos investigadores en ciencias humanas y sociales (herederos o no de la corriente epistemol\u00f3gica francesa fundada por G. Durand, L. Cellier y P. Deschamps en 1966) cuya curiosidad por el mito, conlleve a una reflexi\u00f3n sobre el mismo: el mito como ontolog\u00eda ( el hombre es <em>sapiens<\/em> y <em>demens<\/em>, sabio y poeta a la vez), como fenomenolog\u00eda (Eliade, Ricoeur, Merleau-Ponty, Bachelard\u2026), como escatolog\u00eda, y por su condici\u00f3n de relato, como medio de exorcizar el poder entr\u00f3pico del tiempo (tiempo sagrado\/tiempo profano)&#8230; Entre sus objetos de estudio, MITEMA opta por fomentar la creaci\u00f3n y la interpretaci\u00f3n de obras as\u00ed como la recepci\u00f3n de trabajos acad\u00e9micos en las que el mito \u2014 ya sea por \u201cperennidad\u201d, \u201cderivaci\u00f3n\u201d o \u201cusura\u201d de su significado (Durand)\u2014 invite a establecer pasarelas pluri- e interdisciplinarias (mito e historia; mito y antropolog\u00eda; mito y ling\u00fc\u00edstica; mito y g\u00e9nero (teor\u00edas queer y feminista); mito y pol\u00edtica; mito y ecocr\u00edtica; mito y ciencias cognitivas; mito y teor\u00eda matem\u00e1tica de los fractales (Walter 2014), etc ) en la investigaci\u00f3n en ciencias humanas.<\/p>\n<p style=\"text-align: justify;\">En definitiva, en la apertura, heterogeneidad, y en el car\u00e1cter pluridisciplinar de la asociaci\u00f3n reside la fuerza y la raz\u00f3n de ser de \u201cMITEMA\u201d, no reduciendo su corpus al mito &#8220;envuelto de literatura&#8221; (Chauvin, Brunel) sino ampliando \u00e9ste hacia las producciones audiovisuales contempor\u00e1neas (films, series de plataformas, fotograf\u00edas, c\u00f3mics, publicidad\u2026 ) y art\u00edsticas\u00a0 en general, a las producciones cient\u00edficas incluso, y manteni\u00e9ndose siempre abierto ante cualquier renovaci\u00f3n en la epistemolog\u00eda del mito.<\/p>\n<p style=\"text-align: right;\"><em>(Texto de:\u00a0 Mercedes Montoro Araque, Presidenta de Mitema)<\/em><\/p>\n\n\n<figure class=\"wp-block-image size-full\"><img loading=\"lazy\" width=\"427\" height=\"427\" src=\"https:\/\/wpd.ugr.es\/~mitema\/wordpress\/wp-content\/uploads\/2022\/01\/paisarteagua-colaboradores13.png\" alt=\"\" class=\"wp-image-1512\" srcset=\"https:\/\/wpd.ugr.es\/~mitema\/wordpress\/wp-content\/uploads\/2022\/01\/paisarteagua-colaboradores13.png 427w, https:\/\/wpd.ugr.es\/~mitema\/wordpress\/wp-content\/uploads\/2022\/01\/paisarteagua-colaboradores13-150x150.png 150w\" sizes=\"(max-width: 427px) 100vw, 427px\" \/><\/figure>\n","protected":false},"excerpt":{"rendered":"<p>\u201cMITEMA (mitos, imaginarios, tem\u00e1ticas pluridisciplinares)\u201d nace en 2012, en el seno de la Universidad de Granada, al amparo de la Ley Org\u00e1nica 1\/2002, de 22 de marzo, reguladora del Derecho de Asociaci\u00f3n, bajo la direcci\u00f3n de Mercedes Montoro Araque. Su denominaci\u00f3n viene marcada por el neologismo de L\u00e9vi-Strauss (1958) que hace de esta \u201cporci\u00f3n irreductible &hellip; <\/p>\n<p class=\"link-more\"><a href=\"https:\/\/wpd.ugr.es\/~mitema\/wordpress\/\" class=\"more-link\">Read more<span class=\"screen-reader-text\"> &#8220;MITEMA&#8221;<\/span><\/a><\/p>\n","protected":false},"author":1,"featured_media":0,"parent":0,"menu_order":0,"comment_status":"closed","ping_status":"closed","template":"","meta":{"_mi_skip_tracking":false},"_links":{"self":[{"href":"https:\/\/wpd.ugr.es\/~mitema\/wordpress\/index.php?rest_route=\/wp\/v2\/pages\/229"}],"collection":[{"href":"https:\/\/wpd.ugr.es\/~mitema\/wordpress\/index.php?rest_route=\/wp\/v2\/pages"}],"about":[{"href":"https:\/\/wpd.ugr.es\/~mitema\/wordpress\/index.php?rest_route=\/wp\/v2\/types\/page"}],"author":[{"embeddable":true,"href":"https:\/\/wpd.ugr.es\/~mitema\/wordpress\/index.php?rest_route=\/wp\/v2\/users\/1"}],"replies":[{"embeddable":true,"href":"https:\/\/wpd.ugr.es\/~mitema\/wordpress\/index.php?rest_route=%2Fwp%2Fv2%2Fcomments&post=229"}],"version-history":[{"count":33,"href":"https:\/\/wpd.ugr.es\/~mitema\/wordpress\/index.php?rest_route=\/wp\/v2\/pages\/229\/revisions"}],"predecessor-version":[{"id":1576,"href":"https:\/\/wpd.ugr.es\/~mitema\/wordpress\/index.php?rest_route=\/wp\/v2\/pages\/229\/revisions\/1576"}],"wp:attachment":[{"href":"https:\/\/wpd.ugr.es\/~mitema\/wordpress\/index.php?rest_route=%2Fwp%2Fv2%2Fmedia&parent=229"}],"curies":[{"name":"wp","href":"https:\/\/api.w.org\/{rel}","templated":true}]}}

<h4 style="text-align: justify;">“MITEMA (mitos, imaginarios, temáticas pluridisciplinares)” nace en 2012, en el seno de la Universidad de Granada, al amparo de la Ley Orgánica 1/2002, de 22 de marzo, reguladora del Derecho de Asociación, bajo la dirección de Mercedes Montoro Araque.</h4>
<p><img loading="lazy" class="aligncenter wp-image-1574 size-full" src="https://wpd.ugr.es/~mitema/wordpress/wp-content/uploads/2022/02/marca_mitema_violeta_fondoBlanco.jpg" alt="" width="600" height="259" /></p>
<p style="text-align: justify;">Su denominación viene marcada por el neologismo de Lévi-Strauss (1958) que hace de esta “porción irreductible del mito” la “materia primera empleada para la construcción de modelos que ponen de manifiesto la propia estructura social” (Levi-Strauss). MITEMA es también “la más pequeña unidad del discurso míticamente significativa” (Durand) que por su “redundancia” no sólo permite reconocer el mito a través de su “permanencia” y su “evolución”, sino que implica todo un “enjambre de imágenes” (Soustelle, Durand) derivadas de la función simbólica del siquismo humano.</p>
<p style="text-align: justify;">Con estas y otras premisas, la asociación MITEMA se impone como vector el pensar el imaginario sin oponerlo a la racionalidad (Bachelard), sino como algo que obra en los confines o incluso en el seno de ésta (Wunenburger). MITEMA invita a proyectar el imaginario, dentro de la corriente metodológica inspirada de la escuela de Grenoble (Francia), como un modo de representación con semántica simbólica propia (doble sentido de las imágenes, ambivalencia de valores, no disociación entre lo sensible y el significado, correspondencias analógicas, unidad de sentidos opuestos, comprensión existencial…). Una semántica simbólica que se abastece de la “ensoñación poética de los cuatro elementos” (Bachelard) o del “trayecto antropológico” entendido como “el incesante intercambio que existe entre las pulsiones subjetivas y asimiladoras y las intimaciones objetivas que emanan del medio cósmico y social” (Durand). MITEMA propone, en definitiva, definir el imaginario como “lenguaje simbólico universal a través del cual damos forma a nuestras emociones, imágenes, ideas, acciones”; o como, “conjunto de representaciones simbólicas, textuales y visuales, individuales y colectivas, que participan en la producción de obras de arte, de relatos, de instituciones, de valores y de significados en las culturas humanas” (Wunenburger).</p>
<p><img loading="lazy" class="size-medium wp-image-1552 aligncenter" src="https://wpd.ugr.es/~mitema/wordpress/wp-content/uploads/2022/01/Mesa-de-trabajo-42-copia-7-770x166.png" alt="" width="770" height="166" srcset="https://wpd.ugr.es/~mitema/wordpress/wp-content/uploads/2022/01/Mesa-de-trabajo-42-copia-7-770x166.png 770w, https://wpd.ugr.es/~mitema/wordpress/wp-content/uploads/2022/01/Mesa-de-trabajo-42-copia-7-768x165.png 768w, https://wpd.ugr.es/~mitema/wordpress/wp-content/uploads/2022/01/Mesa-de-trabajo-42-copia-7.png 1021w" sizes="(max-width: 770px) 100vw, 770px" /></p>
<p style="text-align: justify;">MITEMA opta en este sentido, por agrupar entre sus miembros a todos aquellos investigadores en ciencias humanas y sociales (herederos o no de la corriente epistemológica francesa fundada por G. Durand, L. Cellier y P. Deschamps en 1966) cuya curiosidad por el mito, conlleve a una reflexión sobre el mismo: el mito como ontología ( el hombre es <em>sapiens</em> y <em>demens</em>, sabio y poeta a la vez), como fenomenología (Eliade, Ricoeur, Merleau-Ponty, Bachelard…), como escatología, y por su condición de relato, como medio de exorcizar el poder entrópico del tiempo (tiempo sagrado/tiempo profano)&#8230; Entre sus objetos de estudio, MITEMA opta por fomentar la creación y la interpretación de obras así como la recepción de trabajos académicos en las que el mito — ya sea por “perennidad”, “derivación” o “usura” de su significado (Durand)— invite a establecer pasarelas pluri- e interdisciplinarias (mito e historia; mito y antropología; mito y lingüística; mito y género (teorías queer y feminista); mito y política; mito y ecocrítica; mito y ciencias cognitivas; mito y teoría matemática de los fractales (Walter 2014), etc ) en la investigación en ciencias humanas.</p>
<p style="text-align: justify;">En definitiva, en la apertura, heterogeneidad, y en el carácter pluridisciplinar de la asociación reside la fuerza y la razón de ser de “MITEMA”, no reduciendo su corpus al mito &#8220;envuelto de literatura&#8221; (Chauvin, Brunel) sino ampliando éste hacia las producciones audiovisuales contemporáneas (films, series de plataformas, fotografías, cómics, publicidad… ) y artísticas  en general, a las producciones científicas incluso, y manteniéndose siempre abierto ante cualquier renovación en la epistemología del mito.</p>
<p style="text-align: right;"><em>(Texto de:  Mercedes Montoro Araque, Presidenta de Mitema)</em></p>


<figure class="wp-block-image size-full"><img loading="lazy" width="427" height="427" src="https://wpd.ugr.es/~mitema/wordpress/wp-content/uploads/2022/01/paisarteagua-colaboradores13.png" alt="" class="wp-image-1512" srcset="https://wpd.ugr.es/~mitema/wordpress/wp-content/uploads/2022/01/paisarteagua-colaboradores13.png 427w, https://wpd.ugr.es/~mitema/wordpress/wp-content/uploads/2022/01/paisarteagua-colaboradores13-150x150.png 150w" sizes="(max-width: 427px) 100vw, 427px" /></figure>

<p>“MITEMA (mitos, imaginarios, temáticas pluridisciplinares)” nace en 2012, en el seno de la Universidad de Granada, al amparo de la Ley Orgánica 1/2002, de 22 de marzo, reguladora del Derecho de Asociación, bajo la dirección de Mercedes Montoro Araque. Su denominación viene marcada por el neologismo de Lévi-Strauss (1958) que hace de esta “porción irreductible &hellip; </p>
<p class="link-more"><a href="https://wpd.ugr.es/~mitema/wordpress/" class="more-link">Read more<span class="screen-reader-text"> &#8220;MITEMA&#8221;</span></a></p>
