{"id":336,"date":"2020-01-29T13:40:57","date_gmt":"2020-01-29T12:40:57","guid":{"rendered":"https:\/\/wpd.ugr.es\/~monument\/?page_id=336"},"modified":"2020-01-31T13:42:09","modified_gmt":"2020-01-31T12:42:09","slug":"members","status":"publish","type":"page","link":"https:\/\/wpd.ugr.es\/~monument\/en\/members\/","title":{"rendered":"Members"},"content":{"rendered":"<p>[et_pb_section fb_built=&#8221;1&#8243; _builder_version=&#8221;4.2.1&#8243; use_background_color_gradient=&#8221;on&#8221; background_color_gradient_start=&#8221;#e02b20&#8243; background_color_gradient_end=&#8221;#000000&#8243; background_image=&#8221;https:\/\/wpd.ugr.es\/~monument\/wp-content\/uploads\/2020\/01\/gypsum.png&#8221;][et_pb_row _builder_version=&#8221;4.2.1&#8243;][et_pb_column type=&#8221;4_4&#8243; _builder_version=&#8221;4.2.1&#8243;][et_pb_post_title meta=&#8221;off&#8221; featured_image=&#8221;off&#8221; _builder_version=&#8221;4.2.1&#8243; title_level=&#8221;h3&#8243; title_font=&#8221;|600||on|||||&#8221; title_text_align=&#8221;left&#8221; title_text_color=&#8221;#ffffff&#8221; title_font_size=&#8221;21px&#8221;][\/et_pb_post_title][\/et_pb_column][\/et_pb_row][\/et_pb_section][et_pb_section fb_built=&#8221;1&#8243; _builder_version=&#8221;4.2.2&#8243;][et_pb_row _builder_version=&#8221;4.2.2&#8243;][et_pb_column type=&#8221;4_4&#8243; _builder_version=&#8221;4.2.2&#8243;][et_pb_team_member name=&#8221;Eduardo Sebasti\u00e1n Pardo, Prof.Dr.&#8221; position=&#8221;Group Director&#8221; image_url=&#8221;https:\/\/wpd.ugr.es\/~monument\/wp-content\/uploads\/2020\/01\/Eduardo.jpg&#8221; _builder_version=&#8221;4.2.2&#8243; header_level=&#8221;h5&#8243; header_font=&#8221;|700|||||||&#8221; header_text_color=&#8221;#5e5e5e&#8221; background_enable_color=&#8221;off&#8221; text_orientation=&#8221;left&#8221; hover_enabled=&#8221;0&#8243; border_radii_image=&#8221;on|10px|10px|10px|10px&#8221;]<\/p>\n<p>University of Granada. Department of Mineralogy and Petrology<br \/> Tel. +34 958 243 340<br \/> <a href=\"mailto:rolando@ugr.es\"><strong>rolando@ugr.es<\/strong><\/a><\/p>\n<p>[\/et_pb_team_member][et_pb_team_member name=&#8221;Carolina Cardell Fern\u00e1ndez, Prof.Dr.&#8221; image_url=&#8221;https:\/\/wpd.ugr.es\/~monument\/wp-content\/uploads\/2020\/01\/carol.jpg&#8221; _builder_version=&#8221;4.2.2&#8243; header_level=&#8221;h5&#8243; header_font=&#8221;|700|||||||&#8221; header_text_color=&#8221;#5e5e5e&#8221; background_enable_color=&#8221;off&#8221; text_orientation=&#8221;left&#8221; border_radii_image=&#8221;on|10px|10px|10px|10px&#8221;]<\/p>\n<p>University of Granada. Department of Mineralogy and Petrology<br \/> Tel. +34 958 242 725<br \/> <a href=\"mailto:cardell@ugr.es\"><strong>cardell@ugr.es<\/strong><\/a><\/p>\n<p>[\/et_pb_team_member][et_pb_team_member name=&#8221;Giuseppe Cultrone, Prof.Dr.&#8221; image_url=&#8221;https:\/\/wpd.ugr.es\/~monument\/wp-content\/uploads\/2020\/01\/giuseppe.jpg&#8221; _builder_version=&#8221;4.2.2&#8243; header_level=&#8221;h5&#8243; header_font=&#8221;|700|||||||&#8221; header_text_color=&#8221;#5e5e5e&#8221; background_enable_color=&#8221;off&#8221; text_orientation=&#8221;left&#8221; hover_enabled=&#8221;0&#8243; border_radii_image=&#8221;on|10px|10px|10px|10px&#8221;]<\/p>\n<p>University of Granada. Department of Mineralogy and Petrology<br \/> Tel. +34 958 240 077<br \/> <a href=\"mailto:cultrone@ugr.es\"><strong>cultrone@ugr.es<\/strong><\/a><br \/> <strong><a href=\"http:\/\/wpd.ugr.es\/~cultrone\/\" target=\"_blank\" rel=\"noopener noreferrer\">P\u00e1gina web<\/a><\/strong><\/p>\n<p>[\/et_pb_team_member][et_pb_team_member name=&#8221;Encarnaci\u00f3n M\u00aa Ruiz Agudo, Prof.Dr.&#8221; image_url=&#8221;https:\/\/wpd.ugr.es\/~monument\/wp-content\/uploads\/2020\/01\/EncarniRuiz.jpg&#8221; _builder_version=&#8221;4.2.2&#8243; header_level=&#8221;h5&#8243; header_font=&#8221;|700|||||||&#8221; header_text_color=&#8221;#5e5e5e&#8221; background_enable_color=&#8221;off&#8221; text_orientation=&#8221;left&#8221; hover_enabled=&#8221;0&#8243; border_radii_image=&#8221;on|10px|10px|10px|10px&#8221;]<\/p>\n<p>University of Granada. Department of Mineralogy and Petrology<br \/> Tel. +34 958 248 535<br \/> <a href=\"mailto:encaruiz@ugr.es\"><strong>encaruiz@ugr.es<\/strong><\/a><br \/> <strong><\/strong><\/p>\n<p>[\/et_pb_team_member][et_pb_team_member name=&#8221;Carlos Rodr\u00edguez Navarro, Prof.Dr.&#8221; image_url=&#8221;https:\/\/wpd.ugr.es\/~monument\/wp-content\/uploads\/2020\/01\/Carlos.jpg&#8221; _builder_version=&#8221;4.2.2&#8243; header_level=&#8221;h5&#8243; header_font=&#8221;|700|||||||&#8221; header_text_color=&#8221;#5e5e5e&#8221; background_enable_color=&#8221;off&#8221; text_orientation=&#8221;left&#8221; hover_enabled=&#8221;0&#8243; border_radii_image=&#8221;on|10px|10px|10px|10px&#8221;]<\/p>\n<p>University of Granada. Department of Mineralogy and Petrology<br \/> Tel. +34 958 246 616<br \/> <a href=\"mailto:carlosrn@ugr.es\"><strong>carlosrn@ugr.es<\/strong><\/a><br \/> <strong><\/strong><\/p>\n<p>[\/et_pb_team_member][et_pb_team_member name=&#8221;Anna Arizzi, Dr.&#8221; image_url=&#8221;https:\/\/wpd.ugr.es\/~monument\/wp-content\/uploads\/2020\/01\/arizzi2.jpg&#8221; _builder_version=&#8221;4.2.2&#8243; header_level=&#8221;h5&#8243; header_font=&#8221;|700|||||||&#8221; header_text_color=&#8221;#5e5e5e&#8221; background_enable_color=&#8221;off&#8221; text_orientation=&#8221;left&#8221; hover_enabled=&#8221;0&#8243; border_radii_image=&#8221;on|10px|10px|10px|10px&#8221;]<\/p>\n<p>University of Granada. Department of Mineralogy and Petrology<br \/> Tel. + 34 958 243 343<br \/> <a href=\"mailto:arizzina@ugr.es\"><strong>arizzina@ugr.es<\/strong><\/a><br \/> <strong><\/strong><\/p>\n<p>[\/et_pb_team_member][et_pb_team_member name=&#8221;Kerstin Elert, Dr.&#8221; image_url=&#8221;https:\/\/wpd.ugr.es\/~monument\/wp-content\/uploads\/2020\/01\/kerstin.jpg&#8221; _builder_version=&#8221;4.2.2&#8243; header_level=&#8221;h5&#8243; header_font=&#8221;|700|||||||&#8221; header_text_color=&#8221;#5e5e5e&#8221; background_enable_color=&#8221;off&#8221; text_orientation=&#8221;left&#8221; hover_enabled=&#8221;0&#8243; border_radii_image=&#8221;on|10px|10px|10px|10px&#8221;]<\/p>\n<p>University of Granada. Department of Mineralogy and Petrology<br \/> Tel. +34 958 246 616<br \/> <a href=\"mailto:kelert@ugr.es\"><strong>kelert@ugr.es<\/strong><\/a><br \/> <strong><\/strong><\/p>\n<p>[\/et_pb_team_member][et_pb_team_member name=&#8221;Aurelia Mar\u00eda Ib\u00e1\u00f1ez Velasco&#8221; image_url=&#8221;https:\/\/wpd.ugr.es\/~monument\/wp-content\/uploads\/2020\/01\/Aurelia.jpg&#8221; _builder_version=&#8221;4.2.2&#8243; header_level=&#8221;h5&#8243; header_font=&#8221;|700|||||||&#8221; header_text_color=&#8221;#5e5e5e&#8221; background_enable_color=&#8221;off&#8221; text_orientation=&#8221;left&#8221; hover_enabled=&#8221;0&#8243; border_radii_image=&#8221;on|10px|10px|10px|10px&#8221;]<\/p>\n<p>University of Granada. Department of Mineralogy and Petrology<br \/> Tel. <span>+34 958 240 473<\/span><br \/> <strong><a href=\"mailto:aureliaiv@ugr.es\" target=\"_blank\" rel=\"noopener noreferrer\">aureliaiv@ugr.es<\/a><\/strong><br \/> <strong><\/strong><\/p>\n<p>[\/et_pb_team_member][\/et_pb_column][\/et_pb_row][\/et_pb_section][et_pb_section fb_built=&#8221;1&#8243; _builder_version=&#8221;4.2.1&#8243; background_color=&#8221;#000000&#8243; custom_margin=&#8221;0px||-15px||false|false&#8221; custom_padding=&#8221;6px||0px||false|false&#8221;][et_pb_row column_structure=&#8221;1_3,1_3,1_3&#8243; _builder_version=&#8221;4.2.1&#8243; min_height=&#8221;207px&#8221; custom_margin=&#8221;-34px|auto||auto||&#8221; custom_padding=&#8221;||0px|||&#8221;][et_pb_column type=&#8221;1_3&#8243; _builder_version=&#8221;4.2.1&#8243;][\/et_pb_column][et_pb_column type=&#8221;1_3&#8243; _builder_version=&#8221;4.2.1&#8243;][et_pb_image src=&#8221;https:\/\/wpd.ugr.es\/~monument\/wp-content\/uploads\/2020\/01\/ugr-vertical-blanco.png&#8221; url=&#8221;https:\/\/www.ugr.es\/~minpet\/&#8221; url_new_window=&#8221;on&#8221; show_bottom_space=&#8221;off&#8221; _builder_version=&#8221;4.2.1&#8243; width=&#8221;82%&#8221; module_alignment=&#8221;center&#8221; custom_padding=&#8221;||0px|||&#8221;][\/et_pb_image][\/et_pb_column][et_pb_column type=&#8221;1_3&#8243; _builder_version=&#8221;4.2.1&#8243;][\/et_pb_column][\/et_pb_row][\/et_pb_section]<\/p>\n","protected":false},"excerpt":{"rendered":"<p>[et_pb_section fb_built=&#8221;1&#8243; _builder_version=&#8221;4.2.1&#8243; use_background_color_gradient=&#8221;on&#8221; background_color_gradient_start=&#8221;#e02b20&#8243; background_color_gradient_end=&#8221;#000000&#8243; background_image=&#8221;https:\/\/wpd.ugr.es\/~monument\/wp-content\/uploads\/2020\/01\/gypsum.png&#8221;][et_pb_row _builder_version=&#8221;4.2.1&#8243;][et_pb_column type=&#8221;4_4&#8243; _builder_version=&#8221;4.2.1&#8243;][et_pb_post_title meta=&#8221;off&#8221; featured_image=&#8221;off&#8221; _builder_version=&#8221;4.2.1&#8243; title_level=&#8221;h3&#8243; title_font=&#8221;|600||on|||||&#8221; title_text_align=&#8221;left&#8221; title_text_color=&#8221;#ffffff&#8221; title_font_size=&#8221;21px&#8221;][\/et_pb_post_title][\/et_pb_column][\/et_pb_row][\/et_pb_section][et_pb_section fb_built=&#8221;1&#8243; _builder_version=&#8221;4.2.2&#8243;][et_pb_row _builder_version=&#8221;4.2.2&#8243;][et_pb_column type=&#8221;4_4&#8243; _builder_version=&#8221;4.2.2&#8243;][et_pb_team_member name=&#8221;Eduardo Sebasti\u00e1n Pardo, Prof.Dr.&#8221; position=&#8221;Group Director&#8221; image_url=&#8221;https:\/\/wpd.ugr.es\/~monument\/wp-content\/uploads\/2020\/01\/Eduardo.jpg&#8221; _builder_version=&#8221;4.2.2&#8243; header_level=&#8221;h5&#8243; header_font=&#8221;|700|||||||&#8221; header_text_color=&#8221;#5e5e5e&#8221; background_enable_color=&#8221;off&#8221; text_orientation=&#8221;left&#8221; hover_enabled=&#8221;0&#8243; border_radii_image=&#8221;on|10px|10px|10px|10px&#8221;] University of Granada. Department of Mineralogy and Petrology Tel. +34 958 243 340 rolando@ugr.es [\/et_pb_team_member][et_pb_team_member name=&#8221;Carolina Cardell [&hellip;]<\/p>\n","protected":false},"author":1,"featured_media":0,"parent":0,"menu_order":0,"comment_status":"closed","ping_status":"closed","template":"","meta":{"_et_pb_use_builder":"on","_et_pb_old_content":"","_et_gb_content_width":""},"_links":{"self":[{"href":"https:\/\/wpd.ugr.es\/~monument\/wp-json\/wp\/v2\/pages\/336"}],"collection":[{"href":"https:\/\/wpd.ugr.es\/~monument\/wp-json\/wp\/v2\/pages"}],"about":[{"href":"https:\/\/wpd.ugr.es\/~monument\/wp-json\/wp\/v2\/types\/page"}],"author":[{"embeddable":true,"href":"https:\/\/wpd.ugr.es\/~monument\/wp-json\/wp\/v2\/users\/1"}],"replies":[{"embeddable":true,"href":"https:\/\/wpd.ugr.es\/~monument\/wp-json\/wp\/v2\/comments?post=336"}],"version-history":[{"count":5,"href":"https:\/\/wpd.ugr.es\/~monument\/wp-json\/wp\/v2\/pages\/336\/revisions"}],"predecessor-version":[{"id":398,"href":"https:\/\/wpd.ugr.es\/~monument\/wp-json\/wp\/v2\/pages\/336\/revisions\/398"}],"wp:attachment":[{"href":"https:\/\/wpd.ugr.es\/~monument\/wp-json\/wp\/v2\/media?parent=336"}],"curies":[{"name":"wp","href":"https:\/\/api.w.org\/{rel}","templated":true}]}}