{"id":91,"date":"2020-01-22T12:37:31","date_gmt":"2020-01-22T11:37:31","guid":{"rendered":"https:\/\/wpd.ugr.es\/~monument\/?page_id=91"},"modified":"2020-01-27T13:46:07","modified_gmt":"2020-01-27T12:46:07","slug":"instrumentacion","status":"publish","type":"page","link":"https:\/\/wpd.ugr.es\/~monument\/instrumentacion\/","title":{"rendered":"Instrumentaci\u00f3n"},"content":{"rendered":"<p>[et_pb_section fb_built=&#8221;1&#8243; _builder_version=&#8221;4.2.1&#8243; use_background_color_gradient=&#8221;on&#8221; background_color_gradient_start=&#8221;#e02b20&#8243; background_color_gradient_end=&#8221;#000000&#8243; background_image=&#8221;https:\/\/wpd.ugr.es\/~monument\/wp-content\/uploads\/2020\/01\/gypsum.png&#8221;][et_pb_row _builder_version=&#8221;4.2.1&#8243;][et_pb_column type=&#8221;4_4&#8243; _builder_version=&#8221;4.2.1&#8243;][et_pb_post_title meta=&#8221;off&#8221; featured_image=&#8221;off&#8221; _builder_version=&#8221;4.2.1&#8243; title_level=&#8221;h3&#8243; title_font=&#8221;|600||on|||||&#8221; title_text_align=&#8221;left&#8221; title_text_color=&#8221;#ffffff&#8221; title_font_size=&#8221;21px&#8221;][\/et_pb_post_title][\/et_pb_column][\/et_pb_row][\/et_pb_section][et_pb_section fb_built=&#8221;1&#8243; _builder_version=&#8221;4.2.2&#8243;][et_pb_row _builder_version=&#8221;4.2.2&#8243; column_structure=&#8221;1_5,3_5,1_5&#8243;][et_pb_column _builder_version=&#8221;4.2.2&#8243; type=&#8221;1_5&#8243;][\/et_pb_column][et_pb_column _builder_version=&#8221;4.2.2&#8243; type=&#8221;3_5&#8243;][et_pb_text _builder_version=&#8221;4.2.2&#8243; hover_enabled=&#8221;0&#8243;]<\/p>\n<p style=\"text-align: justify;\">Para el desarrollo de las actividades investigadoras y de asesor\u00eda, se dispone de una amplia gama de instrumentaci\u00f3n anal\u00edtica, moderna y sofisticada que permite ofrecer soluciones fiables y concretas en cualquier proceso de rehabilitaci\u00f3n y conservaci\u00f3n de edificios hist\u00f3ricos. El equipamiento que se utiliza se encuentra en el propio Departamento de Mineralog\u00eda y Petrolog\u00eda, en el Centro Andaluz del Medio Ambiente (CEAMA), o bien en el Centro de Instrumentaci\u00f3n Cient\u00edfica de la UGR, uno de los centros de investigaci\u00f3n m\u00e1s completos en equipos y t\u00e9cnicas de an\u00e1lisis f\u00edsico-qu\u00edmico de nuestro pa\u00eds.<\/p>\n<p style=\"text-align: justify;\">Se dispone de:<\/p>\n<ul>\n<li style=\"text-align: justify;\">Microscop\u00eda \u00f3ptica de polarizaci\u00f3n y de fluorescencia<\/li>\n<li style=\"text-align: justify;\">Microscop\u00eda electr\u00f3nica de barrido y de transmisi\u00f3n de alta resoluci\u00f3n con microan\u00e1lisis (EDX)<\/li>\n<li style=\"text-align: justify;\">Microscop\u00eda electr\u00f3nica de barrido ambiental<\/li>\n<li style=\"text-align: justify;\">Difracci\u00f3n y fluorescencia de rayos X<\/li>\n<li style=\"text-align: justify;\">Espectroscopia de infrarrojos<\/li>\n<li style=\"text-align: justify;\">An\u00e1lisis t\u00e9rmico (CDB, TG, ATD)<\/li>\n<li style=\"text-align: justify;\">Porosimetr\u00eda de inyecci\u00f3n de mercurio<\/li>\n<li style=\"text-align: justify;\">Ultrasonidos<\/li>\n<li style=\"text-align: justify;\">Adsorci\u00f3n de gases\u00a0<\/li>\n<li style=\"text-align: justify;\">Color\u00edmetro y espectrofot\u00f3metro de color<\/li>\n<li style=\"text-align: justify;\">Microdur\u00f3metros<\/li>\n<li style=\"text-align: justify;\">Prensas hidr\u00e1ulicas<\/li>\n<li style=\"text-align: justify;\">Microsonda electr\u00f3nica<\/li>\n<li style=\"text-align: justify;\">Cromatograf\u00eda i\u00f3nica<\/li>\n<li style=\"text-align: justify;\">Espectrometr\u00eda de absorci\u00f3n at\u00f3mica<\/li>\n<li style=\"text-align: justify;\">Espectrometr\u00eda de masas<\/li>\n<li style=\"text-align: justify;\">Dataci\u00f3n radiom\u00e9trica (C-14)<\/li>\n<li style=\"text-align: justify;\">Proceso de im\u00e1genes<\/li>\n<li style=\"text-align: justify;\">C\u00e1maras clim\u00e1ticas de simulaci\u00f3n ambiental<\/li>\n<li style=\"text-align: justify;\">Microscop\u00eda de Fuerza At\u00f3mica<\/li>\n<li style=\"text-align: justify;\">Microtomograf\u00eda de rayos X<\/li>\n<\/ul>\n<p>[\/et_pb_text][\/et_pb_column][et_pb_column _builder_version=&#8221;4.2.2&#8243; type=&#8221;1_5&#8243;][\/et_pb_column][\/et_pb_row][\/et_pb_section][et_pb_section fb_built=&#8221;1&#8243; _builder_version=&#8221;4.2.1&#8243; background_color=&#8221;#000000&#8243; custom_margin=&#8221;0px||-15px||false|false&#8221; custom_padding=&#8221;6px||0px||false|false&#8221;][et_pb_row column_structure=&#8221;1_3,1_3,1_3&#8243; _builder_version=&#8221;4.2.1&#8243; min_height=&#8221;207px&#8221; custom_margin=&#8221;-34px|auto||auto||&#8221; custom_padding=&#8221;||0px|||&#8221;][et_pb_column type=&#8221;1_3&#8243; _builder_version=&#8221;4.2.1&#8243;][\/et_pb_column][et_pb_column type=&#8221;1_3&#8243; _builder_version=&#8221;4.2.1&#8243;][et_pb_image src=&#8221;https:\/\/wpd.ugr.es\/~monument\/wp-content\/uploads\/2020\/01\/ugr-vertical-blanco.png&#8221; url=&#8221;https:\/\/www.ugr.es\/~minpet\/&#8221; url_new_window=&#8221;on&#8221; show_bottom_space=&#8221;off&#8221; _builder_version=&#8221;4.2.1&#8243; width=&#8221;82%&#8221; module_alignment=&#8221;center&#8221; custom_padding=&#8221;||0px|||&#8221;][\/et_pb_image][\/et_pb_column][et_pb_column type=&#8221;1_3&#8243; _builder_version=&#8221;4.2.1&#8243;][\/et_pb_column][\/et_pb_row][\/et_pb_section]<\/p>\n","protected":false},"excerpt":{"rendered":"<p>[et_pb_section fb_built=&#8221;1&#8243; _builder_version=&#8221;4.2.1&#8243; use_background_color_gradient=&#8221;on&#8221; background_color_gradient_start=&#8221;#e02b20&#8243; background_color_gradient_end=&#8221;#000000&#8243; background_image=&#8221;https:\/\/wpd.ugr.es\/~monument\/wp-content\/uploads\/2020\/01\/gypsum.png&#8221;][et_pb_row _builder_version=&#8221;4.2.1&#8243;][et_pb_column type=&#8221;4_4&#8243; _builder_version=&#8221;4.2.1&#8243;][et_pb_post_title meta=&#8221;off&#8221; featured_image=&#8221;off&#8221; _builder_version=&#8221;4.2.1&#8243; title_level=&#8221;h3&#8243; title_font=&#8221;|600||on|||||&#8221; title_text_align=&#8221;left&#8221; title_text_color=&#8221;#ffffff&#8221; title_font_size=&#8221;21px&#8221;][\/et_pb_post_title][\/et_pb_column][\/et_pb_row][\/et_pb_section][et_pb_section fb_built=&#8221;1&#8243; _builder_version=&#8221;4.2.2&#8243;][et_pb_row _builder_version=&#8221;4.2.2&#8243; column_structure=&#8221;1_5,3_5,1_5&#8243;][et_pb_column _builder_version=&#8221;4.2.2&#8243; type=&#8221;1_5&#8243;][\/et_pb_column][et_pb_column _builder_version=&#8221;4.2.2&#8243; type=&#8221;3_5&#8243;][et_pb_text _builder_version=&#8221;4.2.2&#8243; hover_enabled=&#8221;0&#8243;] Para el desarrollo de las actividades investigadoras y de asesor\u00eda, se dispone de una amplia gama de instrumentaci\u00f3n anal\u00edtica, moderna y sofisticada que permite ofrecer soluciones fiables [&hellip;]<\/p>\n","protected":false},"author":1,"featured_media":0,"parent":0,"menu_order":0,"comment_status":"closed","ping_status":"closed","template":"","meta":{"_et_pb_use_builder":"on","_et_pb_old_content":"<!-- wp:divi\/placeholder \/-->","_et_gb_content_width":""},"_links":{"self":[{"href":"https:\/\/wpd.ugr.es\/~monument\/wp-json\/wp\/v2\/pages\/91"}],"collection":[{"href":"https:\/\/wpd.ugr.es\/~monument\/wp-json\/wp\/v2\/pages"}],"about":[{"href":"https:\/\/wpd.ugr.es\/~monument\/wp-json\/wp\/v2\/types\/page"}],"author":[{"embeddable":true,"href":"https:\/\/wpd.ugr.es\/~monument\/wp-json\/wp\/v2\/users\/1"}],"replies":[{"embeddable":true,"href":"https:\/\/wpd.ugr.es\/~monument\/wp-json\/wp\/v2\/comments?post=91"}],"version-history":[{"count":3,"href":"https:\/\/wpd.ugr.es\/~monument\/wp-json\/wp\/v2\/pages\/91\/revisions"}],"predecessor-version":[{"id":294,"href":"https:\/\/wpd.ugr.es\/~monument\/wp-json\/wp\/v2\/pages\/91\/revisions\/294"}],"wp:attachment":[{"href":"https:\/\/wpd.ugr.es\/~monument\/wp-json\/wp\/v2\/media?parent=91"}],"curies":[{"name":"wp","href":"https:\/\/api.w.org\/{rel}","templated":true}]}}