{"id":11,"date":"2022-06-07T20:36:28","date_gmt":"2022-06-07T20:36:28","guid":{"rendered":"https:\/\/wpd.ugr.es\/~osakar\/?page_id=11"},"modified":"2022-12-26T18:47:53","modified_gmt":"2022-12-26T18:47:53","slug":"home","status":"publish","type":"page","link":"https:\/\/wpd.ugr.es\/~osakar\/","title":{"rendered":"HOME"},"content":{"rendered":"<p>[vc_row css_animation=\u00bb\u00bb row_type=\u00bbrow\u00bb use_row_as_full_screen_section=\u00bbno\u00bb type=\u00bbfull_width\u00bb angled_section=\u00bbno\u00bb text_align=\u00bbcenter\u00bb background_image_as_pattern=\u00bbwithout_pattern\u00bb z_index=\u00bb\u00bb][vc_column][vc_column_text]<script type=\"text\/javascript\">jQuery(function() { _initLayerSlider( '#layerslider_1_ggci240zdf5k', {createdWith: '7.2.1', sliderVersion: '7.2.1', skin: 'v6', navPrevNext: false, useSrcset: true, skinsPath: 'https:\/\/wpd.ugr.es\/~osakar\/wp-content\/plugins\/LayerSlider\/assets\/static\/layerslider\/skins\/'}); });<\/script><div id=\"layerslider_1_ggci240zdf5k\" class=\"ls-wp-container fitvidsignore\" style=\"width:1900px;height:750px;margin:0 auto;margin-bottom: 0px;\"><div class=\"ls-slide\" data-ls=\"duration:3000;kenburnsscale:1.2;\"><img width=\"1900\" height=\"750\" src=\"https:\/\/wpd.ugr.es\/~osakar\/wp-content\/uploads\/2022\/07\/sliders-ugr-01.jpg\" class=\"ls-bg\" alt=\"\" srcset=\"https:\/\/wpd.ugr.es\/~osakar\/wp-content\/uploads\/2022\/07\/sliders-ugr-01.jpg 1900w, https:\/\/wpd.ugr.es\/~osakar\/wp-content\/uploads\/2022\/07\/sliders-ugr-01-300x118.jpg 300w, https:\/\/wpd.ugr.es\/~osakar\/wp-content\/uploads\/2022\/07\/sliders-ugr-01-1024x404.jpg 1024w, https:\/\/wpd.ugr.es\/~osakar\/wp-content\/uploads\/2022\/07\/sliders-ugr-01-768x303.jpg 768w, https:\/\/wpd.ugr.es\/~osakar\/wp-content\/uploads\/2022\/07\/sliders-ugr-01-1536x606.jpg 1536w, https:\/\/wpd.ugr.es\/~osakar\/wp-content\/uploads\/2022\/07\/sliders-ugr-01-700x276.jpg 700w\" sizes=\"(max-width: 1900px) 100vw, 1900px\" \/><ls-layer style=\"font-size:54px;text-align:left;font-style:normal;text-decoration:none;text-transform:none;font-weight:400;letter-spacing:0px;background-position:0% 0%;background-repeat:no-repeat;top:326px;left:271px;color:#ffffff;white-space:normal;\" class=\"ls-l ls-text-layer\">Graphic arts and new technologies<\/ls-layer><\/div><div class=\"ls-slide\" data-ls=\"duration:3000;kenburnsscale:1.2;\"><img width=\"1900\" height=\"750\" src=\"https:\/\/wpd.ugr.es\/~osakar\/wp-content\/uploads\/2022\/07\/sliders-ugr-02.jpg\" class=\"ls-bg\" alt=\"\" srcset=\"https:\/\/wpd.ugr.es\/~osakar\/wp-content\/uploads\/2022\/07\/sliders-ugr-02.jpg 1900w, https:\/\/wpd.ugr.es\/~osakar\/wp-content\/uploads\/2022\/07\/sliders-ugr-02-300x118.jpg 300w, https:\/\/wpd.ugr.es\/~osakar\/wp-content\/uploads\/2022\/07\/sliders-ugr-02-1024x404.jpg 1024w, https:\/\/wpd.ugr.es\/~osakar\/wp-content\/uploads\/2022\/07\/sliders-ugr-02-768x303.jpg 768w, https:\/\/wpd.ugr.es\/~osakar\/wp-content\/uploads\/2022\/07\/sliders-ugr-02-1536x606.jpg 1536w, https:\/\/wpd.ugr.es\/~osakar\/wp-content\/uploads\/2022\/07\/sliders-ugr-02-700x276.jpg 700w\" sizes=\"(max-width: 1900px) 100vw, 1900px\" \/><ls-layer style=\"font-size:54px;text-align:left;font-style:normal;text-decoration:none;text-transform:none;font-weight:400;letter-spacing:0px;background-position:0% 0%;background-repeat:no-repeat;top:312px;left:255px;color:#ffffff;white-space:normal;\" class=\"ls-l ls-text-layer\">Nuevos procesos y experimentaci&oacute;n<\/ls-layer><\/div><div class=\"ls-slide\" data-ls=\"duration:3000;kenburnsscale:1.2;\"><img width=\"1900\" height=\"750\" src=\"https:\/\/wpd.ugr.es\/~osakar\/wp-content\/uploads\/2022\/07\/sliders-ugr-03.jpg\" class=\"ls-bg\" alt=\"\" srcset=\"https:\/\/wpd.ugr.es\/~osakar\/wp-content\/uploads\/2022\/07\/sliders-ugr-03.jpg 1900w, https:\/\/wpd.ugr.es\/~osakar\/wp-content\/uploads\/2022\/07\/sliders-ugr-03-300x118.jpg 300w, https:\/\/wpd.ugr.es\/~osakar\/wp-content\/uploads\/2022\/07\/sliders-ugr-03-1024x404.jpg 1024w, https:\/\/wpd.ugr.es\/~osakar\/wp-content\/uploads\/2022\/07\/sliders-ugr-03-768x303.jpg 768w, https:\/\/wpd.ugr.es\/~osakar\/wp-content\/uploads\/2022\/07\/sliders-ugr-03-1536x606.jpg 1536w, https:\/\/wpd.ugr.es\/~osakar\/wp-content\/uploads\/2022\/07\/sliders-ugr-03-700x276.jpg 700w\" sizes=\"(max-width: 1900px) 100vw, 1900px\" \/><ls-layer style=\"font-size:54px;text-align:left;font-style:normal;text-decoration:none;text-transform:none;font-weight:400;letter-spacing:0px;background-position:0% 0%;background-repeat:no-repeat;top:326px;left:271px;color:#ffffff;white-space:normal;\" class=\"ls-l ls-text-layer\">Proyectos colaborativos<\/ls-layer><\/div><div class=\"ls-slide\" data-ls=\"duration:3000;kenburnsscale:1.2;\"><img width=\"1280\" height=\"505\" src=\"https:\/\/wpd.ugr.es\/~osakar\/wp-content\/uploads\/2022\/12\/ls-project-1-slide-4.jpg\" class=\"ls-bg\" alt=\"\" srcset=\"https:\/\/wpd.ugr.es\/~osakar\/wp-content\/uploads\/2022\/12\/ls-project-1-slide-4.jpg 1280w, https:\/\/wpd.ugr.es\/~osakar\/wp-content\/uploads\/2022\/12\/ls-project-1-slide-4-300x118.jpg 300w, https:\/\/wpd.ugr.es\/~osakar\/wp-content\/uploads\/2022\/12\/ls-project-1-slide-4-1024x404.jpg 1024w, https:\/\/wpd.ugr.es\/~osakar\/wp-content\/uploads\/2022\/12\/ls-project-1-slide-4-768x303.jpg 768w, https:\/\/wpd.ugr.es\/~osakar\/wp-content\/uploads\/2022\/12\/ls-project-1-slide-4-700x276.jpg 700w\" sizes=\"(max-width: 1280px) 100vw, 1280px\" \/><img width=\"1280\" height=\"505\" src=\"https:\/\/wpd.ugr.es\/~osakar\/wp-content\/uploads\/2022\/12\/ls-project-1-slide-4.jpg\" class=\"ls-tn\" alt=\"\" srcset=\"https:\/\/wpd.ugr.es\/~osakar\/wp-content\/uploads\/2022\/12\/ls-project-1-slide-4.jpg 1280w, https:\/\/wpd.ugr.es\/~osakar\/wp-content\/uploads\/2022\/12\/ls-project-1-slide-4-300x118.jpg 300w, https:\/\/wpd.ugr.es\/~osakar\/wp-content\/uploads\/2022\/12\/ls-project-1-slide-4-1024x404.jpg 1024w, https:\/\/wpd.ugr.es\/~osakar\/wp-content\/uploads\/2022\/12\/ls-project-1-slide-4-768x303.jpg 768w, https:\/\/wpd.ugr.es\/~osakar\/wp-content\/uploads\/2022\/12\/ls-project-1-slide-4-700x276.jpg 700w\" sizes=\"(max-width: 1280px) 100vw, 1280px\" \/><ls-layer style=\"font-size:54px;text-align:left;font-style:normal;text-decoration:none;text-transform:none;font-weight:400;letter-spacing:0px;background-position:0% 0%;background-repeat:no-repeat;top:326px;left:271px;color:#4d4c4c;white-space:normal;\" class=\"ls-l ls-text-layer\">Research and institutional collaboration<\/ls-layer><\/div><div class=\"ls-slide\" data-ls=\"kenburnsscale:1.2;\"><img width=\"1900\" height=\"750\" src=\"https:\/\/wpd.ugr.es\/~osakar\/wp-content\/uploads\/2022\/07\/sliders-ugr-04.jpg\" class=\"ls-bg\" alt=\"\" srcset=\"https:\/\/wpd.ugr.es\/~osakar\/wp-content\/uploads\/2022\/07\/sliders-ugr-04.jpg 1900w, https:\/\/wpd.ugr.es\/~osakar\/wp-content\/uploads\/2022\/07\/sliders-ugr-04-300x118.jpg 300w, https:\/\/wpd.ugr.es\/~osakar\/wp-content\/uploads\/2022\/07\/sliders-ugr-04-1024x404.jpg 1024w, https:\/\/wpd.ugr.es\/~osakar\/wp-content\/uploads\/2022\/07\/sliders-ugr-04-768x303.jpg 768w, https:\/\/wpd.ugr.es\/~osakar\/wp-content\/uploads\/2022\/07\/sliders-ugr-04-1536x606.jpg 1536w, https:\/\/wpd.ugr.es\/~osakar\/wp-content\/uploads\/2022\/07\/sliders-ugr-04-700x276.jpg 700w\" sizes=\"(max-width: 1900px) 100vw, 1900px\" \/><\/div><\/div>[\/vc_column_text][\/vc_column][\/vc_row][vc_row css_animation=\u00bb\u00bb row_type=\u00bbrow\u00bb use_row_as_full_screen_section=\u00bbno\u00bb type=\u00bbfull_width\u00bb angled_section=\u00bbno\u00bb text_align=\u00bbleft\u00bb background_image_as_pattern=\u00bbwithout_pattern\u00bb][vc_column][vc_separator type=\u00bbtransparent\u00bb thickness=\u00bb40&#8243;][\/vc_column][\/vc_row][vc_row css_animation=\u00bb\u00bb row_type=\u00bbrow\u00bb use_row_as_full_screen_section=\u00bbno\u00bb type=\u00bbgrid\u00bb angled_section=\u00bbno\u00bb text_align=\u00bbleft\u00bb background_image_as_pattern=\u00bbwithout_pattern\u00bb z_index=\u00bb\u00bb][vc_column][vc_column_text]<\/p>\n<h2 style=\"text-align: center;\">ARTES GR\u00c1FICAS Y NUEVAS TECNOLOG\u00cdAS<\/h2>\n<p>[\/vc_column_text][\/vc_column][\/vc_row][vc_row css_animation=\u00bb\u00bb row_type=\u00bbrow\u00bb use_row_as_full_screen_section=\u00bbno\u00bb type=\u00bbfull_width\u00bb angled_section=\u00bbno\u00bb text_align=\u00bbleft\u00bb background_image_as_pattern=\u00bbwithout_pattern\u00bb][vc_column][vc_separator type=\u00bbtransparent\u00bb thickness=\u00bb20&#8243;][\/vc_column][\/vc_row][vc_row css_animation=\u00bb\u00bb row_type=\u00bbrow\u00bb use_row_as_full_screen_section=\u00bbno\u00bb type=\u00bbgrid\u00bb angled_section=\u00bbno\u00bb text_align=\u00bbleft\u00bb background_image_as_pattern=\u00bbwithout_pattern\u00bb z_index=\u00bb\u00bb][vc_column css_animation=\u00bbfadeInLeft\u00bb width=\u00bb1\/2&#8243;][vc_column_text]Queremos ser part\u00edcipes en la creaci\u00f3n y desarrollo de un \u00abecosistema cultural\u00bb a partir de la colaboraci\u00f3n y aprendizaje conjunto de los diversos actores que desarrollan su labor art\u00edstica e investigadora en el campo de las Artes Gr\u00e1ficas en Andaluc\u00eda. Este proyecto apuesta por la creaci\u00f3n de una red de comunicaci\u00f3n, intercambio de ideas e interacci\u00f3n de diferentes actores (artistas, investigadores, profesionales, trabajadores culturales y alumnos de centros andaluces) con la intenci\u00f3n de producir una especializaci\u00f3n inteligente del conocimiento, expandir las potencialidades de las industrias culturales y creativas en la regi\u00f3n y promover las Artes Gr\u00e1ficas entre artistas noveles, investigadores y el p\u00fablico en general.[\/vc_column_text][\/vc_column][vc_column css_animation=\u00bbfadeInRight\u00bb width=\u00bb1\/2&#8243;][vc_single_image image=\u00bb171&#8243; img_size=\u00bbfull\u00bb alignment=\u00bbcenter\u00bb qode_css_animation=\u00bb\u00bb][\/vc_column][\/vc_row][vc_row css_animation=\u00bb\u00bb row_type=\u00bbrow\u00bb use_row_as_full_screen_section=\u00bbno\u00bb type=\u00bbfull_width\u00bb angled_section=\u00bbno\u00bb text_align=\u00bbleft\u00bb background_image_as_pattern=\u00bbwithout_pattern\u00bb][vc_column][vc_separator type=\u00bbtransparent\u00bb thickness=\u00bb20&#8243;][\/vc_column][\/vc_row][vc_row css_animation=\u00bb\u00bb row_type=\u00bbrow\u00bb use_row_as_full_screen_section=\u00bbno\u00bb type=\u00bbgrid\u00bb angled_section=\u00bbno\u00bb text_align=\u00bbleft\u00bb background_image_as_pattern=\u00bbwithout_pattern\u00bb z_index=\u00bb\u00bb][vc_column css_animation=\u00bbfadeInLeft\u00bb width=\u00bb1\/2&#8243;][vc_single_image image=\u00bb170&#8243; img_size=\u00bbfull\u00bb alignment=\u00bbcenter\u00bb qode_css_animation=\u00bb\u00bb][\/vc_column][vc_column css_animation=\u00bbfadeInRight\u00bb width=\u00bb1\/2&#8243;][vc_column_text]Este proyecto destaca por su car\u00e1cter multidisciplinar y transversal, y apuesta por reunir y hacer confluir la investigaci\u00f3n te\u00f3rica e hist\u00f3rico-social con la experimentaci\u00f3n de las t\u00e9cnicas de estampaci\u00f3n tradicionales, combinadas con el uso de nuevas tecnolog\u00edas, y con la apuesta por la creaci\u00f3n de obra gr\u00e1fica original.[\/vc_column_text][\/vc_column][\/vc_row][vc_row css_animation=\u00bb\u00bb row_type=\u00bbrow\u00bb use_row_as_full_screen_section=\u00bbno\u00bb type=\u00bbfull_width\u00bb angled_section=\u00bbno\u00bb text_align=\u00bbleft\u00bb background_image_as_pattern=\u00bbwithout_pattern\u00bb][vc_column][vc_separator type=\u00bbtransparent\u00bb thickness=\u00bb20&#8243;][\/vc_column][\/vc_row][vc_row css_animation=\u00bb\u00bb row_type=\u00bbrow\u00bb use_row_as_full_screen_section=\u00bbno\u00bb type=\u00bbgrid\u00bb angled_section=\u00bbno\u00bb text_align=\u00bbleft\u00bb background_image_as_pattern=\u00bbwithout_pattern\u00bb z_index=\u00bb\u00bb][vc_column css_animation=\u00bbfadeInLeft\u00bb width=\u00bb1\/2&#8243;][vc_column_text]El compromiso con la multiplicidad de enfoques en la investigaci\u00f3n sobre las Artes Gr\u00e1ficas y las Nuevas Tecnolog\u00edas es fundamental para poder generar una especializaci\u00f3n inteligente del conocimiento y del capital cultural con el que contamos en nuestra regi\u00f3n, pero tambi\u00e9n para poder construir una red de aprendizajes conjuntos e intercambio de ideas entre diferentes campos de estudio, que nos permitan realizar un trabajo complejo, de excelencia y calidad.[\/vc_column_text][\/vc_column][vc_column css_animation=\u00bbfadeInRight\u00bb width=\u00bb1\/2&#8243;][vc_single_image image=\u00bb175&#8243; img_size=\u00bbfull\u00bb alignment=\u00bbcenter\u00bb qode_css_animation=\u00bb\u00bb][\/vc_column][\/vc_row][vc_row css_animation=\u00bb\u00bb row_type=\u00bbrow\u00bb use_row_as_full_screen_section=\u00bbno\u00bb type=\u00bbfull_width\u00bb angled_section=\u00bbno\u00bb text_align=\u00bbleft\u00bb background_image_as_pattern=\u00bbwithout_pattern\u00bb][vc_column][vc_separator type=\u00bbtransparent\u00bb thickness=\u00bb20&#8243;][\/vc_column][\/vc_row][vc_row css_animation=\u00bb\u00bb row_type=\u00bbrow\u00bb use_row_as_full_screen_section=\u00bbno\u00bb type=\u00bbgrid\u00bb angled_section=\u00bbno\u00bb text_align=\u00bbleft\u00bb background_image_as_pattern=\u00bbwithout_pattern\u00bb z_index=\u00bb\u00bb][vc_column][vc_column_text]<\/p>\n<h2>Contacta con nosotros<\/h2>\n<p>[\/vc_column_text][\/vc_column][\/vc_row][vc_row css_animation=\u00bb\u00bb row_type=\u00bbrow\u00bb use_row_as_full_screen_section=\u00bbno\u00bb type=\u00bbgrid\u00bb angled_section=\u00bbno\u00bb text_align=\u00bbleft\u00bb background_image_as_pattern=\u00bbwithout_pattern\u00bb z_index=\u00bb\u00bb][vc_column][vc_column_text]<\/p>\n<p style=\"text-align: center;\"><div role=\"form\" class=\"wpcf7\" id=\"wpcf7-f107-o1\" lang=\"en-US\" dir=\"ltr\">\n<div class=\"screen-reader-response\"><p role=\"status\" aria-live=\"polite\" aria-atomic=\"true\"><\/p> <ul><\/ul><\/div>\n<form action=\"\/~osakar\/wp-json\/wp\/v2\/pages\/11#wpcf7-f107-o1\" method=\"post\" class=\"wpcf7-form init cf7-style cf7-style-254\" novalidate=\"novalidate\" data-status=\"init\">\n<div style=\"display: none;\">\n<input type=\"hidden\" name=\"_wpcf7\" value=\"107\" \/>\n<input type=\"hidden\" name=\"_wpcf7_version\" value=\"5.6\" \/>\n<input type=\"hidden\" name=\"_wpcf7_locale\" value=\"en_US\" \/>\n<input type=\"hidden\" name=\"_wpcf7_unit_tag\" value=\"wpcf7-f107-o1\" \/>\n<input type=\"hidden\" name=\"_wpcf7_container_post\" value=\"0\" \/>\n<input type=\"hidden\" name=\"_wpcf7_posted_data_hash\" value=\"\" \/>\n<\/div>\n<label> Nombre (*)\n    <span class=\"wpcf7-form-control-wrap\" data-name=\"your-name\"><input type=\"text\" name=\"your-name\" value=\"\" size=\"40\" class=\"wpcf7-form-control wpcf7-text wpcf7-validates-as-required\" aria-required=\"true\" aria-invalid=\"false\" \/><\/span> <\/label>\n\n<label> Tel\u00e9fono (*)\n    <span class=\"wpcf7-form-control-wrap\" data-name=\"your-name\"><input type=\"text\" name=\"your-name\" value=\"\" size=\"40\" class=\"wpcf7-form-control wpcf7-text wpcf7-validates-as-required\" aria-required=\"true\" aria-invalid=\"false\" \/><\/span> <\/label>\n\n<label> Email (*)\n    <span class=\"wpcf7-form-control-wrap\" data-name=\"your-email\"><input type=\"email\" name=\"your-email\" value=\"\" size=\"40\" class=\"wpcf7-form-control wpcf7-text wpcf7-email wpcf7-validates-as-required wpcf7-validates-as-email\" aria-required=\"true\" aria-invalid=\"false\" \/><\/span> <\/label>\n\n<label> Asunto (*)\n    <span class=\"wpcf7-form-control-wrap\" data-name=\"your-subject\"><input type=\"text\" name=\"your-subject\" value=\"\" size=\"40\" class=\"wpcf7-form-control wpcf7-text wpcf7-validates-as-required\" aria-required=\"true\" aria-invalid=\"false\" \/><\/span> <\/label>\n\n<label> Mensaje\n    <span class=\"wpcf7-form-control-wrap\" data-name=\"your-message\"><textarea name=\"your-message\" cols=\"40\" rows=\"10\" class=\"wpcf7-form-control wpcf7-textarea\" aria-invalid=\"false\"><\/textarea><\/span> <\/label>\n\n<label> <span class=\"wpcf7-form-control-wrap\" data-name=\"acceptance-190\"><span class=\"wpcf7-form-control wpcf7-acceptance\"><span class=\"wpcf7-list-item\"><input type=\"checkbox\" name=\"acceptance-190\" value=\"1\" aria-invalid=\"false\" \/><\/span><\/span><\/span> He le\u00eddo y acepto nuestra <a href=\"https:\/\/wpd.urg.es\/~osakar\/politica-de-privacidad\">pol\u00edtica de protecci\u00f3n de datos personales<\/a> <\/label>\n<br>\n<input type=\"submit\" value=\"Cont\u00e1ctanos\" class=\"wpcf7-form-control has-spinner wpcf7-submit\" \/><div class=\"wpcf7-response-output\" aria-hidden=\"true\"><\/div><\/form><\/div>\n<p>[\/vc_column_text][\/vc_column][\/vc_row][vc_row css_animation=\u00bb\u00bb row_type=\u00bbrow\u00bb use_row_as_full_screen_section=\u00bbno\u00bb type=\u00bbfull_width\u00bb angled_section=\u00bbno\u00bb text_align=\u00bbleft\u00bb background_image_as_pattern=\u00bbwithout_pattern\u00bb][vc_column][vc_separator type=\u00bbtransparent\u00bb thickness=\u00bb20&#8243;][\/vc_column][\/vc_row]<\/p>\n","protected":false},"excerpt":{"rendered":"<p>[vc_row css_animation=\u00bb\u00bb row_type=\u00bbrow\u00bb use_row_as_full_screen_section=\u00bbno\u00bb type=\u00bbfull_width\u00bb angled_section=\u00bbno\u00bb text_align=\u00bbcenter\u00bb background_image_as_pattern=\u00bbwithout_pattern\u00bb z_index=\u00bb\u00bb][vc_column][vc_column_text][\/vc_column_text][\/vc_column][\/vc_row][vc_row css_animation=\u00bb\u00bb row_type=\u00bbrow\u00bb use_row_as_full_screen_section=\u00bbno\u00bb type=\u00bbfull_width\u00bb angled_section=\u00bbno\u00bb text_align=\u00bbleft\u00bb background_image_as_pattern=\u00bbwithout_pattern\u00bb][vc_column][vc_separator type=\u00bbtransparent\u00bb thickness=\u00bb40&#8243;][\/vc_column][\/vc_row][vc_row css_animation=\u00bb\u00bb row_type=\u00bbrow\u00bb use_row_as_full_screen_section=\u00bbno\u00bb type=\u00bbgrid\u00bb angled_section=\u00bbno\u00bb text_align=\u00bbleft\u00bb background_image_as_pattern=\u00bbwithout_pattern\u00bb z_index=\u00bb\u00bb][vc_column][vc_column_text] ARTES GR\u00c1FICAS Y NUEVAS TECNOLOG\u00cdAS [\/vc_column_text][\/vc_column][\/vc_row][vc_row css_animation=\u00bb\u00bb row_type=\u00bbrow\u00bb use_row_as_full_screen_section=\u00bbno\u00bb type=\u00bbfull_width\u00bb angled_section=\u00bbno\u00bb text_align=\u00bbleft\u00bb background_image_as_pattern=\u00bbwithout_pattern\u00bb][vc_column][vc_separator type=\u00bbtransparent\u00bb thickness=\u00bb20&#8243;][\/vc_column][\/vc_row][vc_row css_animation=\u00bb\u00bb row_type=\u00bbrow\u00bb use_row_as_full_screen_section=\u00bbno\u00bb type=\u00bbgrid\u00bb&#8230;<\/p>\n","protected":false},"author":1,"featured_media":0,"parent":0,"menu_order":0,"comment_status":"closed","ping_status":"closed","template":"full_width.php","meta":[],"_links":{"self":[{"href":"https:\/\/wpd.ugr.es\/~osakar\/wp-json\/wp\/v2\/pages\/11"}],"collection":[{"href":"https:\/\/wpd.ugr.es\/~osakar\/wp-json\/wp\/v2\/pages"}],"about":[{"href":"https:\/\/wpd.ugr.es\/~osakar\/wp-json\/wp\/v2\/types\/page"}],"author":[{"embeddable":true,"href":"https:\/\/wpd.ugr.es\/~osakar\/wp-json\/wp\/v2\/users\/1"}],"replies":[{"embeddable":true,"href":"https:\/\/wpd.ugr.es\/~osakar\/wp-json\/wp\/v2\/comments?post=11"}],"version-history":[{"count":13,"href":"https:\/\/wpd.ugr.es\/~osakar\/wp-json\/wp\/v2\/pages\/11\/revisions"}],"predecessor-version":[{"id":257,"href":"https:\/\/wpd.ugr.es\/~osakar\/wp-json\/wp\/v2\/pages\/11\/revisions\/257"}],"wp:attachment":[{"href":"https:\/\/wpd.ugr.es\/~osakar\/wp-json\/wp\/v2\/media?parent=11"}],"curies":[{"name":"wp","href":"https:\/\/api.w.org\/{rel}","templated":true}]}}