{"id":270,"date":"2018-04-07T12:12:55","date_gmt":"2018-04-07T10:12:55","guid":{"rendered":"http:\/\/wpd.ugr.es\/~fya\/?page_id=6"},"modified":"2024-03-12T16:32:10","modified_gmt":"2024-03-12T15:32:10","slug":"home","status":"publish","type":"page","link":"https:\/\/wpd.ugr.es\/~phidelo\/","title":{"rendered":"Home"},"content":{"rendered":"<img loading=\"lazy\" decoding=\"async\" class=\"aligncenter wp-image-8 size-large\" src=\"https:\/\/wpd.ugr.es\/~phidelo\/wp-content\/uploads\/2018\/04\/grupo-1024x468.jpg\" alt=\"\" width=\"525\" height=\"240\" \/>\n\nEl proyecto\u00a0<em>Expresivismos Contempor\u00e1neos y la Indispensabilidad del Vocabulario Normativo: Alcance y L\u00edmites de la Hip\u00f3tesis Expresivista<\/em> (FFI2016-80088-P), financiado por el Ministerio de Econom\u00eda, Industria y Competitividad, tiene un doble objetivo:\n<ul>\n \t<li>Por un lado, nos ocuparemos de algunos de los aspectos centrales de distintas variedades de expresivismo contempor\u00e1neo: analizaremos en qu\u00e9 medida las tesis principales de estas posiciones pueden exponerse por oposici\u00f3n a otras alternativas te\u00f3ricas (contextualismo, relativismo) y exploraremos posibles aplicaciones del expresivismo para el tratamiento de problemas concretos, como por ejemplo el an\u00e1lisis de los predicados est\u00e9ticos o la naturaleza de las <em>affordances<\/em>.<\/li>\n \t<li>Por otro lado, evaluaremos la capacidad de estas variedades de expresivismo para lidiar de un modo efectivo con algunas de las dificultades cl\u00e1sicamente asociadas con esta posici\u00f3n (el problema Frege-Geach), as\u00ed como con nuevos retos, producto de los desarrollos recientes de la hip\u00f3tesis expresivista (el car\u00e1cter no factual del seguimiento de reglas, el an\u00e1lisis descriptivo de la atribuci\u00f3n de creencias y otros). Dicha evaluaci\u00f3n se har\u00e1 tomando como punto de partida la idea de que es central para la hip\u00f3tesis expresivista defender la indispensabilidad del vocabulario normativo.<\/li>\n<\/ul>\nEl presente proyecto persigue afianzar la ambiciosa perspectiva que ha resultado de estudiar en qu\u00e9 medida el expresivismo contempor\u00e1neo puede responder al reto de ofrecer un an\u00e1lisis naturalista de las nociones normativas mejor que algunos de sus principales competidores. El estudio de la normatividad y el seguimiento de reglas forzar\u00e1, adem\u00e1s, la revisi\u00f3n de algunos de los postulados centrales del expresivismo reciente.\n\nEn este sitio pod\u00e9is encontrar los <a href=\"https:\/\/wpd.ugr.es\/~phidelo\/objetivos\/\">objetivos<\/a>,\u00a0<a href=\"https:\/\/wpd.ugr.es\/~phidelo\/participantes\/\">participantes<\/a>\u00a0y\u00a0<a href=\"http:\/\/wpd.ugr.es\/~phidelo\/events\">actividades<\/a> del proyecto.\n\n<img loading=\"lazy\" decoding=\"async\" class=\"aligncenter wp-image-11\" src=\"https:\/\/wpd.ugr.es\/~phidelo\/wp-content\/uploads\/2018\/04\/GG-195x300.jpg\" alt=\"\" width=\"30\" height=\"46\" srcset=\"https:\/\/wpd.ugr.es\/~phidelo\/wp-content\/uploads\/2018\/04\/GG-195x300.jpg 195w, https:\/\/wpd.ugr.es\/~phidelo\/wp-content\/uploads\/2018\/04\/GG-664x1024.jpg 664w, https:\/\/wpd.ugr.es\/~phidelo\/wp-content\/uploads\/2018\/04\/GG-768x1184.jpg 768w, https:\/\/wpd.ugr.es\/~phidelo\/wp-content\/uploads\/2018\/04\/GG-997x1536.jpg 997w, https:\/\/wpd.ugr.es\/~phidelo\/wp-content\/uploads\/2018\/04\/GG.jpg 1081w\" sizes=\"(max-width: 30px) 100vw, 30px\" \/>\n\n\n<div style=\"height:66px\" aria-hidden=\"true\" class=\"wp-block-spacer\"><\/div>\n","protected":false},"excerpt":{"rendered":"<p>El proyecto\u00a0Expresivismos Contempor\u00e1neos y la Indispensabilidad del Vocabulario Normativo: Alcance y L\u00edmites de la Hip\u00f3tesis Expresivista (FFI2016-80088-P), financiado por el Ministerio de Econom\u00eda, Industria y Competitividad, tiene un doble objetivo: Por un lado, nos ocuparemos de algunos de los aspectos centrales de distintas variedades de expresivismo contempor\u00e1neo: analizaremos en qu\u00e9 medida las tesis principales de [&hellip;]<\/p>\n","protected":false},"author":1,"featured_media":0,"parent":0,"menu_order":0,"comment_status":"closed","ping_status":"closed","template":"page-large-header","meta":{"footnotes":""},"_links":{"self":[{"href":"https:\/\/wpd.ugr.es\/~phidelo\/wp-json\/wp\/v2\/pages\/270"}],"collection":[{"href":"https:\/\/wpd.ugr.es\/~phidelo\/wp-json\/wp\/v2\/pages"}],"about":[{"href":"https:\/\/wpd.ugr.es\/~phidelo\/wp-json\/wp\/v2\/types\/page"}],"author":[{"embeddable":true,"href":"https:\/\/wpd.ugr.es\/~phidelo\/wp-json\/wp\/v2\/users\/1"}],"replies":[{"embeddable":true,"href":"https:\/\/wpd.ugr.es\/~phidelo\/wp-json\/wp\/v2\/comments?post=270"}],"version-history":[{"count":3,"href":"https:\/\/wpd.ugr.es\/~phidelo\/wp-json\/wp\/v2\/pages\/270\/revisions"}],"predecessor-version":[{"id":333,"href":"https:\/\/wpd.ugr.es\/~phidelo\/wp-json\/wp\/v2\/pages\/270\/revisions\/333"}],"wp:attachment":[{"href":"https:\/\/wpd.ugr.es\/~phidelo\/wp-json\/wp\/v2\/media?parent=270"}],"curies":[{"name":"wp","href":"https:\/\/api.w.org\/{rel}","templated":true}]}}