{"id":368,"date":"2023-12-20T19:32:48","date_gmt":"2023-12-20T18:32:48","guid":{"rendered":"https:\/\/wpd.ugr.es\/~polcom\/?page_id=368"},"modified":"2025-01-20T11:33:24","modified_gmt":"2025-01-20T10:33:24","slug":"transferencia","status":"publish","type":"page","link":"https:\/\/wpd.ugr.es\/~polcom\/transferencia\/","title":{"rendered":""},"content":{"rendered":"\n<div class=\"wp-block-group has-black-background-color has-background is-layout-constrained wp-container-core-group-is-layout-1 wp-block-group-is-layout-constrained\" style=\"padding-top:0px;padding-right:0px;padding-bottom:0px;padding-left:0px\">\n<div class=\"wp-block-cover is-light\" style=\"padding-bottom:180px;min-height:217px;aspect-ratio:unset;\"><span aria-hidden=\"true\" class=\"wp-block-cover__background has-background-dim-0 has-background-dim\"><\/span><div class=\"wp-block-cover__inner-container is-layout-flow wp-block-cover-is-layout-flow\"><header class=\"wp-block-template-part\">\n<div class=\"section-wrapper\" data-id=\"fvg1Dl\"><section class=\"wp-block-gutenverse-section guten-element guten-section guten-fvg1Dl layout-boxed align-stretch\"><div class=\"guten-container guten-column-gap-no\">\n<div class=\"wp-block-gutenverse-column guten-element guten-column guten-hdVg51\"><div class=\"guten-column-wrapper\" data-id=\"hdVg51\">\n<div class=\"wp-block-gutenverse-image guten-element guten-image guten-xxQGCA animated guten-element-hide fast desktop-slideInLeft\"><a class=\"guten-image-wrapper\" href=\"https:\/\/wpd.ugr.es\/~polcom\/\"><img loading=\"lazy\" decoding=\"async\" class=\"gutenverse-image-box-filled\" src=\"https:\/\/wpd.ugr.es\/~polcom\/wp-content\/uploads\/2023\/10\/Political-PhotoRoom.png-PhotoRoom.png\" height=\"1280\" width=\"1280\"\/><\/a><\/div>\n<\/div><\/div>\n\n\n\n<div class=\"wp-block-gutenverse-column guten-element guten-column guten-4D2MFv\"><div class=\"guten-column-wrapper\" data-id=\"4D2MFv\"><div id=\"guten-uNzlPk\" class=\"guten-element guten-nav-menu nav-menu break-point-tablet submenu-click-title  animated guten-element-hide fast desktop-fadeInUp \" data-item-indicator=\"fas fa-chevron-down\" data-close-on-click=\"1\">\n\t\t\t<div class=\"gutenverse-hamburger-wrapper\">\n\t\t\t\t<button class=\"gutenverse-hamburger-menu\">\n\t\t\t\t\t<i aria-hidden=\"true\" class=\"fas fa-bars\"><\/i>\n\t\t\t\t<\/button>\n\t\t\t<\/div>\n\t\t\t\n\t\t\t<div class=\"gutenverse-menu-wrapper\"><div class=\"gutenverse-menu-container\"><ul id=\"menu-p\" class=\"gutenverse-menu\"><li id=\"menu-item-29\" class=\"menu-item menu-item-type-post_type menu-item-object-page menu-item-home menu-item-29\"><a href=\"javascript:void(0);\" data-href=\"https:\/\/wpd.ugr.es\/~polcom\/\">Inicio<\/a><\/li>\n<li id=\"menu-item-332\" class=\"menu-item menu-item-type-custom menu-item-object-custom menu-item-has-children menu-item-332\"><a href=\"javascript:void(0);\" data-href=\"http:\/\/-\">\u00bfQui\u00e9nes somos?<\/a>\n<ul class=\"sub-menu\">\n\t<li id=\"menu-item-373\" class=\"menu-item menu-item-type-post_type menu-item-object-page menu-item-373\"><a href=\"javascript:void(0);\" data-href=\"https:\/\/wpd.ugr.es\/~polcom\/inicio\/quienes-somos-3\/\">Equipo<\/a><\/li>\n<\/ul>\n<\/li>\n<li id=\"menu-item-371\" class=\"menu-item menu-item-type-post_type menu-item-object-page menu-item-371\"><a href=\"javascript:void(0);\" data-href=\"https:\/\/wpd.ugr.es\/~polcom\/transferencia\/\">Transferencia<\/a><\/li>\n<li id=\"menu-item-372\" class=\"menu-item menu-item-type-post_type menu-item-object-page menu-item-372\"><a href=\"javascript:void(0);\" data-href=\"https:\/\/wpd.ugr.es\/~polcom\/proyectos\/\">Investigaci\u00f3n<\/a><\/li>\n<li id=\"menu-item-484\" class=\"menu-item menu-item-type-post_type menu-item-object-page menu-item-484\"><a href=\"javascript:void(0);\" data-href=\"https:\/\/wpd.ugr.es\/~polcom\/iv-transformations-in-the-digital-age\/\">Congresos cient\u00edficos<\/a><\/li>\n<\/ul><\/div>\n\t\t\t\t<div>\n\t\t\t\t\t<div class=\"gutenverse-nav-identity-panel\">\n\t\t\t\t\t\t<div class=\"gutenverse-nav-site-title\">\n\t\t\t\t\t\t\t<a href=\"https:\/\/wpd.ugr.es\/~polcom\" class=\"gutenverse-nav-logo\"><img decoding=\"async\" src=\"https:\/\/wpd.ugr.es\/~polcom\/wp-content\/uploads\/2023\/10\/Political-PhotoRoom.png-PhotoRoom.png\" alt=\" - \"><\/a>\n\t\t\t\t\t\t<\/div>\n\t\t\t\t\t\t<button class=\"gutenverse-close-menu\"><i aria-hidden=\"true\" class=\"fas fa-times\"><\/i><\/button>\n\t\t\t\t\t<\/div>\n\t\t\t\t<\/div>\n\t\t\t<\/div>\n\t\t<\/div><\/div><\/div>\n<\/div><\/section><\/div>\n<\/header><\/div><\/div>\n\n\n\n<div class=\"guten-element guten-animated-text guten-TqCa1d\" data-animation=\"none\" data-loop=\"true\"><h2 class=\"text-content\">Transferencia<\/h2><\/div>\n<\/div>\n\n\n\n<div class=\"section-wrapper\" data-id=\"unjoJz\"><section class=\"wp-block-gutenverse-section guten-element guten-section guten-unjoJz layout-boxed align-stretch\"><div class=\"guten-container guten-column-gap-default\">\n<div class=\"wp-block-gutenverse-column guten-element guten-column guten-NvNYhF\"><div class=\"guten-column-wrapper\" data-id=\"NvNYhF\">\n<div class=\"section-wrapper\" data-id=\"oSOE7E\"><section class=\"wp-block-gutenverse-section guten-element guten-section guten-oSOE7E layout-boxed align-stretch\"><div class=\"guten-container guten-column-gap-no\">\n<div class=\"wp-block-gutenverse-column guten-element guten-column guten-mwKsMk\"><div class=\"guten-column-wrapper\" data-id=\"mwKsMk\">\n<div class=\"guten-element guten-ScoKgT animated guten-element-hide desktop-fadeInUp guten-icon-box icon-position-undefined\"><div class=\"guten-icon-box-wrapper hover-from-left\"><div class=\"icon-box icon-box-header\"><div class=\"icon style-color\"><i class=\"gtn gtn-layers1-light\"><\/i><\/div><\/div><div class=\"icon-box icon-box-body\"><h3 class=\"title\"><strong>An\u00e1lisis Electoral: Desentra\u00f1ando la Democracia<\/strong><\/h3><p class=\"icon-box-description\">Nuestra experiencia en an\u00e1lisis electoral va m\u00e1s all\u00e1 de los resultados superficiales. Aplicamos metodolog\u00edas avanzadas para entender las complejidades del comportamiento electoral, permitiendo una visi\u00f3n m\u00e1s profunda de los procesos democr\u00e1ticos. Este conocimiento se traduce en estrategias informadas y recomendaciones pol\u00edticas fundamentadas en datos veraces.<\/p><\/div><\/div><\/div>\n<\/div><\/div>\n\n\n\n<div class=\"wp-block-gutenverse-column guten-element guten-column guten-dk8hoJ\"><div class=\"guten-column-wrapper\" data-id=\"dk8hoJ\">\n<div class=\"guten-element guten-VANQCt animated guten-element-hide desktop-fadeInUp guten-icon-box icon-position-undefined\"><div class=\"guten-icon-box-wrapper hover-from-left\"><div class=\"icon-box icon-box-header\"><div class=\"icon style-color\"><i class=\"gtn gtn-team-1-light\"><\/i><\/div><\/div><div class=\"icon-box icon-box-body\"><h3 class=\"title\"><strong>Asesor\u00eda Estrat\u00e9gica: Transformando la Informaci\u00f3n en Acci\u00f3n<\/strong><\/h3><p class=\"icon-box-description\">Ofrecemos servicios de asesor\u00eda estrat\u00e9gica basados en investigaciones s\u00f3lidas. Nuestro equipo de expertos brinda orientaci\u00f3n especializada para ayudar a organizaciones a tomar decisiones informadas, respaldadas por datos y an\u00e1lisis exhaustivos. Desde la esfera pol\u00edtica hasta el \u00e1mbito empresarial, nuestra asesor\u00eda marca la diferencia.<\/p><\/div><\/div><\/div>\n<\/div><\/div>\n\n\n\n<div class=\"wp-block-gutenverse-column guten-element guten-column guten-fj9Q0Z\"><div class=\"guten-column-wrapper\" data-id=\"fj9Q0Z\">\n<div class=\"guten-element guten-KMdITT animated guten-element-hide desktop-fadeInUp guten-icon-box icon-position-undefined\"><div class=\"guten-icon-box-wrapper hover-from-left\"><div class=\"icon-box icon-box-header\"><div class=\"icon style-color\"><i class=\"gtn gtn-chart2-light\"><\/i><\/div><\/div><div class=\"icon-box icon-box-body\"><h3 class=\"title\"><strong>Patentes T\u00e9cnicas Algor\u00edtmicas: Innovaci\u00f3n en el An\u00e1lisis de Medios<\/strong><\/h3><p class=\"icon-box-description\">En el coraz\u00f3n de nuestra investigaci\u00f3n se encuentran patentes t\u00e9cnicas algor\u00edtmicas que revolucionan el an\u00e1lisis de medios. Desarrollamos herramientas avanzadas que utilizan algoritmos inteligentes para interpretar y comprender grandes conjuntos de datos medi\u00e1ticos, proporcionando insights valiosos para entender tendencias y patrones.<\/p><\/div><\/div><\/div>\n<\/div><\/div>\n<\/div><\/section><\/div>\n\n\n\n<div class=\"section-wrapper\" data-id=\"h7yr0I\"><section class=\"wp-block-gutenverse-section guten-element guten-section guten-h7yr0I layout-boxed align-stretch\"><div class=\"guten-container guten-column-gap-no\">\n<div class=\"wp-block-gutenverse-column guten-element guten-column guten-g368rz\"><div class=\"guten-column-wrapper\" data-id=\"g368rz\">\n<div class=\"guten-element guten-Dmv9ZV animated guten-element-hide desktop-fadeInUp guten-icon-box icon-position-undefined\"><div class=\"guten-icon-box-wrapper hover-from-left\"><div class=\"icon-box icon-box-header\"><div class=\"icon style-color\"><i class=\"gtn gtn-share-light\"><\/i><\/div><\/div><div class=\"icon-box icon-box-body\"><h3 class=\"title\"><strong>Planes Estrat\u00e9gicos de Comunicaci\u00f3n: Elevando la Voz de la Innovaci\u00f3n<\/strong><\/h3><p class=\"icon-box-description\">La comunicaci\u00f3n efectiva es esencial para el impacto de cualquier investigaci\u00f3n. Desarrollamos planes estrat\u00e9gicos de comunicaci\u00f3n que amplifican la relevancia de nuestras investigaciones. Desde campa\u00f1as medi\u00e1ticas hasta presencia en redes sociales, nos aseguramos de que nuestras ideas y descubrimientos resuenen en todos los rincones.<\/p><\/div><\/div><\/div>\n<\/div><\/div>\n\n\n\n<div class=\"wp-block-gutenverse-column guten-element guten-column guten-mNdpwv\"><div class=\"guten-column-wrapper\" data-id=\"mNdpwv\">\n<div class=\"guten-element guten-xR18qg animated guten-element-hide desktop-fadeInUp guten-icon-box icon-position-undefined\"><div class=\"guten-icon-box-wrapper hover-from-left\"><div class=\"icon-box icon-box-header\"><div class=\"icon style-color\"><i class=\"gtn gtn-planting-light\"><\/i><\/div><\/div><div class=\"icon-box icon-box-body\"><h3 class=\"title\"><strong>Divulgaci\u00f3n Cient\u00edfica: Construyendo Puentes entre la Ciencia y la Sociedad<\/strong><\/h3><p class=\"icon-box-description\">Creemos en el poder de la divulgaci\u00f3n cient\u00edfica para empoderar a la sociedad. Nuestro compromiso es hacer que la ciencia sea accesible y comprensible para todos. Organizamos eventos, desarrollamos contenido educativo y participamos activamente en iniciativas que fomentan la apreciaci\u00f3n y comprensi\u00f3n de la ciencia en la sociedad.<\/p><\/div><\/div><\/div>\n<\/div><\/div>\n<\/div><\/section><\/div>\n<\/div><\/div>\n<\/div><\/section><\/div>\n","protected":false},"excerpt":{"rendered":"","protected":false},"author":1,"featured_media":0,"parent":0,"menu_order":0,"comment_status":"closed","ping_status":"closed","template":"transferencia","meta":{"footnotes":""},"class_list":["post-368","page","type-page","status-publish","hentry"],"_links":{"self":[{"href":"https:\/\/wpd.ugr.es\/~polcom\/wp-json\/wp\/v2\/pages\/368","targetHints":{"allow":["GET"]}}],"collection":[{"href":"https:\/\/wpd.ugr.es\/~polcom\/wp-json\/wp\/v2\/pages"}],"about":[{"href":"https:\/\/wpd.ugr.es\/~polcom\/wp-json\/wp\/v2\/types\/page"}],"author":[{"embeddable":true,"href":"https:\/\/wpd.ugr.es\/~polcom\/wp-json\/wp\/v2\/users\/1"}],"replies":[{"embeddable":true,"href":"https:\/\/wpd.ugr.es\/~polcom\/wp-json\/wp\/v2\/comments?post=368"}],"version-history":[{"count":12,"href":"https:\/\/wpd.ugr.es\/~polcom\/wp-json\/wp\/v2\/pages\/368\/revisions"}],"predecessor-version":[{"id":614,"href":"https:\/\/wpd.ugr.es\/~polcom\/wp-json\/wp\/v2\/pages\/368\/revisions\/614"}],"wp:attachment":[{"href":"https:\/\/wpd.ugr.es\/~polcom\/wp-json\/wp\/v2\/media?parent=368"}],"curies":[{"name":"wp","href":"https:\/\/api.w.org\/{rel}","templated":true}]}}