{"id":481,"date":"2024-03-01T18:47:00","date_gmt":"2024-03-01T17:47:00","guid":{"rendered":"https:\/\/wpd.ugr.es\/~polcom\/?page_id=481"},"modified":"2025-01-20T12:51:44","modified_gmt":"2025-01-20T11:51:44","slug":"iv-transformations-in-the-digital-age","status":"publish","type":"page","link":"https:\/\/wpd.ugr.es\/~polcom\/iv-transformations-in-the-digital-age\/","title":{"rendered":"&#8211;"},"content":{"rendered":"\n<div class=\"section-wrapper\" data-id=\"fvg1Dl\"><section class=\"wp-block-gutenverse-section guten-element guten-section guten-fvg1Dl layout-boxed align-stretch\"><div class=\"guten-container guten-column-gap-no\">\n<div class=\"wp-block-gutenverse-column guten-element guten-column guten-hdVg51\"><div class=\"guten-column-wrapper\" data-id=\"hdVg51\">\n<div class=\"wp-block-gutenverse-image guten-element guten-image guten-xxQGCA animated guten-element-hide fast desktop-slideInLeft\"><a class=\"guten-image-wrapper\" href=\"https:\/\/wpd.ugr.es\/~polcom\/\"><img loading=\"lazy\" decoding=\"async\" class=\"gutenverse-image-box-filled\" src=\"https:\/\/wpd.ugr.es\/~polcom\/wp-content\/uploads\/2023\/10\/Political-PhotoRoom.png-PhotoRoom.png\" height=\"1280\" width=\"1280\"\/><\/a><\/div>\n<\/div><\/div>\n\n\n\n<div class=\"wp-block-gutenverse-column guten-element guten-column guten-4D2MFv\"><div class=\"guten-column-wrapper\" data-id=\"4D2MFv\"><div id=\"guten-uNzlPk\" class=\"guten-element guten-nav-menu nav-menu break-point-tablet submenu-click-title  animated guten-element-hide fast desktop-fadeInUp \" data-item-indicator=\"fas fa-chevron-down\" data-close-on-click=\"1\">\n\t\t\t<div class=\"gutenverse-hamburger-wrapper\">\n\t\t\t\t<button class=\"gutenverse-hamburger-menu\">\n\t\t\t\t\t<i aria-hidden=\"true\" class=\"fas fa-bars\"><\/i>\n\t\t\t\t<\/button>\n\t\t\t<\/div>\n\t\t\t\n\t\t\t<div class=\"gutenverse-menu-wrapper\"><div class=\"gutenverse-menu-container\"><ul id=\"menu-p\" class=\"gutenverse-menu\"><li id=\"menu-item-29\" class=\"menu-item menu-item-type-post_type menu-item-object-page menu-item-home menu-item-29\"><a href=\"javascript:void(0);\" data-href=\"https:\/\/wpd.ugr.es\/~polcom\/\">Inicio<\/a><\/li>\n<li id=\"menu-item-332\" class=\"menu-item menu-item-type-custom menu-item-object-custom menu-item-has-children menu-item-332\"><a href=\"javascript:void(0);\" data-href=\"http:\/\/-\">\u00bfQui\u00e9nes somos?<\/a>\n<ul class=\"sub-menu\">\n\t<li id=\"menu-item-373\" class=\"menu-item menu-item-type-post_type menu-item-object-page menu-item-373\"><a href=\"javascript:void(0);\" data-href=\"https:\/\/wpd.ugr.es\/~polcom\/inicio\/quienes-somos-3\/\">Equipo<\/a><\/li>\n<\/ul>\n<\/li>\n<li id=\"menu-item-371\" class=\"menu-item menu-item-type-post_type menu-item-object-page menu-item-371\"><a href=\"javascript:void(0);\" data-href=\"https:\/\/wpd.ugr.es\/~polcom\/transferencia\/\">Transferencia<\/a><\/li>\n<li id=\"menu-item-372\" class=\"menu-item menu-item-type-post_type menu-item-object-page menu-item-372\"><a href=\"javascript:void(0);\" data-href=\"https:\/\/wpd.ugr.es\/~polcom\/proyectos\/\">Investigaci\u00f3n<\/a><\/li>\n<li id=\"menu-item-484\" class=\"menu-item menu-item-type-post_type menu-item-object-page menu-item-484\"><a href=\"javascript:void(0);\" data-href=\"https:\/\/wpd.ugr.es\/~polcom\/iv-transformations-in-the-digital-age\/\">Congresos cient\u00edficos<\/a><\/li>\n<\/ul><\/div>\n\t\t\t\t<div>\n\t\t\t\t\t<div class=\"gutenverse-nav-identity-panel\">\n\t\t\t\t\t\t<div class=\"gutenverse-nav-site-title\">\n\t\t\t\t\t\t\t<a href=\"https:\/\/wpd.ugr.es\/~polcom\" class=\"gutenverse-nav-logo\"><img decoding=\"async\" src=\"https:\/\/wpd.ugr.es\/~polcom\/wp-content\/uploads\/2023\/10\/Political-PhotoRoom.png-PhotoRoom.png\" alt=\" - \"><\/a>\n\t\t\t\t\t\t<\/div>\n\t\t\t\t\t\t<button class=\"gutenverse-close-menu\"><i aria-hidden=\"true\" class=\"fas fa-times\"><\/i><\/button>\n\t\t\t\t\t<\/div>\n\t\t\t\t<\/div>\n\t\t\t<\/div>\n\t\t<\/div><\/div><\/div>\n<\/div><\/section><\/div>\n\n\n\n<div class=\"section-wrapper\" data-id=\"u5e60S\"><section class=\"wp-block-gutenverse-section guten-element guten-section guten-u5e60S layout-boxed align-stretch\"><div class=\"guten-container guten-column-gap-default\">\n<div class=\"wp-block-gutenverse-column guten-element guten-column guten-W5kEto\"><div class=\"guten-column-wrapper\" data-id=\"W5kEto\">\n<figure class=\"wp-block-gallery has-nested-images columns-default is-cropped wp-block-gallery-1 is-layout-flex wp-block-gallery-is-layout-flex\">\n<figure class=\"wp-block-image size-large has-custom-border is-style-default\"><img loading=\"lazy\" decoding=\"async\" width=\"724\" height=\"1024\" src=\"https:\/\/wpd.ugr.es\/~polcom\/wp-content\/uploads\/2024\/03\/IV-Transf-1-1-724x1024.png\" alt=\"\" class=\"wp-image-475\" style=\"border-style:none;border-width:0px;border-radius:0px\" srcset=\"https:\/\/wpd.ugr.es\/~polcom\/wp-content\/uploads\/2024\/03\/IV-Transf-1-1-724x1024.png 724w, https:\/\/wpd.ugr.es\/~polcom\/wp-content\/uploads\/2024\/03\/IV-Transf-1-1-212x300.png 212w, https:\/\/wpd.ugr.es\/~polcom\/wp-content\/uploads\/2024\/03\/IV-Transf-1-1-768x1086.png 768w, https:\/\/wpd.ugr.es\/~polcom\/wp-content\/uploads\/2024\/03\/IV-Transf-1-1-1086x1536.png 1086w, https:\/\/wpd.ugr.es\/~polcom\/wp-content\/uploads\/2024\/03\/IV-Transf-1-1-1448x2048.png 1448w, https:\/\/wpd.ugr.es\/~polcom\/wp-content\/uploads\/2024\/03\/IV-Transf-1-1.png 1587w\" sizes=\"auto, (max-width: 724px) 100vw, 724px\" \/><\/figure>\n<\/figure>\n<\/div><\/div>\n\n\n\n<div class=\"wp-block-gutenverse-column guten-element guten-column guten-vMBTxH\"><div class=\"guten-column-wrapper\" data-id=\"vMBTxH\">\n<div class=\"wp-block-group is-layout-constrained wp-block-group-is-layout-constrained\">\n<div class=\"wp-block-columns is-layout-flex wp-container-core-columns-is-layout-2 wp-block-columns-is-layout-flex\">\n<div class=\"wp-block-column is-layout-flow wp-block-column-is-layout-flow\" style=\"flex-basis:100%\">\n<div class=\"wp-block-columns is-layout-flex wp-container-core-columns-is-layout-1 wp-block-columns-is-layout-flex\">\n<div class=\"wp-block-column is-layout-flow wp-block-column-is-layout-flow\" style=\"flex-basis:100%\">\n<div class=\"wp-block-group is-layout-constrained wp-block-group-is-layout-constrained\">\n<div class=\"guten-element guten-advanced-heading guten-4Go5Sm\"><div class=\"heading-section \"><div class=\"heading-line before\"><\/div><h2 class=\"heading-title\"><span class=\"heading-title\">IV Transformations in the Digital Age 2024 Conference<\/span><span class=\"heading-focus\"> &#8211; Call for Papers<\/span><\/h2><\/div><span class=\"heading-subtitle\">WE ARE PLEASED TO INVITE YOU TO SUBMIT ABSTRACTS AND POSTERS FOR THE UPCOMING IV TRANSFORMATIONS IN THE DIGITAL AGE 2024 CONFERENCE, TO BE HELD 24-25 OCTOBER 2024 AT THE CARMEN DE LA VICTORIA, GRANADA, SPAIN! THE THEME OF THE IV TRANSFORMATIONS IN THE DIGITAL AGE 2024 CONFERENCE IS \u00abTRANSFORMATIONS IN THE DIGITAL AGE: RESEARCH IN SOCIAL SCIENCES\u00bb. WE INVITE PAPERS AND PANEL PROPOSALS THAT ADDRESS THIS THEME, EXAMINING HOW WE CAN ADVANCE THINKING ON, FOR EXAMPLE: MEDIA IN THE DIGITAL AGE; POLARIZATION AND THE EFFECTS OF DIGITIZATION ON CITIZENS; CHANGES IN POLITICAL AND SOCIAL COMMUNICATION; AMONG OTHERS. WE ALSO WELCOME SCHOLARLY PAPERS, PANELS, PRACTICAL CONTRIBUTIONS, FILM SCREENINGS, AND POSTERS ACROSS THE FULL RANGE OF INTERESTS REPRESENTED BY THE CONFERENCE, INCLUDING, BUT NOT LIMITED TO: POLITICAL SCIENCE AND COMMUNICATION RESEARCH MEDIA AND TECHNOLOGY COMMUNICATION POLICIES REPRESENTATION AND POLARIZATION EFFECTS OF DIGITIZATION ON SOCIETY POLITICAL AND SOCIAL COMMUNICATION MEDIA STUDIES AND AUDIENCES RESEARCH METHODOLOGIES IN SOCIAL SCIENCES WE LOOK FORWARD TO YOUR PARTICIPATION IN THIS EXCITING CONFERENCE THAT WILL EXPLORE ONGOING TRANSFORMATIONS IN THE DIGITAL AGE AND THEIR IMPACT ON OUR CONTEMPORARY SOCIETIES. SUBMISSION GUIDELINES ABSTRACTS OF UP TO 250 WORDS SHOULD BE SUBMITTED BY 21 JULY 2024 THROUGH THE CONFERENCE EMAIL ADDRESS (POLCOM@GO.UGR.ES).<\/span><\/div>\n\n\n\n<div class=\"guten-element guten-button-wrapper guten-VfIY0w\"><a class=\"guten-button guten-button-sm\" href=\"mailto:polcom@ugr.es\"><span>Submit<\/span><\/a><\/div>\n<\/div>\n<\/div>\n<\/div>\n<\/div>\n<\/div>\n<\/div>\n<\/div><\/div>\n<\/div><\/section><\/div>\n\n\n\n<div class=\"guten-element guten-advanced-heading guten-RtVLFr\"><div class=\"heading-line top\"><\/div><div class=\"heading-section outside-line\"><h4 class=\"heading-title\"><span class=\"heading-title\">POLAR-MED: La polarizaci\u00f3n en los medios de comunicaci\u00f3n en Andaluc\u00eda <\/span><span class=\"heading-focus\">PRY69\/22<\/span><\/h4><\/div><span class=\"heading-subtitle\">El estudio de la cobertura medi\u00e1tica es uno de los objetivos principales de la comunicaci\u00f3n pol\u00edtica como (sub)disciplina. La premisa b\u00e1sica es que los ciudadanos tienen contacto con la realidad a partir, fundamentalmente (aunque no \u00fanicamente, desde luego), de las informaciones medi\u00e1ticas. Desde ah\u00ed, \u00e9stas pueden afectar a las opiniones, actitudes y comportamientos de los ciudadanos en mayor o menor medida, algo que describen las distintas teor\u00edas de los efectos medi\u00e1ticos. La tendencia marcada por las investigaciones m\u00e1s recientes apunta a la polarizaci\u00f3n como din\u00e1mica que vertebra por un lado, la cobertura pol\u00edtica y, por otro y de forma consecuente, la cultura pol\u00edtica de los ciudadanos.  Sin embargo, los estudios sobre cobertura medi\u00e1tica, aunque muy importantes en la disciplina, siempre han contado con limitaciones pr\u00e1cticas que no han hecho m\u00e1s que aumentar con el avance tecnol\u00f3gico. El principal obst\u00e1culo siempre ha sido la ingente cantidad de informaci\u00f3n que los medios de comunicaci\u00f3n producen diariamente. Esta caracter\u00edstica ha hecho que, por un lado, los an\u00e1lisis de cobertura se hayan centrado sobre todo en la palabra escrita; y, por el otro, que se haya tendido a recurrir a muestras para analizar el total del universo potencial. As\u00ed, el an\u00e1lisis audiovisual parece que sigue estancado en las investigaciones acad\u00e9micas.\u00a0  Por ello, la presente propuesta de investigaci\u00f3n pretende construir una herramienta automatizada para analizar el nivel de polarizaci\u00f3n que muestran los medios audiovisuales y radiof\u00f3nicos en su cobertura informativa en Andaluc\u00eda. La herramienta ser\u00e1 un algoritmo basado en propuestas existentes actualmente (pr\u00e1cticamente todas ellas software libre) y entrenado por los investigadores, que analizar\u00e1 la informaci\u00f3n pol\u00edtica de una muestra propuesta de cinco medios de comunicaci\u00f3n televisivos (Canal Sur, Televisi\u00f3n Espa\u00f1ola, Antena 3, Telecinco y La Sexta) y cinco emisoras de radio (Canal Sur, Radio 5, La Ser, Onda Cero, La Cope). La extracci\u00f3n y transcripci\u00f3n de la informaci\u00f3n pol\u00edtica durante 6 meses, servir\u00e1 de investigaci\u00f3n piloto para la aplicaci\u00f3n de una medida propia de polarizaci\u00f3n afectiva en la que han trabajado los miembros del equipo y ha sido rodada en otro tipo de estudios con anterioridad.\u00a0Adem\u00e1s, el proyecto asume como uno de sus principales hitos contribuir a la distribuci\u00f3n del conocimiento. Para ello, las muestras y datos obtenidos pasar\u00e1n a formar parte de un repositorio abierto a fin de que puedan ser usados por la comunidad cient\u00edfica.   De esa forma se pretende responder a algunas preguntas que emanan de diferentes teor\u00edas sobre la pol\u00edtica y la comunicaci\u00f3n: \u00bfEs el soporte medi\u00e1tico un predictor de la polarizaci\u00f3n pol\u00edtica? \u00bfExiste un componente ideol\u00f3gico en la cristalizaci\u00f3n de la polarizaci\u00f3n medi\u00e1tica? \u00bfHay alguna diferencia en este sentido en relaci\u00f3n con la titularidad (p\u00fablico\/privada) de los medios? \u00bfSuponen los periodos electorales un elemento determinante de la polarizaci\u00f3n?<\/span><\/div>\n\n\n\n<div class=\"section-wrapper\" data-id=\"BuSItu\"><section class=\"wp-block-gutenverse-section guten-element guten-section guten-BuSItu layout-boxed align-stretch\"><div class=\"guten-container guten-column-gap-default\">\n<div class=\"wp-block-gutenverse-column guten-element guten-column guten-H2xipz\"><div class=\"guten-column-wrapper\" data-id=\"H2xipz\">\n<div class=\"guten-element guten-advanced-heading guten-j7WaJd\"><div class=\"heading-section \"><div class=\"heading-line before\"><\/div><span class=\"heading-title\"><span class=\"heading-title\">Proyecto financiado por:<\/span><span class=\"heading-focus\"><\/span><\/span><\/div><span class=\"heading-subtitle\"><\/span><\/div>\n\n\n\n<figure class=\"wp-block-gallery has-nested-images columns-default is-cropped wp-block-gallery-3 is-layout-flex wp-block-gallery-is-layout-flex\">\n<figure class=\"wp-block-image size-medium has-custom-border wp-duotone-d0d0d0-0b0c10-2\"><a href=\"https:\/\/www.centrodeestudiosandaluces.es\/\"><img loading=\"lazy\" decoding=\"async\" width=\"300\" height=\"43\" src=\"https:\/\/wpd.ugr.es\/~polcom\/wp-content\/uploads\/2024\/05\/fcea-2022-web-b47988ec04c3677860569741f24fec94-300x43.png\" alt=\"\" class=\"wp-image-601\" style=\"border-style:none;border-width:0px\" srcset=\"https:\/\/wpd.ugr.es\/~polcom\/wp-content\/uploads\/2024\/05\/fcea-2022-web-b47988ec04c3677860569741f24fec94-300x43.png 300w, https:\/\/wpd.ugr.es\/~polcom\/wp-content\/uploads\/2024\/05\/fcea-2022-web-b47988ec04c3677860569741f24fec94-1024x147.png 1024w, https:\/\/wpd.ugr.es\/~polcom\/wp-content\/uploads\/2024\/05\/fcea-2022-web-b47988ec04c3677860569741f24fec94-768x110.png 768w, https:\/\/wpd.ugr.es\/~polcom\/wp-content\/uploads\/2024\/05\/fcea-2022-web-b47988ec04c3677860569741f24fec94-1536x220.png 1536w, https:\/\/wpd.ugr.es\/~polcom\/wp-content\/uploads\/2024\/05\/fcea-2022-web-b47988ec04c3677860569741f24fec94.png 1750w\" sizes=\"auto, (max-width: 300px) 100vw, 300px\" \/><\/a><\/figure>\n<\/figure>\n<\/div><\/div>\n<\/div><\/section><\/div>\n\n\n\n\n\n<div class=\"section-wrapper\" data-id=\"i2cooj\"><section class=\"wp-block-gutenverse-section guten-element guten-section guten-i2cooj layout-boxed align-stretch\"><div class=\"guten-background-overlay\"><\/div><div class=\"guten-shape-divider guten-shape-divider-top\"><\/div><div class=\"guten-shape-divider guten-shape-divider-bottom\"><\/div><div class=\"guten-container guten-column-gap-default\">\n<div class=\"wp-block-gutenverse-column guten-element guten-column guten-l03XgJ\"><div class=\"guten-background-overlay\"><\/div><div class=\"sticky-wrapper\" data-id=\"l03XgJ\"><div class=\"guten-column-wrapper\">\n<div class=\"wp-block-gutenverse-image guten-element guten-image guten-ITwWw1 animated guten-element-hide slow desktop-fadeInDown\"><a class=\"guten-image-wrapper\" href=\"https:\/\/wpd.ugr.es\/~polcom\/\"><img loading=\"lazy\" decoding=\"async\" class=\"gutenverse-image-box-filled\" src=\"https:\/\/wpd.ugr.es\/~polcom\/wp-content\/uploads\/2023\/10\/Political-PhotoRoom.png-PhotoRoom.png\" height=\"1280\" width=\"1280\"\/><\/a><\/div>\n\n\n\n<div class=\"guten-element gutenverse-text-editor guten-EGZWn0 animated guten-element-hide fast desktop-fadeInLeft\"><div class=\"text-content-inner\">\n<p><meta charset=\"utf-8\">A hombros de gigantes<\/p>\n<\/div><\/div>\n\n\n\n<div class=\"wp-block-gutenverse-divider guten-element guten-divider guten-nTGv9f\"><div class=\"guten-divider-wrapper\"><div class=\"guten-divider-default guten-divider-line guten-divider-regular\"><\/div><\/div><\/div>\n<\/div><\/div><\/div>\n\n\n\n<div class=\"wp-block-gutenverse-column guten-element guten-column guten-XiDd6I\"><div class=\"guten-background-overlay\"><\/div><div class=\"sticky-wrapper\" data-id=\"XiDd6I\"><div class=\"guten-column-wrapper\">\n<h4 class=\"wp-block-gutenverse-heading guten-element guten-ormijW\">Contacto<\/h4>\n\n\n\n<div class=\"guten-element guten-icon-list guten-skstzK animated guten-element-hide desktop-fadeInLeft\">\n<div class=\"guten-element guten-icon-list-item guten-u4rgxR\"><a id=\"guten-u4rgxR\"><i class=\"fas fa-map-marker-alt\"><\/i><span class=\"list-text \">C\/ Rector L\u00f3pez Argueta s\/n<br>18071 Granada (Espa\u00f1a)<\/span><\/a><\/div>\n\n\n\n<div class=\"guten-element guten-icon-list-item guten-TLw8Ss\"><a id=\"guten-TLw8Ss\"><i class=\"fas fa-phone-alt\"><\/i><span class=\"list-text \">+34 958248374<\/span><\/a><\/div>\n\n\n\n<div class=\"guten-element guten-icon-list-item guten-g9KKZJ\"><a id=\"guten-g9KKZJ\"><i class=\"fas fa-envelope\"><\/i><span class=\"list-text \">polcom@ugr.es<\/span><\/a><\/div>\n<\/div>\n<\/div><\/div><\/div>\n<\/div><\/section><\/div>\n","protected":false},"excerpt":{"rendered":"","protected":false},"author":1,"featured_media":0,"parent":0,"menu_order":0,"comment_status":"closed","ping_status":"closed","template":"congresos","meta":{"footnotes":""},"class_list":["post-481","page","type-page","status-publish","hentry"],"_links":{"self":[{"href":"https:\/\/wpd.ugr.es\/~polcom\/wp-json\/wp\/v2\/pages\/481","targetHints":{"allow":["GET"]}}],"collection":[{"href":"https:\/\/wpd.ugr.es\/~polcom\/wp-json\/wp\/v2\/pages"}],"about":[{"href":"https:\/\/wpd.ugr.es\/~polcom\/wp-json\/wp\/v2\/types\/page"}],"author":[{"embeddable":true,"href":"https:\/\/wpd.ugr.es\/~polcom\/wp-json\/wp\/v2\/users\/1"}],"replies":[{"embeddable":true,"href":"https:\/\/wpd.ugr.es\/~polcom\/wp-json\/wp\/v2\/comments?post=481"}],"version-history":[{"count":37,"href":"https:\/\/wpd.ugr.es\/~polcom\/wp-json\/wp\/v2\/pages\/481\/revisions"}],"predecessor-version":[{"id":632,"href":"https:\/\/wpd.ugr.es\/~polcom\/wp-json\/wp\/v2\/pages\/481\/revisions\/632"}],"wp:attachment":[{"href":"https:\/\/wpd.ugr.es\/~polcom\/wp-json\/wp\/v2\/media?parent=481"}],"curies":[{"name":"wp","href":"https:\/\/api.w.org\/{rel}","templated":true}]}}