{"id":14,"date":"2026-04-29T12:01:11","date_gmt":"2026-04-29T10:01:11","guid":{"rendered":"https:\/\/wpd.ugr.es\/~rafaelfernandez\/?page_id=14"},"modified":"2026-04-29T13:43:25","modified_gmt":"2026-04-29T11:43:25","slug":"nuestras-apps","status":"publish","type":"page","link":"https:\/\/wpd.ugr.es\/~rafaelfernandez\/nuestras-apps\/","title":{"rendered":"Nuestras apps"},"content":{"rendered":"\n<h2 class=\"wp-block-heading\">Descargarte todas las aplicaciones que hemos creado para ti<\/h2>\n\n\n\n<p class=\"has-text-align-center has-mdm-large-font-size\"><strong>Aplicaciones para la formaci\u00f3n y la investigaci\u00f3n.<\/strong><\/p>\n\n\n\n<figure class=\"wp-block-image size-large\"><img fetchpriority=\"high\" decoding=\"async\" width=\"1024\" height=\"683\" src=\"https:\/\/wpd.ugr.es\/~rafaelfernandez\/wp-content\/uploads\/2026\/04\/Imagen-movil-1024x683.png\" alt=\"\" class=\"wp-image-15\" srcset=\"https:\/\/wpd.ugr.es\/~rafaelfernandez\/wp-content\/uploads\/2026\/04\/Imagen-movil-1024x683.png 1024w, https:\/\/wpd.ugr.es\/~rafaelfernandez\/wp-content\/uploads\/2026\/04\/Imagen-movil-300x200.png 300w, https:\/\/wpd.ugr.es\/~rafaelfernandez\/wp-content\/uploads\/2026\/04\/Imagen-movil-768x512.png 768w, https:\/\/wpd.ugr.es\/~rafaelfernandez\/wp-content\/uploads\/2026\/04\/Imagen-movil.png 1536w\" sizes=\"(max-width: 1024px) 100vw, 1024px\" \/><\/figure>\n\n\n\n<p><\/p>\n\n\n\n<p class=\"is-style-default has-large-font-size\"><\/p>\n\n\n\n<div class=\"wp-block-group has-global-padding is-layout-constrained wp-block-group-is-layout-constrained\">\n<p class=\"is-style-text-annotation has-contrast-color has-text-color has-link-color has-x-large-font-size wp-elements-e71f6046a574460fd8283566ade789bf\"><img decoding=\"async\" width=\"150\" height=\"150\" class=\"wp-image-17\" style=\"width: 150px;\" src=\"https:\/\/wpd.ugr.es\/~rafaelfernandez\/wp-content\/uploads\/2026\/04\/unnamed.png\" alt=\"Enfermer\u00eda de la Infancia\" srcset=\"https:\/\/wpd.ugr.es\/~rafaelfernandez\/wp-content\/uploads\/2026\/04\/unnamed.png 480w, https:\/\/wpd.ugr.es\/~rafaelfernandez\/wp-content\/uploads\/2026\/04\/unnamed-300x300.png 300w, https:\/\/wpd.ugr.es\/~rafaelfernandez\/wp-content\/uploads\/2026\/04\/unnamed-150x150.png 150w\" sizes=\"(max-width: 150px) 100vw, 150px\" \/>        <strong>Enfermer\u00eda de la Infancia<\/strong><\/p>\n<\/div>\n\n\n\n<p>Aplicaci\u00f3n m\u00f3vil para la asign<strong>at<\/strong>ura de Enfermer\u00eda de la Infancia y Adolescencia de la Facultad de Ciencias de la Salud de la UGR. Desde esta aplicaci\u00f3n podr\u00e1n descargar apuntes, comunicarse con el profesor, sus compa\u00f1eros y subir trabajos. <\/p>\n\n\n\n<p>Descargar para <a href=\"https:\/\/play.google.com\/store\/apps\/details?id=appinventor.ai_falitos.Infanciaapp&amp;hl=es\" data-type=\"link\" data-id=\"https:\/\/play.google.com\/store\/apps\/details?id=appinventor.ai_falitos.Infanciaapp&amp;hl=es\"><strong>Android<\/strong><\/a><\/p>\n\n\n\n<p class=\"has-x-large-font-size\"><img decoding=\"async\" width=\"150\" height=\"150\" class=\"wp-image-58\" style=\"width: 150px;\" src=\"https:\/\/wpd.ugr.es\/~rafaelfernandez\/wp-content\/uploads\/2026\/04\/unnamed-7.png\" alt=\"\" srcset=\"https:\/\/wpd.ugr.es\/~rafaelfernandez\/wp-content\/uploads\/2026\/04\/unnamed-7.png 480w, https:\/\/wpd.ugr.es\/~rafaelfernandez\/wp-content\/uploads\/2026\/04\/unnamed-7-300x300.png 300w, https:\/\/wpd.ugr.es\/~rafaelfernandez\/wp-content\/uploads\/2026\/04\/unnamed-7-150x150.png 150w\" sizes=\"(max-width: 150px) 100vw, 150px\" \/> <strong>Inves Infancia<\/strong><\/p>\n\n\n\n<p>Aplicaci\u00f3n m\u00f3vil para el trabajo de Enfermer\u00eda de la Infancia y Adolescencia, Facultad de Ciencias de la Salud. Universidad de Granada, contiene recursos y enlaces para el estudiante destinados a facilitar la compresi\u00f3n y desarrollo del trabajo obligatorio de la asignatura.<\/p>\n\n\n\n<p>Descargar para <strong><a href=\"https:\/\/play.google.com\/store\/apps\/details?id=appinventor.ai_falitos.Inves_Infancia&amp;hl=es_SV\" data-type=\"link\" data-id=\"https:\/\/play.google.com\/store\/apps\/details?id=appinventor.ai_falitos.Infanciaapp&amp;hl=es\">Android<\/a><\/strong><\/p>\n\n\n\n<p><\/p>\n\n\n\n<p><\/p>\n\n\n\n<p class=\"has-x-large-font-size\"><img loading=\"lazy\" decoding=\"async\" width=\"150\" height=\"150\" class=\"wp-image-42\" style=\"width: 150px;\" src=\"https:\/\/wpd.ugr.es\/~rafaelfernandez\/wp-content\/uploads\/2026\/04\/diadorm-5.png\" alt=\"\" srcset=\"https:\/\/wpd.ugr.es\/~rafaelfernandez\/wp-content\/uploads\/2026\/04\/diadorm-5.png 480w, https:\/\/wpd.ugr.es\/~rafaelfernandez\/wp-content\/uploads\/2026\/04\/diadorm-5-300x300.png 300w, https:\/\/wpd.ugr.es\/~rafaelfernandez\/wp-content\/uploads\/2026\/04\/diadorm-5-150x150.png 150w\" sizes=\"(max-width: 150px) 100vw, 150px\" \/>        <strong>DiaForm<\/strong><\/p>\n\n\n\n<p>Aplicaci\u00f3n m\u00f3vil de apoyo para los cursos de Hemoptisis, contiene recursos y enlaces para el estudiante destinados a facilitar la compresi\u00f3n y desarrollo de la Enfermedad Renal Cr\u00f3nica y el tratamiento renal sustitutivo o Hemodi\u00e1lisis.<\/p>\n\n\n\n<p>Descargar para <strong><a href=\"https:\/\/play.google.com\/store\/apps\/details?id=appinventor.ai_falitos.DiaForm&amp;hl=es_SV\" data-type=\"link\" data-id=\"https:\/\/play.google.com\/store\/apps\/details?id=appinventor.ai_falitos.Infanciaapp&amp;hl=es\">Android<\/a><\/strong><\/p>\n\n\n\n<div class=\"wp-block-group is-content-justification-left is-nowrap is-layout-flex wp-container-core-group-is-layout-8c40345b wp-block-group-is-layout-flex\">\n<figure class=\"wp-block-image size-thumbnail\"><img loading=\"lazy\" decoding=\"async\" width=\"150\" height=\"150\" src=\"https:\/\/wpd.ugr.es\/~rafaelfernandez\/wp-content\/uploads\/2026\/04\/invesform-1-150x150.png\" alt=\"\" class=\"wp-image-47\" srcset=\"https:\/\/wpd.ugr.es\/~rafaelfernandez\/wp-content\/uploads\/2026\/04\/invesform-1-150x150.png 150w, https:\/\/wpd.ugr.es\/~rafaelfernandez\/wp-content\/uploads\/2026\/04\/invesform-1-300x300.png 300w, https:\/\/wpd.ugr.es\/~rafaelfernandez\/wp-content\/uploads\/2026\/04\/invesform-1.png 480w\" sizes=\"(max-width: 150px) 100vw, 150px\" \/><\/figure>\n\n\n\n<p class=\"has-x-large-font-size\"><strong>InvesForm<\/strong><\/p>\n\n\n\n<h2 class=\"wp-block-heading\"><\/h2>\n<\/div>\n\n\n\n<p>Aplicaci\u00f3n m\u00f3vil de apoyo para los estudiantes de Grado y Posgrado, contiene recursos y enlaces para el estudiante destinados a facilitar la compresi\u00f3n y elaboraci\u00f3n del trabajo fin de Grado (TFG) y trabajo fin de M\u00e1ster (TFM) de la Universidad de Granada<\/p>\n\n\n\n<p>Descargar para <strong><a href=\"https:\/\/play.google.com\/store\/apps\/details?id=appinventor.ai_falitos.InvesForm&amp;hl=es_SV\" data-type=\"link\" data-id=\"https:\/\/play.google.com\/store\/apps\/details?id=appinventor.ai_falitos.Infanciaapp&amp;hl=es\">Android<\/a><\/strong><\/p>\n\n\n\n<p><\/p>\n","protected":false},"excerpt":{"rendered":"<p>Descargarte todas las aplicaciones que hemos creado para ti Aplicaciones para la formaci\u00f3n y la investigaci\u00f3n. Enfermer\u00eda de la Infancia Aplicaci\u00f3n m\u00f3vil para la asignatura de Enfermer\u00eda de la Infancia y Adolescencia de la Facultad de Ciencias de la Salud de la UGR. Desde esta aplicaci\u00f3n podr\u00e1n descargar apuntes, comunicarse con el profesor, sus compa\u00f1eros [&hellip;]<\/p>\n","protected":false},"author":1,"featured_media":0,"parent":0,"menu_order":0,"comment_status":"closed","ping_status":"closed","template":"","meta":{"footnotes":""},"class_list":["post-14","page","type-page","status-publish","hentry"],"_links":{"self":[{"href":"https:\/\/wpd.ugr.es\/~rafaelfernandez\/wp-json\/wp\/v2\/pages\/14","targetHints":{"allow":["GET"]}}],"collection":[{"href":"https:\/\/wpd.ugr.es\/~rafaelfernandez\/wp-json\/wp\/v2\/pages"}],"about":[{"href":"https:\/\/wpd.ugr.es\/~rafaelfernandez\/wp-json\/wp\/v2\/types\/page"}],"author":[{"embeddable":true,"href":"https:\/\/wpd.ugr.es\/~rafaelfernandez\/wp-json\/wp\/v2\/users\/1"}],"replies":[{"embeddable":true,"href":"https:\/\/wpd.ugr.es\/~rafaelfernandez\/wp-json\/wp\/v2\/comments?post=14"}],"version-history":[{"count":17,"href":"https:\/\/wpd.ugr.es\/~rafaelfernandez\/wp-json\/wp\/v2\/pages\/14\/revisions"}],"predecessor-version":[{"id":71,"href":"https:\/\/wpd.ugr.es\/~rafaelfernandez\/wp-json\/wp\/v2\/pages\/14\/revisions\/71"}],"wp:attachment":[{"href":"https:\/\/wpd.ugr.es\/~rafaelfernandez\/wp-json\/wp\/v2\/media?parent=14"}],"curies":[{"name":"wp","href":"https:\/\/api.w.org\/{rel}","templated":true}]}}